{"id":205,"date":"2019-01-22T19:17:49","date_gmt":"2019-01-22T18:17:49","guid":{"rendered":"http:\/\/ucid.it\/gruppomarche\/?page_id=205"},"modified":"2019-01-22T19:17:49","modified_gmt":"2019-01-22T18:17:49","slug":"moderatore","status":"publish","type":"page","link":"https:\/\/ucid.it\/gruppomarche\/moderatore\/","title":{"rendered":"MODERATORE"},"content":{"rendered":"<p><strong>ANDREA CARLONI\u00a0\u00a0\u00a0<\/strong> <a href=\"http:\/\/ucid.it\/gruppomarche\/wp-content\/uploads\/sites\/14\/2019\/01\/Foto-Carloni-2.jpg\"><img loading=\"lazy\" decoding=\"async\" class=\"alignright  wp-image-206\" src=\"http:\/\/ucid.it\/gruppomarche\/wp-content\/uploads\/sites\/14\/2019\/01\/Foto-Carloni-2.jpg\" alt=\"\" width=\"274\" height=\"182\" srcset=\"https:\/\/ucid.it\/gruppomarche\/wp-content\/uploads\/sites\/14\/2019\/01\/Foto-Carloni-2.jpg 512w, https:\/\/ucid.it\/gruppomarche\/wp-content\/uploads\/sites\/14\/2019\/01\/Foto-Carloni-2-300x199.jpg 300w\" sizes=\"auto, (max-width: 274px) 100vw, 274px\" \/><\/a>giornalista professionista, gi\u00e0 nazionale giovanile di Atletica Leggera, conduttore radiofonico e televisivo, si \u00e8 formato al Corriere Adriatico per poi passare alla Gazzetta di Ancona dove \u00e8 stato Capo servizio Sport e Capo Redattore di sei edizioni marchigiane. Conduttore di eventi (fra i quali tre edizioni della Giornata delle Marche) e premi con esperienza quarantennale, attualmente \u00e8 presidente dell\u2019USSI Marche e del Panathlon Club di Ancona, nonch\u00e9 promotore del premio nazionale \u201cL\u2019Amico <em>Atl<\/em><strong>etico<\/strong>\u201d..<\/p>\n","protected":false},"excerpt":{"rendered":"<p>ANDREA CARLONI\u00a0\u00a0\u00a0 giornalista professionista, gi\u00e0 nazionale giovanile di Atletica Leggera, conduttore radiofonico e televisivo, si \u00e8 formato al Corriere Adriatico per poi passare alla Gazzetta di Ancona dove \u00e8 stato Capo servizio Sport e Capo Redattore di sei edizioni marchigiane. Conduttore di eventi (fra i quali tre edizioni della Giornata delle Marche) e premi con [&hellip;]<\/p>\n","protected":false},"author":14,"featured_media":0,"parent":0,"menu_order":0,"comment_status":"closed","ping_status":"closed","template":"","meta":{"footnotes":""},"class_list":["post-205","page","type-page","status-publish","hentry"],"_links":{"self":[{"href":"https:\/\/ucid.it\/gruppomarche\/wp-json\/wp\/v2\/pages\/205","targetHints":{"allow":["GET"]}}],"collection":[{"href":"https:\/\/ucid.it\/gruppomarche\/wp-json\/wp\/v2\/pages"}],"about":[{"href":"https:\/\/ucid.it\/gruppomarche\/wp-json\/wp\/v2\/types\/page"}],"author":[{"embeddable":true,"href":"https:\/\/ucid.it\/gruppomarche\/wp-json\/wp\/v2\/users\/14"}],"replies":[{"embeddable":true,"href":"https:\/\/ucid.it\/gruppomarche\/wp-json\/wp\/v2\/comments?post=205"}],"version-history":[{"count":0,"href":"https:\/\/ucid.it\/gruppomarche\/wp-json\/wp\/v2\/pages\/205\/revisions"}],"wp:attachment":[{"href":"https:\/\/ucid.it\/gruppomarche\/wp-json\/wp\/v2\/media?parent=205"}],"curies":[{"name":"wp","href":"https:\/\/api.w.org\/{rel}","templated":true}]}}

<p><strong>ANDREA CARLONI   </strong> <a href="http://ucid.it/gruppomarche/wp-content/uploads/sites/14/2019/01/Foto-Carloni-2.jpg"><img loading="lazy" decoding="async" class="alignright  wp-image-206" src="http://ucid.it/gruppomarche/wp-content/uploads/sites/14/2019/01/Foto-Carloni-2.jpg" alt="" width="274" height="182" srcset="https://ucid.it/gruppomarche/wp-content/uploads/sites/14/2019/01/Foto-Carloni-2.jpg 512w, https://ucid.it/gruppomarche/wp-content/uploads/sites/14/2019/01/Foto-Carloni-2-300x199.jpg 300w" sizes="auto, (max-width: 274px) 100vw, 274px" /></a>giornalista professionista, già nazionale giovanile di Atletica Leggera, conduttore radiofonico e televisivo, si è formato al Corriere Adriatico per poi passare alla Gazzetta di Ancona dove è stato Capo servizio Sport e Capo Redattore di sei edizioni marchigiane. Conduttore di eventi (fra i quali tre edizioni della Giornata delle Marche) e premi con esperienza quarantennale, attualmente è presidente dell’USSI Marche e del Panathlon Club di Ancona, nonché promotore del premio nazionale “L’Amico <em>Atl</em><strong>etico</strong>”..</p>

<p>ANDREA CARLONI    giornalista professionista, già nazionale giovanile di Atletica Leggera, conduttore radiofonico e televisivo, si è formato al Corriere Adriatico per poi passare alla Gazzetta di Ancona dove è stato Capo servizio Sport e Capo Redattore di sei edizioni marchigiane. Conduttore di eventi (fra i quali tre edizioni della Giornata delle Marche) e premi con [&hellip;]</p>
