{"id":26,"date":"2012-10-15T12:03:34","date_gmt":"2012-10-15T10:03:34","guid":{"rendered":"http:\/\/test.ucid.it\/gruppolazio\/?page_id=24"},"modified":"2020-01-22T09:26:57","modified_gmt":"2020-01-22T08:26:57","slug":"calendario-attivita","status":"publish","type":"page","link":"https:\/\/ucid.it\/gruppomarche\/","title":{"rendered":"ETICA E SPORT &#8211; CORSO DI 5 APPUNTAMENTI PER DIFFONDERE IL CONNUBIO SPORT E ETICA COME METAFORA DI VITA"},"content":{"rendered":"<p>&nbsp;<\/p>\n<h2><em><strong>Organizzati dall\u2019UCID, in collaborazione con <\/strong><\/em><\/h2>\n<h2><em><strong>CONI, FIDAL, FIP, USSI, UNIURB, PAHATHLON<\/strong><\/em><\/h2>\n<p><a href=\"http:\/\/ucid.it\/gruppomarche\/wp-content\/uploads\/sites\/14\/2020\/01\/ES-Programma.jpg\"><img loading=\"lazy\" decoding=\"async\" class=\"alignright size-large wp-image-267\" src=\"http:\/\/ucid.it\/gruppomarche\/wp-content\/uploads\/sites\/14\/2020\/01\/ES-Programma-597x1024.jpg\" alt=\"\" width=\"597\" height=\"1024\" srcset=\"https:\/\/ucid.it\/gruppomarche\/wp-content\/uploads\/sites\/14\/2020\/01\/ES-Programma-597x1024.jpg 597w, https:\/\/ucid.it\/gruppomarche\/wp-content\/uploads\/sites\/14\/2020\/01\/ES-Programma-175x300.jpg 175w, https:\/\/ucid.it\/gruppomarche\/wp-content\/uploads\/sites\/14\/2020\/01\/ES-Programma-768x1317.jpg 768w, https:\/\/ucid.it\/gruppomarche\/wp-content\/uploads\/sites\/14\/2020\/01\/ES-Programma-895x1536.jpg 895w, https:\/\/ucid.it\/gruppomarche\/wp-content\/uploads\/sites\/14\/2020\/01\/ES-Programma.jpg 1166w\" sizes=\"auto, (max-width: 597px) 100vw, 597px\" \/><\/a><\/p>\n<h1 style=\"text-align: center\"><span style=\"color: #0000ff\"><strong>ETICA E SPORT<\/strong><\/span><\/h1>\n<p>&nbsp;<\/p>\n<h3 style=\"text-align: center\"><em>Tra febbraio e marzo, in programma 5 incontri nelle Marche con prestigiosi ospiti<\/em><\/h3>\n<p>&nbsp;<\/p>\n<p>ANCONA &#8211; L\u2019<strong>UCID<\/strong> (Unione Cristiana Imprenditori Dirigenti), Federazione Nazionale, \u00e8 un\u2019Associazione senza scopo di lucro costituita il 31 gennaio 1947, quale organizzazione degli imprenditori e dirigenti\u00a0 che si riconoscono nelle finalit\u00e0 contenute nella Dottrina sociale della Chiesa Cattolica.<\/p>\n<p>Fra i settori di suo interesse c\u2019\u00e8 sicuramente il mondo dello <strong>Sport<\/strong>, che oltre ad avere un\u2019importanza rilevante dal punto di vista economico, resta uno degli pochi ambiti all\u2019interno dei quali \u00e8 ancora possibile sviluppare con efficacia un buon piano formativo per i nostri giovani.<\/p>\n<p>Siamo quindi in perfetta sintonia con quanto affermato nell\u2019art. 1 della <strong>\u201cCarta Europea dello Sport\u201d<\/strong>: p<em>roteggere e sviluppare le basi morali ed etiche dello Sport, nonch\u00e9 la dignit\u00e0 umana e la sicurezza di coloro che partecipano ad attivit\u00e0 sportive, proteggendo lo Sport, gli sportivi e le sportive da qualsiasi forma di sfruttamento ai fini politici, commerciali e economici, e da pratiche scorrette ed avvilenti, compreso l\u2019abuso di droga\u201d.<\/em><\/p>\n<p>Con l\u2019intento di dare un fattivo contributo alla migliore formazione delle figure che operano, a vario titolo, nel mondo della Sport marchigiano, l\u2019Associazione ha avviato una serie di 5 incontri che si terranno, come da programma allegato, in varie sedi della nostra regione, affrontando ogni volta un tema diverso, ma sempre collegato al filo conduttore: l\u2019<strong>Etica nello Sport<\/strong>.<\/p>\n<p>Grazie alla preziosa collaborazione del <strong>CONI<\/strong>, della <strong>Scuola regionale dello Sport<\/strong> e di numerosi altri Enti e Associazioni sostenitori dell\u2019iniziativa, \u00e8 diventato possibile invitare nelle Marche autorevoli personaggi del mondo sportivo con cui approfondire il tema in maniera efficace.<\/p>\n<p>Via dal 10 febbraio, ore 17.30, nella sala \u201cTerzo Censi\u201d del CONI Marche, con la partecipazione di <strong>Giancarlo Abete<\/strong>, gi\u00e0 Presidente della FIGC e Commissario di Lega Serie A e di <strong>Massimo Agostini<\/strong>, allenatore, ex calciatore professionista (Roma, Milan, Parma, Ancona e Napoli) e CT della nazionale italiana di Beach Soccer. A seguire il 24 febbraio importante ed interessante incontro presso il Liceo Marconi di Pesaro con Il Magnifico Rettore <strong>dell\u2019Universit\u00e0 di Urbino, Prof. Stocchi e Ario Costa<\/strong> dirigente ed ex giocatore basket. Coordina Andrea Carloni, Presidente USSI Marche. Aspettiamo tutti!<\/p>\n","protected":false},"excerpt":{"rendered":"<p>&nbsp; Organizzati dall\u2019UCID, in collaborazione con CONI, FIDAL, FIP, USSI, UNIURB, PAHATHLON ETICA E SPORT &nbsp; Tra febbraio e marzo, in programma 5 incontri nelle Marche con prestigiosi ospiti &nbsp; ANCONA &#8211; L\u2019UCID (Unione Cristiana Imprenditori Dirigenti), Federazione Nazionale, \u00e8 un\u2019Associazione senza scopo di lucro costituita il 31 gennaio 1947, quale organizzazione degli imprenditori e [&hellip;]<\/p>\n","protected":false},"author":1,"featured_media":267,"parent":0,"menu_order":0,"comment_status":"closed","ping_status":"closed","template":"","meta":{"footnotes":""},"class_list":["post-26","page","type-page","status-publish","has-post-thumbnail","hentry"],"_links":{"self":[{"href":"https:\/\/ucid.it\/gruppomarche\/wp-json\/wp\/v2\/pages\/26","targetHints":{"allow":["GET"]}}],"collection":[{"href":"https:\/\/ucid.it\/gruppomarche\/wp-json\/wp\/v2\/pages"}],"about":[{"href":"https:\/\/ucid.it\/gruppomarche\/wp-json\/wp\/v2\/types\/page"}],"author":[{"embeddable":true,"href":"https:\/\/ucid.it\/gruppomarche\/wp-json\/wp\/v2\/users\/1"}],"replies":[{"embeddable":true,"href":"https:\/\/ucid.it\/gruppomarche\/wp-json\/wp\/v2\/comments?post=26"}],"version-history":[{"count":0,"href":"https:\/\/ucid.it\/gruppomarche\/wp-json\/wp\/v2\/pages\/26\/revisions"}],"wp:featuredmedia":[{"embeddable":true,"href":"https:\/\/ucid.it\/gruppomarche\/wp-json\/wp\/v2\/media\/267"}],"wp:attachment":[{"href":"https:\/\/ucid.it\/gruppomarche\/wp-json\/wp\/v2\/media?parent=26"}],"curies":[{"name":"wp","href":"https:\/\/api.w.org\/{rel}","templated":true}]}}

<p>&nbsp;</p>
<h2><em><strong>Organizzati dall’UCID, in collaborazione con </strong></em></h2>
<h2><em><strong>CONI, FIDAL, FIP, USSI, UNIURB, PAHATHLON</strong></em></h2>
<p><a href="http://ucid.it/gruppomarche/wp-content/uploads/sites/14/2020/01/ES-Programma.jpg"><img loading="lazy" decoding="async" class="alignright size-large wp-image-267" src="http://ucid.it/gruppomarche/wp-content/uploads/sites/14/2020/01/ES-Programma-597x1024.jpg" alt="" width="597" height="1024" srcset="https://ucid.it/gruppomarche/wp-content/uploads/sites/14/2020/01/ES-Programma-597x1024.jpg 597w, https://ucid.it/gruppomarche/wp-content/uploads/sites/14/2020/01/ES-Programma-175x300.jpg 175w, https://ucid.it/gruppomarche/wp-content/uploads/sites/14/2020/01/ES-Programma-768x1317.jpg 768w, https://ucid.it/gruppomarche/wp-content/uploads/sites/14/2020/01/ES-Programma-895x1536.jpg 895w, https://ucid.it/gruppomarche/wp-content/uploads/sites/14/2020/01/ES-Programma.jpg 1166w" sizes="auto, (max-width: 597px) 100vw, 597px" /></a></p>
<h1 style="text-align: center"><span style="color: #0000ff"><strong>ETICA E SPORT</strong></span></h1>
<p>&nbsp;</p>
<h3 style="text-align: center"><em>Tra febbraio e marzo, in programma 5 incontri nelle Marche con prestigiosi ospiti</em></h3>
<p>&nbsp;</p>
<p>ANCONA &#8211; L’<strong>UCID</strong> (Unione Cristiana Imprenditori Dirigenti), Federazione Nazionale, è un’Associazione senza scopo di lucro costituita il 31 gennaio 1947, quale organizzazione degli imprenditori e dirigenti  che si riconoscono nelle finalità contenute nella Dottrina sociale della Chiesa Cattolica.</p>
<p>Fra i settori di suo interesse c’è sicuramente il mondo dello <strong>Sport</strong>, che oltre ad avere un’importanza rilevante dal punto di vista economico, resta uno degli pochi ambiti all’interno dei quali è ancora possibile sviluppare con efficacia un buon piano formativo per i nostri giovani.</p>
<p>Siamo quindi in perfetta sintonia con quanto affermato nell’art. 1 della <strong>“Carta Europea dello Sport”</strong>: p<em>roteggere e sviluppare le basi morali ed etiche dello Sport, nonché la dignità umana e la sicurezza di coloro che partecipano ad attività sportive, proteggendo lo Sport, gli sportivi e le sportive da qualsiasi forma di sfruttamento ai fini politici, commerciali e economici, e da pratiche scorrette ed avvilenti, compreso l’abuso di droga”.</em></p>
<p>Con l’intento di dare un fattivo contributo alla migliore formazione delle figure che operano, a vario titolo, nel mondo della Sport marchigiano, l’Associazione ha avviato una serie di 5 incontri che si terranno, come da programma allegato, in varie sedi della nostra regione, affrontando ogni volta un tema diverso, ma sempre collegato al filo conduttore: l’<strong>Etica nello Sport</strong>.</p>
<p>Grazie alla preziosa collaborazione del <strong>CONI</strong>, della <strong>Scuola regionale dello Sport</strong> e di numerosi altri Enti e Associazioni sostenitori dell’iniziativa, è diventato possibile invitare nelle Marche autorevoli personaggi del mondo sportivo con cui approfondire il tema in maniera efficace.</p>
<p>Via dal 10 febbraio, ore 17.30, nella sala “Terzo Censi” del CONI Marche, con la partecipazione di <strong>Giancarlo Abete</strong>, già Presidente della FIGC e Commissario di Lega Serie A e di <strong>Massimo Agostini</strong>, allenatore, ex calciatore professionista (Roma, Milan, Parma, Ancona e Napoli) e CT della nazionale italiana di Beach Soccer. A seguire il 24 febbraio importante ed interessante incontro presso il Liceo Marconi di Pesaro con Il Magnifico Rettore <strong>dell’Università di Urbino, Prof. Stocchi e Ario Costa</strong> dirigente ed ex giocatore basket. Coordina Andrea Carloni, Presidente USSI Marche. Aspettiamo tutti!</p>

<p>&nbsp; Organizzati dall’UCID, in collaborazione con CONI, FIDAL, FIP, USSI, UNIURB, PAHATHLON ETICA E SPORT &nbsp; Tra febbraio e marzo, in programma 5 incontri nelle Marche con prestigiosi ospiti &nbsp; ANCONA &#8211; L’UCID (Unione Cristiana Imprenditori Dirigenti), Federazione Nazionale, è un’Associazione senza scopo di lucro costituita il 31 gennaio 1947, quale organizzazione degli imprenditori e [&hellip;]</p>
