{"id":351,"date":"2014-05-23T10:25:47","date_gmt":"2014-05-23T08:25:47","guid":{"rendered":"http:\/\/ucid.it\/sezionegenova\/?page_id=351"},"modified":"2016-02-11T10:12:23","modified_gmt":"2016-02-11T09:12:23","slug":"la-preghiera-dellimprenditore","status":"publish","type":"page","link":"https:\/\/ucid.it\/sezionegenova\/la-sezione\/la-preghiera-dellimprenditore\/","title":{"rendered":"La preghiera dell&#8217;imprenditore"},"content":{"rendered":"<p>Dio onnipotente che, nell&#8217;immensit\u00e0 del Tuo progetto <strong>imprenditoriale<\/strong> della Creazione dell&#8217;Universo infinito avevi gi\u00e0 programmato la nascita di Tuo Figlio Ges\u00f9 da una Vergine Donna, e che Tuo Figlio stesso continuasse in terra la Tua opera nella piccola bottega del falegname a Nazareth, sotto la guida Regale e paterna dell&#8217;imprenditore Giuseppe; f\u00e0 che anche noi piccoli e grandi imprenditori, alla luce di questo grande esempio d&#8217;amore, modestia e umilt\u00e0, possiamo manifestare attraverso l&#8217;intelligenza e la creativit\u00e0 che ci hai donato che la materia, opera della <strong>Tua Creazione<\/strong>, venga usata da tutti noi per produrre cose che siano utili alla crescita umana degli uomini, al fine di continuare la Tua opera, rendendoTi gloria nella manifestazione di figli Tuoi.<\/p>\n<p>Guidaci o Signore, in questo breve pellegrinaggio terrestre, affinch\u00e8 riusciamo a comprendere gli insegnamenti d&#8217;amore ed i messaggi che ci hai lasciato nelle Tue parabole dei <strong>&#8220;Talenti&#8221;<\/strong> e del <strong>&#8220;Padrone della Vigna&#8221;<\/strong>, le quali ci indicano come dobbiamo comportarci con i nostri collaboratori che, pur con responsabilit\u00e0 diversem operano anch&#8217;essi al Tuo grande progetto della Creazione, con la medesiam dignit\u00e0 di uomini e di figli Tuoi.<\/p>\n<p>Aiutaci, o Signore affinch\u00e8 purificati dalla fatica della nostra responsabilit\u00e0, dalla sofferenza e dalla preghiera, possiamo arrivare alla Tua gloria in eterna luce nel paradiso.<\/p>\n<p><strong>Amen<\/strong><\/p>\n<p><a title=\"Preghiera dell'Imprenditore\" href=\"http:\/\/ucid.it\/sezionegenova\/wp-content\/uploads\/sites\/58\/2014\/05\/CLX-3180_20140523_10231601.pdf\" target=\"_blank\">Preghiera dell&#8217;Imprenditore<\/a><\/p>\n","protected":false},"excerpt":{"rendered":"<p>Dio onnipotente che, nell&#8217;immensit\u00e0 del Tuo progetto imprenditoriale della Creazione dell&#8217;Universo infinito avevi gi\u00e0 programmato la nascita di Tuo Figlio Ges\u00f9 da una Vergine Donna, e che Tuo Figlio stesso continuasse in terra la Tua opera nella piccola bottega del falegname a Nazareth, sotto la guida Regale e paterna dell&#8217;imprenditore Giuseppe; f\u00e0 che anche noi [&hellip;]<\/p>\n","protected":false},"author":21,"featured_media":0,"parent":41,"menu_order":6,"comment_status":"closed","ping_status":"closed","template":"","meta":{"footnotes":""},"class_list":["post-351","page","type-page","status-publish","hentry"],"_links":{"self":[{"href":"https:\/\/ucid.it\/sezionegenova\/wp-json\/wp\/v2\/pages\/351","targetHints":{"allow":["GET"]}}],"collection":[{"href":"https:\/\/ucid.it\/sezionegenova\/wp-json\/wp\/v2\/pages"}],"about":[{"href":"https:\/\/ucid.it\/sezionegenova\/wp-json\/wp\/v2\/types\/page"}],"author":[{"embeddable":true,"href":"https:\/\/ucid.it\/sezionegenova\/wp-json\/wp\/v2\/users\/21"}],"replies":[{"embeddable":true,"href":"https:\/\/ucid.it\/sezionegenova\/wp-json\/wp\/v2\/comments?post=351"}],"version-history":[{"count":0,"href":"https:\/\/ucid.it\/sezionegenova\/wp-json\/wp\/v2\/pages\/351\/revisions"}],"up":[{"embeddable":true,"href":"https:\/\/ucid.it\/sezionegenova\/wp-json\/wp\/v2\/pages\/41"}],"wp:attachment":[{"href":"https:\/\/ucid.it\/sezionegenova\/wp-json\/wp\/v2\/media?parent=351"}],"curies":[{"name":"wp","href":"https:\/\/api.w.org\/{rel}","templated":true}]}}