{"id":413,"date":"2014-11-03T10:34:18","date_gmt":"2014-11-03T09:34:18","guid":{"rendered":"http:\/\/ucid.it\/sezionegenova\/?page_id=413"},"modified":"2014-11-03T10:42:25","modified_gmt":"2014-11-03T09:42:25","slug":"progetto-compendio-dsc","status":"publish","type":"page","link":"https:\/\/ucid.it\/sezionegenova\/progetto-compendio-dsc\/","title":{"rendered":"Compendio DSC"},"content":{"rendered":"<p style=\"text-align: center\"><strong>LINEAMENTI DEL PROGETTO<br \/>\n<\/strong><strong>COMPENDIO DELLA DOTTRINA SOCIALE DELLA CHIESA<\/strong><\/p>\n<p><strong>Obiettivo del progetto:<\/strong><\/p>\n<p><strong>CAMMINO DI FEDE E DI CONOSCENZA DA PERCORRERE CON UMILTA\u2019, GRATUITA\u2019 ED ACCOGLIENZA<\/strong><\/p>\n<p style=\"text-align: justify\">La Dottrina Sociale della Chiesa \u00e8 il Catechismo per chi opera nel sociale, nell\u2019economia, nelle istituzioni: essa \u00e8, quindi, la base su cui insiste e si sviluppa l\u2019attivit\u00e0 della nostra Associazione.<br \/>\nConseguentemente si \u00e8 deciso di impostare una parte significativa dell\u2019attivit\u00e0 dall\u2019UCID su un\u2019ampia riflessione, collettiva ed individuale di tale dottrina sintetizzata nel Compendio.<br \/>\nTale attivit\u00e0 investe il biennio 2014\/2015: il primo periodo, incentrato maggiormente sulla riflessione e sull\u2019ascolto; il secondo con maggior valenza operativa. Tuttavia i due momenti sono fortemente interconnessi: la base comune \u00e8 lo spirito di carit\u00e0 e di verit\u00e0 che deve animare l\u2019attivit\u00e0 dei gruppi e dei singoli.<br \/>\nSi \u00e8 detto cammino di fede e di conoscenza: quindi, un cammino verso la luce della verit\u00e0 e della carit\u00e0 con i necessari riverberi operativi.<br \/>\nL\u2019obiettivo, specie in questa societ\u00e0 post moderna cos\u00ec variamente articolata \u00e8 quello di conoscere, riflettere e soprattutto seminare.<br \/>\neminare per il presente e per il futuro: qualcuno raccoglier\u00e0.<br \/>\nDal raccolto altra semina e cos\u00ec, con evangelica accoglienza si opera per la diffusione del messaggio del Vangelo.<\/p>\n<p><strong>Organizzazione del lavoro:<\/strong><br \/>\nIl perseguimento degli obiettivi si raggiunge operando con il metodo dei gruppi di riflessione e suggerimento, della collegialit\u00e0, dell\u2019analisi e della presentazione sintetica delle considerazioni in riunioni congiunte.<\/p>\n<p>A tal fine il processo organizzativo si fonda sui seguenti punti:<\/p>\n<ol>\n<li>i gruppi sono 10<\/li>\n<li>l\u2019assegnazione dei soci ai gruppi di lavoro prescinde dalle specifiche conoscenze professionali.<\/li>\n<li>ciascun gruppo \u00e8 formato da un numero massimo di 10\/12 soci e sar\u00e0 guidato e coordinato da un presidente e da un segretario.<\/li>\n<li>il ruolo del Presidente \u00e8 quello di indirizzo e coordinamento nell\u2019ambito della massima apertura di analisi e di valutazione<\/li>\n<li>periodo di inizio di attivit\u00e0 dei gruppi: novembre. A tal fine verr\u00e0 distribuito a tutti i Soci una copia del Compendio.<\/li>\n<li>per facilitare l\u2019attivit\u00e0 dei gruppi viene fornita una scheda esemplificativa in cui vengono indicati riferimenti biblici, evangelici, del magistero su materiali utili alla riflessione. E verr\u00e0 richiesto ai singoli soci di segnalare argomenti di interesse, argomenti da approfondire, argomenti da ampliare relativi al capitolo del Compendio assegnato al gruppo di lavoro.<\/li>\n<li>le riflessioni comunque raccolte nell\u2019ambito dei singoli gruppi saranno oggetto di riflessione plenarie in due tornate: la prima orientativamente a febbraio, la seconda in sede di assemblea annuale a giugno.<\/li>\n<\/ol>\n","protected":false},"excerpt":{"rendered":"<p>LINEAMENTI DEL PROGETTO COMPENDIO DELLA DOTTRINA SOCIALE DELLA CHIESA Obiettivo del progetto: CAMMINO DI FEDE E DI CONOSCENZA DA PERCORRERE CON UMILTA\u2019, GRATUITA\u2019 ED ACCOGLIENZA La Dottrina Sociale della Chiesa \u00e8 il Catechismo per chi opera nel sociale, nell\u2019economia, nelle istituzioni: essa \u00e8, quindi, la base su cui insiste e si sviluppa l\u2019attivit\u00e0 della nostra [&hellip;]<\/p>\n","protected":false},"author":21,"featured_media":0,"parent":0,"menu_order":0,"comment_status":"closed","ping_status":"closed","template":"","meta":{"footnotes":""},"class_list":["post-413","page","type-page","status-publish","hentry"],"_links":{"self":[{"href":"https:\/\/ucid.it\/sezionegenova\/wp-json\/wp\/v2\/pages\/413","targetHints":{"allow":["GET"]}}],"collection":[{"href":"https:\/\/ucid.it\/sezionegenova\/wp-json\/wp\/v2\/pages"}],"about":[{"href":"https:\/\/ucid.it\/sezionegenova\/wp-json\/wp\/v2\/types\/page"}],"author":[{"embeddable":true,"href":"https:\/\/ucid.it\/sezionegenova\/wp-json\/wp\/v2\/users\/21"}],"replies":[{"embeddable":true,"href":"https:\/\/ucid.it\/sezionegenova\/wp-json\/wp\/v2\/comments?post=413"}],"version-history":[{"count":0,"href":"https:\/\/ucid.it\/sezionegenova\/wp-json\/wp\/v2\/pages\/413\/revisions"}],"wp:attachment":[{"href":"https:\/\/ucid.it\/sezionegenova\/wp-json\/wp\/v2\/media?parent=413"}],"curies":[{"name":"wp","href":"https:\/\/api.w.org\/{rel}","templated":true}]}}

<p style="text-align: center"><strong>LINEAMENTI DEL PROGETTO<br />
</strong><strong>COMPENDIO DELLA DOTTRINA SOCIALE DELLA CHIESA</strong></p>
<p><strong>Obiettivo del progetto:</strong></p>
<p><strong>CAMMINO DI FEDE E DI CONOSCENZA DA PERCORRERE CON UMILTA’, GRATUITA’ ED ACCOGLIENZA</strong></p>
<p style="text-align: justify">La Dottrina Sociale della Chiesa è il Catechismo per chi opera nel sociale, nell’economia, nelle istituzioni: essa è, quindi, la base su cui insiste e si sviluppa l’attività della nostra Associazione.<br />
Conseguentemente si è deciso di impostare una parte significativa dell’attività dall’UCID su un’ampia riflessione, collettiva ed individuale di tale dottrina sintetizzata nel Compendio.<br />
Tale attività investe il biennio 2014/2015: il primo periodo, incentrato maggiormente sulla riflessione e sull’ascolto; il secondo con maggior valenza operativa. Tuttavia i due momenti sono fortemente interconnessi: la base comune è lo spirito di carità e di verità che deve animare l’attività dei gruppi e dei singoli.<br />
Si è detto cammino di fede e di conoscenza: quindi, un cammino verso la luce della verità e della carità con i necessari riverberi operativi.<br />
L’obiettivo, specie in questa società post moderna così variamente articolata è quello di conoscere, riflettere e soprattutto seminare.<br />
eminare per il presente e per il futuro: qualcuno raccoglierà.<br />
Dal raccolto altra semina e così, con evangelica accoglienza si opera per la diffusione del messaggio del Vangelo.</p>
<p><strong>Organizzazione del lavoro:</strong><br />
Il perseguimento degli obiettivi si raggiunge operando con il metodo dei gruppi di riflessione e suggerimento, della collegialità, dell’analisi e della presentazione sintetica delle considerazioni in riunioni congiunte.</p>
<p>A tal fine il processo organizzativo si fonda sui seguenti punti:</p>
<ol>
<li>i gruppi sono 10</li>
<li>l’assegnazione dei soci ai gruppi di lavoro prescinde dalle specifiche conoscenze professionali.</li>
<li>ciascun gruppo è formato da un numero massimo di 10/12 soci e sarà guidato e coordinato da un presidente e da un segretario.</li>
<li>il ruolo del Presidente è quello di indirizzo e coordinamento nell’ambito della massima apertura di analisi e di valutazione</li>
<li>periodo di inizio di attività dei gruppi: novembre. A tal fine verrà distribuito a tutti i Soci una copia del Compendio.</li>
<li>per facilitare l’attività dei gruppi viene fornita una scheda esemplificativa in cui vengono indicati riferimenti biblici, evangelici, del magistero su materiali utili alla riflessione. E verrà richiesto ai singoli soci di segnalare argomenti di interesse, argomenti da approfondire, argomenti da ampliare relativi al capitolo del Compendio assegnato al gruppo di lavoro.</li>
<li>le riflessioni comunque raccolte nell’ambito dei singoli gruppi saranno oggetto di riflessione plenarie in due tornate: la prima orientativamente a febbraio, la seconda in sede di assemblea annuale a giugno.</li>
</ol>

<p>LINEAMENTI DEL PROGETTO COMPENDIO DELLA DOTTRINA SOCIALE DELLA CHIESA Obiettivo del progetto: CAMMINO DI FEDE E DI CONOSCENZA DA PERCORRERE CON UMILTA’, GRATUITA’ ED ACCOGLIENZA La Dottrina Sociale della Chiesa è il Catechismo per chi opera nel sociale, nell’economia, nelle istituzioni: essa è, quindi, la base su cui insiste e si sviluppa l’attività della nostra [&hellip;]</p>
