{"id":577,"date":"2016-03-29T16:53:19","date_gmt":"2016-03-29T14:53:19","guid":{"rendered":"http:\/\/ucid.it\/sezionegenova\/?page_id=577"},"modified":"2016-03-31T11:20:45","modified_gmt":"2016-03-31T09:20:45","slug":"meditazione-con-mons-doldi","status":"publish","type":"page","link":"https:\/\/ucid.it\/sezionegenova\/eventi-2\/2016-2\/meditazione-con-mons-doldi\/","title":{"rendered":"Meditazione con Mons. Doldi"},"content":{"rendered":"<p style=\"text-align: justify\"><img loading=\"lazy\" decoding=\"async\" class=\"aligncenter  wp-image-606\" src=\"http:\/\/ucid.it\/sezionegenova\/wp-content\/uploads\/sites\/58\/2016\/03\/71fc5b9f939e95cabf65682ac106403e-300x180.jpg\" alt=\"71fc5b9f939e95cabf65682ac106403e\" width=\"433\" height=\"260\" srcset=\"https:\/\/ucid.it\/sezionegenova\/wp-content\/uploads\/sites\/58\/2016\/03\/71fc5b9f939e95cabf65682ac106403e-300x180.jpg 300w, https:\/\/ucid.it\/sezionegenova\/wp-content\/uploads\/sites\/58\/2016\/03\/71fc5b9f939e95cabf65682ac106403e-768x461.jpg 768w, https:\/\/ucid.it\/sezionegenova\/wp-content\/uploads\/sites\/58\/2016\/03\/71fc5b9f939e95cabf65682ac106403e.jpg 1024w\" sizes=\"auto, (max-width: 433px) 100vw, 433px\" \/><\/p>\n<p style=\"text-align: justify\"><img loading=\"lazy\" decoding=\"async\" class=\"aligncenter size-medium wp-image-607\" src=\"http:\/\/ucid.it\/sezionegenova\/wp-content\/uploads\/sites\/58\/2016\/03\/e61de0484dadde08cf887309d088ef86-180x300.jpg\" alt=\"e61de0484dadde08cf887309d088ef86\" width=\"180\" height=\"300\" srcset=\"https:\/\/ucid.it\/sezionegenova\/wp-content\/uploads\/sites\/58\/2016\/03\/e61de0484dadde08cf887309d088ef86-180x300.jpg 180w, https:\/\/ucid.it\/sezionegenova\/wp-content\/uploads\/sites\/58\/2016\/03\/e61de0484dadde08cf887309d088ef86.jpg 614w\" sizes=\"auto, (max-width: 180px) 100vw, 180px\" \/><\/p>\n<p style=\"text-align: justify\"><strong>&#8220;Ges\u00f9 Cristo \u00e8 la pienezza della misericordia di Dio&#8221;<br \/>\n<\/strong><em>&#8220;Formarsi, ascoltare, ricordare la misericordia che Dio ha per l&#8217;umanit\u00e0&#8221;.<\/em> Comincia da qui la riflessione che monsignor Marco Doldi, Vicario generale della Diocesi di Genova, accompagnato da Don Massimiliano Moretti, assistente spirituale di UCID Genova, ha tenuto presso la sede dell&#8217;UCID, Unione Cristiana Imprenditori e Diririgenti, il 3 marzo scorso.<br \/>\nPrima di agire, occorre porre dinanzi a s\u00e8, e averli bene nitidi, i principi dai quali l&#8217;azione discende. L&#8217;Antico Testamento &#8211; ricorda monsignor Doldi &#8211; conforta l&#8217;uomo assicurando che Dio \u00e8 misericordioso (&#8220;eterna \u00e8 la sua Misericordia&#8221; afferma e ribadisce il Salmo 135). Ma \u00e8 il Nuovo Testamento a dare concretezza e umana sostanza alla misericordia di Dio. &#8220;Ges\u00f9 \u00e8 il volto della misericordia di Dio &#8211; dice monsignor Doldi &#8211; ed \u00e8 nella sua carne che la misericordia di Dio si testimonia. Ges\u00f9 \u00e8 la pienezza della misericordia di Dio&#8221;.<br \/>\nLa riflessione di monsignor Doldi per l&#8217;UCID ha toccato e affrontato quattro punti: dalla misura spirituale fino al rapporto tra giustizia e misericordia, cos\u00ec difficile da comprendere &#8220;nella prospettiva del mondo&#8221;, passando per la misericordia nelle opere di ogni giorno.<br \/>\n&#8220;L&#8217;uomo religioso ha di Dio un&#8217;immagine di forza&#8221;, dice monsignor Doldi entrando nel merito del primo punto. Al credente che l&#8217;Anno Santo chiama alla verifica e al rinnovamento del proprio percorso spirituale si raccomanda di cercare il vero volto di Dio facendo &#8220;memoria della misericordia che Dio ha avuto per tutti gli uomini e per ciascuno&#8221;. la religione e la fede sono, dunque, poste su due piani contigui e progressivi. Passare dall&#8217;uno all&#8217;altro \u00e8 come scavalcare una discontinuit\u00e0 apparente, oltre la quale si riavvicinano misericordia e onnipotenza: nella misericordia l&#8217;uomo di fede scopre il volto inedito di Dio &#8211; quello che, secondo la riflessione di San Tommaso d&#8217;Aquino (1225-1274), \u00e8 il suo pi\u00f9 vero &#8211; e comprende che &#8220;l&#8217;onnipotenza di Dio, gi\u00e0 cercata dall&#8217;uomo religioso, \u00e8 nella sua misericordia&#8221;.<br \/>\nla vita dell&#8217;uomo di fede \u00e8 un cammino. Dio ne \u00e8 il modello. Per questo &#8211; indica monsignor Doldi con il suo secondo spunto di meditazione &#8211; &#8220;per il discepolo l&#8217;agire misericordioso di Dio diventa normativo&#8221;.<br \/>\nProprio perch\u00e8 &#8220;prima del fare c&#8217;\u00e8 il cuore&#8221;, ci viene chiesto di cominciare a cambiare dall&#8217;interno. ci\u00f2 significa che, se pure l&#8217;impegno per la misericordia si estrinseca nelle opere, la cura verso lo spirito precede la cura verso le opere e che non c&#8217;\u00e8 opera di misericordia corporale cui non si riferisca, generandola e dandole consistenza, un atteggiamento dello spirito. &#8220;Dar da mangiare agli affamati &#8211; spiega monsignor Doldi &#8211; \u00e8 un&#8217;opera di misericordia del corpo. Insegnare a chi non sa \u00e8 l&#8217;opera di misericordia dello spirito che le corrisponde&#8221;.Quali sono pi\u00f9 importanti? Le opere di misericordia del corpo o quelle dello spirito? Pu\u00f2 essere che una gerarchia di questo genere, oggi, che pare esserci &#8211; al tempo stesso &#8211; abbondanza e bisogno di tutto, appaia a tanti un mero esercizio dell&#8217;intelletto. Gi\u00e0 san Tommaso d&#8217;Acquino, d&#8217;altra parte, si era dato una risposta: poich\u00e8 lo spirito \u00e8 superiore al corpo, le opere di misericordia spirituale sono superiori alle opere di misericordia del corpo. E Sant&#8217;Agostino, prima ancora, ovvero nel V secolo, aveva scritto, con meravigliosa sintesi, che &#8220;non \u00e8 giustizia dell&#8217;uomo quella che sottrae l&#8217;uomo al vero Dio&#8221; (De civitate Dei, XIX, 21). &#8220;Il corpo &#8211; commenta monsignor Doldi &#8211; ha richieste che debbono essere soddisfatte con maggiore urgenza. La dimensione dello spirito, per\u00f2 \u00e8 pi\u00f9 profonda&#8221;. Cos\u00ec le opere di misericordia che sono rivolte allo spirito agiranno pi\u00f9 in profondit\u00e0 e avranno diversa permanenza. Come se fosse un&#8217;arte &#8211; riprende monsignor Doldi &#8211; le opere di misericordia spirituale devono essere esercitate.<br \/>\n&#8220;E&#8217; un affresco meraviglioso &#8211; aggiunge &#8211; contempalere\u00a0 le opere di misericordia spirituale. Sono le note, le molte note della carit\u00e0, che non \u00e8 una virt\u00f9 monocorde e che, attraverso le opere di misericordia spirituale, viviamo nelle sue forme pi\u00f9 alte e pi\u00f9 nobili&#8221;.<br \/>\nL&#8217;Anno Santo, fin dalla bolla d&#8217;indizione, propone di riflettere sulla apparente dicotomia tra misericordia e giustizia. Le quali &#8211; osserva monsignor Doldi nell&#8217;ultimo spunto della sua meditazione &#8211; potrebbero anche, da un punto di vista umano e razionale, apparire tra loro in contrasto. Il bene della misericordia, d&#8217;altra parte, non cancella il dovere della giustizia. Sulla giustizia si costruisce, come su di un fondamento, del quale si deve essere certi. Eppure la prospettiva che si \u00e8 invitati ad accogliere, con il Giubileo, \u00e8 pi\u00f9 alta e completa: &#8220;anche la giustizia apre alla misericordia. E la misericordia consente alla giustizia di compiersi dando un&#8217;altra, un&#8217;ulteriore possibilit\u00e0 a chi ha sbagliato&#8221;.<br \/>\nIl mondo tende ad essere giustizialista. I mass media tendono ad essere giustizialisti. Il rigore della giustizia e la necessit\u00e0 di pagare il debito con essa, quando si sia nella condizione di doverlo fare, non esimono &#8211; invece &#8211; dalla richiesta di fare uno sforso pi\u00f9 alto. &#8220;Il Santo Padre &#8211; conclude monsignor Doldi &#8211; ci domanda di partecipare alla ricerca sociale della misericordia, perch\u00e8 dopo venti secoli di Cristianesimo si riesca a dare alla misericordia un volto che sia anche sociale&#8221;. E, infine, &#8220;se Dio si fermasse alla giustizia, cesserebbe di essere Dio. Sarebbe come tutti gli uomini, che invocano la sola giustizia. La giustizia \u00e8 data, ma Dio va oltre. Oltre la giustizia. E oltre la giustizia c&#8217;\u00e8 la misericordia.<br \/>\nSi sar\u00e0 fatto molto &#8211; molta strada per tutti &#8211; se, per merito dell&#8217;Anno Santo, questa riflessione si diffonder\u00e0 fra i credenti e tra gli &#8220;uomini di buona volont\u00e0&#8221;.<\/p>\n<p style=\"text-align: justify\">\n","protected":false},"excerpt":{"rendered":"<p>&#8220;Ges\u00f9 Cristo \u00e8 la pienezza della misericordia di Dio&#8221; &#8220;Formarsi, ascoltare, ricordare la misericordia che Dio ha per l&#8217;umanit\u00e0&#8221;. Comincia da qui la riflessione che monsignor Marco Doldi, Vicario generale della Diocesi di Genova, accompagnato da Don Massimiliano Moretti, assistente spirituale di UCID Genova, ha tenuto presso la sede dell&#8217;UCID, Unione Cristiana Imprenditori e Diririgenti, [&hellip;]<\/p>\n","protected":false},"author":21,"featured_media":0,"parent":474,"menu_order":0,"comment_status":"closed","ping_status":"closed","template":"","meta":{"footnotes":""},"class_list":["post-577","page","type-page","status-publish","hentry"],"_links":{"self":[{"href":"https:\/\/ucid.it\/sezionegenova\/wp-json\/wp\/v2\/pages\/577","targetHints":{"allow":["GET"]}}],"collection":[{"href":"https:\/\/ucid.it\/sezionegenova\/wp-json\/wp\/v2\/pages"}],"about":[{"href":"https:\/\/ucid.it\/sezionegenova\/wp-json\/wp\/v2\/types\/page"}],"author":[{"embeddable":true,"href":"https:\/\/ucid.it\/sezionegenova\/wp-json\/wp\/v2\/users\/21"}],"replies":[{"embeddable":true,"href":"https:\/\/ucid.it\/sezionegenova\/wp-json\/wp\/v2\/comments?post=577"}],"version-history":[{"count":0,"href":"https:\/\/ucid.it\/sezionegenova\/wp-json\/wp\/v2\/pages\/577\/revisions"}],"up":[{"embeddable":true,"href":"https:\/\/ucid.it\/sezionegenova\/wp-json\/wp\/v2\/pages\/474"}],"wp:attachment":[{"href":"https:\/\/ucid.it\/sezionegenova\/wp-json\/wp\/v2\/media?parent=577"}],"curies":[{"name":"wp","href":"https:\/\/api.w.org\/{rel}","templated":true}]}}