{"id":588,"date":"2016-03-30T11:01:03","date_gmt":"2016-03-30T09:01:03","guid":{"rendered":"http:\/\/ucid.it\/sezionegenova\/?page_id=588"},"modified":"2016-03-30T11:02:20","modified_gmt":"2016-03-30T09:02:20","slug":"incontro-con-il-sindaco-marco-doria","status":"publish","type":"page","link":"https:\/\/ucid.it\/sezionegenova\/eventi-2\/2016-2\/incontro-con-il-sindaco-marco-doria\/","title":{"rendered":"Incontro con il Sindaco Marco Doria"},"content":{"rendered":"<p style=\"text-align: justify\"><img loading=\"lazy\" decoding=\"async\" class=\"size-medium wp-image-589 alignleft\" src=\"http:\/\/ucid.it\/sezionegenova\/wp-content\/uploads\/sites\/58\/2016\/03\/index-1-300x122.jpg\" alt=\"index\" width=\"300\" height=\"122\" srcset=\"https:\/\/ucid.it\/sezionegenova\/wp-content\/uploads\/sites\/58\/2016\/03\/index-1-300x122.jpg 300w, https:\/\/ucid.it\/sezionegenova\/wp-content\/uploads\/sites\/58\/2016\/03\/index-1.jpg 352w\" sizes=\"auto, (max-width: 300px) 100vw, 300px\" \/>Gioved\u00ec 17 marzo, presso il Ristorante La Meridiana si \u00e8 tenuto l&#8217;incontro tra i Soci UCID della Sezione di Genova e il Sindaco della Citt\u00e0 Marco Doria, reduce dal suo recente viaggio in Ameria.<br \/>\nL&#8217;incontro ha visto la partecipazione di numerosi Soci ed ha assunto un ruoolo importante in ambito associativo in quanto ha permesso di far conoscere alle istituzioni cittadine l&#8217;UCID ed il suo impegno, e inoltre ha rappresentato un importante momento di scambio di idee ed opinioni su tematiche legate alla nostra Citt\u00e0.<\/p>\n","protected":false},"excerpt":{"rendered":"<p>Gioved\u00ec 17 marzo, presso il Ristorante La Meridiana si \u00e8 tenuto l&#8217;incontro tra i Soci UCID della Sezione di Genova e il Sindaco della Citt\u00e0 Marco Doria, reduce dal suo recente viaggio in Ameria. L&#8217;incontro ha visto la partecipazione di numerosi Soci ed ha assunto un ruoolo importante in ambito associativo in quanto ha permesso [&hellip;]<\/p>\n","protected":false},"author":21,"featured_media":0,"parent":474,"menu_order":0,"comment_status":"closed","ping_status":"closed","template":"","meta":{"footnotes":""},"class_list":["post-588","page","type-page","status-publish","hentry"],"_links":{"self":[{"href":"https:\/\/ucid.it\/sezionegenova\/wp-json\/wp\/v2\/pages\/588","targetHints":{"allow":["GET"]}}],"collection":[{"href":"https:\/\/ucid.it\/sezionegenova\/wp-json\/wp\/v2\/pages"}],"about":[{"href":"https:\/\/ucid.it\/sezionegenova\/wp-json\/wp\/v2\/types\/page"}],"author":[{"embeddable":true,"href":"https:\/\/ucid.it\/sezionegenova\/wp-json\/wp\/v2\/users\/21"}],"replies":[{"embeddable":true,"href":"https:\/\/ucid.it\/sezionegenova\/wp-json\/wp\/v2\/comments?post=588"}],"version-history":[{"count":0,"href":"https:\/\/ucid.it\/sezionegenova\/wp-json\/wp\/v2\/pages\/588\/revisions"}],"up":[{"embeddable":true,"href":"https:\/\/ucid.it\/sezionegenova\/wp-json\/wp\/v2\/pages\/474"}],"wp:attachment":[{"href":"https:\/\/ucid.it\/sezionegenova\/wp-json\/wp\/v2\/media?parent=588"}],"curies":[{"name":"wp","href":"https:\/\/api.w.org\/{rel}","templated":true}]}}

<p style="text-align: justify"><img loading="lazy" decoding="async" class="size-medium wp-image-589 alignleft" src="http://ucid.it/sezionegenova/wp-content/uploads/sites/58/2016/03/index-1-300x122.jpg" alt="index" width="300" height="122" srcset="https://ucid.it/sezionegenova/wp-content/uploads/sites/58/2016/03/index-1-300x122.jpg 300w, https://ucid.it/sezionegenova/wp-content/uploads/sites/58/2016/03/index-1.jpg 352w" sizes="auto, (max-width: 300px) 100vw, 300px" />Giovedì 17 marzo, presso il Ristorante La Meridiana si è tenuto l&#8217;incontro tra i Soci UCID della Sezione di Genova e il Sindaco della Città Marco Doria, reduce dal suo recente viaggio in Ameria.<br />
L&#8217;incontro ha visto la partecipazione di numerosi Soci ed ha assunto un ruoolo importante in ambito associativo in quanto ha permesso di far conoscere alle istituzioni cittadine l&#8217;UCID ed il suo impegno, e inoltre ha rappresentato un importante momento di scambio di idee ed opinioni su tematiche legate alla nostra Città.</p>

<p>Giovedì 17 marzo, presso il Ristorante La Meridiana si è tenuto l&#8217;incontro tra i Soci UCID della Sezione di Genova e il Sindaco della Città Marco Doria, reduce dal suo recente viaggio in Ameria. L&#8217;incontro ha visto la partecipazione di numerosi Soci ed ha assunto un ruoolo importante in ambito associativo in quanto ha permesso [&hellip;]</p>
