{"id":632,"date":"2016-04-19T17:37:15","date_gmt":"2016-04-19T15:37:15","guid":{"rendered":"http:\/\/ucid.it\/sezionegenova\/?page_id=632"},"modified":"2016-04-19T17:50:45","modified_gmt":"2016-04-19T15:50:45","slug":"santa-messa-di-pasqua","status":"publish","type":"page","link":"https:\/\/ucid.it\/sezionegenova\/eventi-2\/2016-2\/santa-messa-di-pasqua\/","title":{"rendered":"Santa Messa di Pasqua"},"content":{"rendered":"<p style=\"text-align: justify\"><img loading=\"lazy\" decoding=\"async\" class=\"aligncenter wp-image-543\" src=\"http:\/\/ucid.it\/sezionegenova\/wp-content\/uploads\/sites\/58\/2016\/03\/Messa-Pasqua-2016.jpg\" alt=\"Messa Pasqua 2016\" width=\"512\" height=\"244\" srcset=\"https:\/\/ucid.it\/sezionegenova\/wp-content\/uploads\/sites\/58\/2016\/03\/Messa-Pasqua-2016.jpg 1024w, https:\/\/ucid.it\/sezionegenova\/wp-content\/uploads\/sites\/58\/2016\/03\/Messa-Pasqua-2016-300x143.jpg 300w, https:\/\/ucid.it\/sezionegenova\/wp-content\/uploads\/sites\/58\/2016\/03\/Messa-Pasqua-2016-768x366.jpg 768w\" sizes=\"auto, (max-width: 512px) 100vw, 512px\" \/><\/p>\n<p style=\"text-align: justify\">&#8220;Voglio ringraziarvi perch\u00e8 fate parte di un&#8217;associazione. Far parte di un&#8217;associazione significa, infatti, volersi prendere un impegno nella societ\u00e0 intorno a noi. Nel tempo in cui viviamo, non \u00e8 poco&#8221;. Con queste parole, gioved\u00ec scorso 7 aprile, alla Basilica delle Vigne per la celebrazione della Santa Messa per il precetto pasquale, il vescovo ausiliare monsignor Nicol\u00f2 Anselmi ha accolto Giorgio Mosci, presidente UCID Genova, Davide Viziano, presidente di UCID Liguria, Paolo Brunamonti, presidente dell&#8217;AMCI Associazione Medici Cattolici Italiani di Genova e Enrico Bet, presidente di UGCI Unione Giuristi Cattolici Italiani di Genova insieme ai loro soi.<br \/>\nCon monsignor Anselmi ha concelebrato don Massimiliano Moretti, assistente spirituale di UCID.<br \/>\nGiorgio Mosci ha ringraziato monsignor Anselmi e ha manifestato l&#8217;interesse di intervenire su terreni incolti, manutentendoli e rimettendoli in produzione, con ricadute sia sociali sia in termini di lavoro. &#8220;L&#8217;UCID &#8211; ha detto Giorgio Mosci &#8211; con le altre Associazioni dei Medici e dei Giuristi Cattolici, ha deciso di dare il suo pur piccolo sostegno alla nascita di questa nuova coraggiosa iniziativa&#8221;. Ci\u00f2 anche nel quadro, come da lui ricordato, del recentissimo richiamo fatto da Papa Francesco nel videomessaggio di aprile, un appello perch\u00e8 &#8220;i piccoli agricoltori, il cui lavoro \u00e8 tanto importante per l&#8217;umanit\u00e0 intera, ricevano un giusto compenso dalla propria fatica&#8221;. Davide Viziano ha ricordato quali siano stati i recenti appuntamenti per l&#8217;UCID e, primo fra questi il pellegrinaggio a Roma e l&#8217;udienza del Papa dello scorso ottobre, citando anche il settantesimo della sua fondazione, l&#8217;anniversario che l&#8217;UCID si prepara a festeggiare.<br \/>\n&#8220;La Pasqua cirstiana &#8211; ha detto monsignor Anselmi nell&#8217;omelia &#8211; ci porta un nuovo clima di ottimismo e di rinascita&#8221;. E quindi, prendendo spunto da una intervista a Benedetto XVI di qualche tempo fa, ha ricordato che, tra i bisogni pi\u00f9 profondi delle persone, papa Benedetto citava il lavoro, la salute, veder rispettati i propri diritti, veder rispettata la giustizia. Tutti bisogni importanti. &#8220;Il bisogno fondamentale delle persone, per\u00f2 &#8211; ha detto monsignor Anselmi, citando ancora papa Benedetto -, quello che \u00e8 pi\u00f9 profondo di tutti, resta il bisogno di amore. E&#8217; questo che fa risuscitare chi \u00e8 triste, chi \u00e8 depresso, chi ha perso la gioia di vivere. L&#8217;amore in tutte le sue possibili declinazioni. La cura della tua salute, la cura dei tuoi diritti e la realizzazione della giustizia, la cura della tua felicit\u00e0, devono essere trasparenze dell&#8217;amore. Anche nella nostra vita quotidiana. Tuto quello che noi facciamo deve essere una trasparenza dell&#8217;amore, perch\u00e8 di questo l&#8217;uomo risorge&#8221;.<br \/>\nNella Pasqua dell&#8217;anno della Misericordia, che, come \u00e8 stato ricordato, \u00e8 una Pasqua particolare, dobbiamo aver sempre presente la forza dell&#8217;amore di Dio. &#8220;Fortunato chi sente ogni mattina l&#8217;amore di Dio per noi &#8211; ha commentato monsignor Anselmi &#8211; perch\u00e8, davvero, chi riesce a sentirlo \u00e8 un risorto. Chi sente la possibilit\u00e0 di ripartire nella propria vita che deriva da questo amore. Fortunato chi riesce poi a trasmettere, attraverso la propria vita, attraverso la propria professione, questo amore&#8221;.<br \/>\n&#8220;Lasciare vivere Dio in noi. Lasciare che sia Dio, in noi, a progettare: questa &#8211; ha concluso monsignor Anselmi &#8211; \u00e8 la vita cristaiana&#8221;. E, quindi riprendendo ancora le parole di Papa Benedetto: &#8220;\u00e8 una fortuna e una grazia &#8211; ha detto &#8211; che in questa opera di amore, di trasmissione dell&#8217;amore di Dio, non siamo soli. Ma siamo parte della Chiesa. Dobbiamo ricordarci che dove non si arriva come singoli, si arriva nell&#8217;essere insieme, cio\u00e8 nell&#8217;essere parte della Chiesa&#8221;.<\/p>\n","protected":false},"excerpt":{"rendered":"<p>&#8220;Voglio ringraziarvi perch\u00e8 fate parte di un&#8217;associazione. Far parte di un&#8217;associazione significa, infatti, volersi prendere un impegno nella societ\u00e0 intorno a noi. Nel tempo in cui viviamo, non \u00e8 poco&#8221;. Con queste parole, gioved\u00ec scorso 7 aprile, alla Basilica delle Vigne per la celebrazione della Santa Messa per il precetto pasquale, il vescovo ausiliare monsignor [&hellip;]<\/p>\n","protected":false},"author":21,"featured_media":0,"parent":474,"menu_order":3,"comment_status":"closed","ping_status":"closed","template":"","meta":{"footnotes":""},"class_list":["post-632","page","type-page","status-publish","hentry"],"_links":{"self":[{"href":"https:\/\/ucid.it\/sezionegenova\/wp-json\/wp\/v2\/pages\/632","targetHints":{"allow":["GET"]}}],"collection":[{"href":"https:\/\/ucid.it\/sezionegenova\/wp-json\/wp\/v2\/pages"}],"about":[{"href":"https:\/\/ucid.it\/sezionegenova\/wp-json\/wp\/v2\/types\/page"}],"author":[{"embeddable":true,"href":"https:\/\/ucid.it\/sezionegenova\/wp-json\/wp\/v2\/users\/21"}],"replies":[{"embeddable":true,"href":"https:\/\/ucid.it\/sezionegenova\/wp-json\/wp\/v2\/comments?post=632"}],"version-history":[{"count":0,"href":"https:\/\/ucid.it\/sezionegenova\/wp-json\/wp\/v2\/pages\/632\/revisions"}],"up":[{"embeddable":true,"href":"https:\/\/ucid.it\/sezionegenova\/wp-json\/wp\/v2\/pages\/474"}],"wp:attachment":[{"href":"https:\/\/ucid.it\/sezionegenova\/wp-json\/wp\/v2\/media?parent=632"}],"curies":[{"name":"wp","href":"https:\/\/api.w.org\/{rel}","templated":true}]}}

<p style="text-align: justify"><img loading="lazy" decoding="async" class="aligncenter wp-image-543" src="http://ucid.it/sezionegenova/wp-content/uploads/sites/58/2016/03/Messa-Pasqua-2016.jpg" alt="Messa Pasqua 2016" width="512" height="244" srcset="https://ucid.it/sezionegenova/wp-content/uploads/sites/58/2016/03/Messa-Pasqua-2016.jpg 1024w, https://ucid.it/sezionegenova/wp-content/uploads/sites/58/2016/03/Messa-Pasqua-2016-300x143.jpg 300w, https://ucid.it/sezionegenova/wp-content/uploads/sites/58/2016/03/Messa-Pasqua-2016-768x366.jpg 768w" sizes="auto, (max-width: 512px) 100vw, 512px" /></p>
<p style="text-align: justify">&#8220;Voglio ringraziarvi perchè fate parte di un&#8217;associazione. Far parte di un&#8217;associazione significa, infatti, volersi prendere un impegno nella società intorno a noi. Nel tempo in cui viviamo, non è poco&#8221;. Con queste parole, giovedì scorso 7 aprile, alla Basilica delle Vigne per la celebrazione della Santa Messa per il precetto pasquale, il vescovo ausiliare monsignor Nicolò Anselmi ha accolto Giorgio Mosci, presidente UCID Genova, Davide Viziano, presidente di UCID Liguria, Paolo Brunamonti, presidente dell&#8217;AMCI Associazione Medici Cattolici Italiani di Genova e Enrico Bet, presidente di UGCI Unione Giuristi Cattolici Italiani di Genova insieme ai loro soi.<br />
Con monsignor Anselmi ha concelebrato don Massimiliano Moretti, assistente spirituale di UCID.<br />
Giorgio Mosci ha ringraziato monsignor Anselmi e ha manifestato l&#8217;interesse di intervenire su terreni incolti, manutentendoli e rimettendoli in produzione, con ricadute sia sociali sia in termini di lavoro. &#8220;L&#8217;UCID &#8211; ha detto Giorgio Mosci &#8211; con le altre Associazioni dei Medici e dei Giuristi Cattolici, ha deciso di dare il suo pur piccolo sostegno alla nascita di questa nuova coraggiosa iniziativa&#8221;. Ciò anche nel quadro, come da lui ricordato, del recentissimo richiamo fatto da Papa Francesco nel videomessaggio di aprile, un appello perchè &#8220;i piccoli agricoltori, il cui lavoro è tanto importante per l&#8217;umanità intera, ricevano un giusto compenso dalla propria fatica&#8221;. Davide Viziano ha ricordato quali siano stati i recenti appuntamenti per l&#8217;UCID e, primo fra questi il pellegrinaggio a Roma e l&#8217;udienza del Papa dello scorso ottobre, citando anche il settantesimo della sua fondazione, l&#8217;anniversario che l&#8217;UCID si prepara a festeggiare.<br />
&#8220;La Pasqua cirstiana &#8211; ha detto monsignor Anselmi nell&#8217;omelia &#8211; ci porta un nuovo clima di ottimismo e di rinascita&#8221;. E quindi, prendendo spunto da una intervista a Benedetto XVI di qualche tempo fa, ha ricordato che, tra i bisogni più profondi delle persone, papa Benedetto citava il lavoro, la salute, veder rispettati i propri diritti, veder rispettata la giustizia. Tutti bisogni importanti. &#8220;Il bisogno fondamentale delle persone, però &#8211; ha detto monsignor Anselmi, citando ancora papa Benedetto -, quello che è più profondo di tutti, resta il bisogno di amore. E&#8217; questo che fa risuscitare chi è triste, chi è depresso, chi ha perso la gioia di vivere. L&#8217;amore in tutte le sue possibili declinazioni. La cura della tua salute, la cura dei tuoi diritti e la realizzazione della giustizia, la cura della tua felicità, devono essere trasparenze dell&#8217;amore. Anche nella nostra vita quotidiana. Tuto quello che noi facciamo deve essere una trasparenza dell&#8217;amore, perchè di questo l&#8217;uomo risorge&#8221;.<br />
Nella Pasqua dell&#8217;anno della Misericordia, che, come è stato ricordato, è una Pasqua particolare, dobbiamo aver sempre presente la forza dell&#8217;amore di Dio. &#8220;Fortunato chi sente ogni mattina l&#8217;amore di Dio per noi &#8211; ha commentato monsignor Anselmi &#8211; perchè, davvero, chi riesce a sentirlo è un risorto. Chi sente la possibilità di ripartire nella propria vita che deriva da questo amore. Fortunato chi riesce poi a trasmettere, attraverso la propria vita, attraverso la propria professione, questo amore&#8221;.<br />
&#8220;Lasciare vivere Dio in noi. Lasciare che sia Dio, in noi, a progettare: questa &#8211; ha concluso monsignor Anselmi &#8211; è la vita cristaiana&#8221;. E, quindi riprendendo ancora le parole di Papa Benedetto: &#8220;è una fortuna e una grazia &#8211; ha detto &#8211; che in questa opera di amore, di trasmissione dell&#8217;amore di Dio, non siamo soli. Ma siamo parte della Chiesa. Dobbiamo ricordarci che dove non si arriva come singoli, si arriva nell&#8217;essere insieme, cioè nell&#8217;essere parte della Chiesa&#8221;.</p>

<p>&#8220;Voglio ringraziarvi perchè fate parte di un&#8217;associazione. Far parte di un&#8217;associazione significa, infatti, volersi prendere un impegno nella società intorno a noi. Nel tempo in cui viviamo, non è poco&#8221;. Con queste parole, giovedì scorso 7 aprile, alla Basilica delle Vigne per la celebrazione della Santa Messa per il precetto pasquale, il vescovo ausiliare monsignor [&hellip;]</p>
