{"id":716,"date":"2016-11-08T16:49:09","date_gmt":"2016-11-08T15:49:09","guid":{"rendered":"http:\/\/ucid.it\/sezionegenova\/?page_id=716"},"modified":"2016-11-08T16:55:45","modified_gmt":"2016-11-08T15:55:45","slug":"terre-nuove","status":"publish","type":"page","link":"https:\/\/ucid.it\/sezionegenova\/terre-nuove\/","title":{"rendered":"TERRE NUOVE"},"content":{"rendered":"<p style=\"text-align: justify\">L&#8217;Associazione Terre Nuove \u00e8 nata per dar seguito alla volont\u00e0 del Vescovo Ausiliario di Genova, Monsignor Nicol\u00f2 Anselmi, ed ha l\u2019obiettivo di recuperare terreni abbandonati della Curia genovese oltre a quelli di cittadini privati che si trovano in difficolt\u00e0 per la gestione degli stessi.<br \/>\nL\u2019Associazione vuole fare da catalizzatore dell\u2019iniziativa al fine di poter offrire un\u2019opportunit\u00e0 di lavoro che possa servire a ridare dignit\u00e0 e speranza alle tante persone che oggi si trovano in situazioni di difficolt\u00e0, quali disoccupati, senza fissa dimora e migranti, non solo in attesa del permesso di soggiorno, ma soprattutto dopo l\u2019ottenimento o meno dello stesso che li accomuna nel trovarsi in mezzo alla strada.<br \/>\nL&#8217;obiettivo \u00e8 quello di poter riavviarli in qualche modo al lavoro per poterli guidare, speriamo, ad un\u2019attivit\u00e0 pi\u00f9 stabile e di sostentamento.<br \/>\nNell\u2019ambito della sua missione, l&#8217;Associazione ha dato il via ai primi due progetti: un terreno di propriet\u00e0 dell\u2019Istituto Sostentamento del Clero di circa 2.000 mq ad Apparizione ed uno pi\u00f9 grande, di quasi un ettaro, messo a disposizione da un privato a Valleregia, sopra a Serra Ricc\u00f2.<br \/>\nQuesto ha permesso di poter aiutare alcune persone, segnalate dalla Parrocchia delle Vigne di Don Nicol\u00f2 e dalla Comunit\u00e0 di Sant\u2019Egidio, che versano in una situazione economica molto delicata e fragile. Persone che, a fronte di un adeguato compenso, hanno prestato, e stanno prestando, la loro opera, recuperando cos\u00ec, in un certo senso, la loro dignit\u00e0 e la speranza di poter ripensare a progetti per il futuro.<br \/>\nCon molta onest\u00e0, l&#8217;Associazione non \u00e8 ancora in grado di capire se e come qualcuno di loro, non certo tutti, potranno trovare un sostentamento sufficiente da vivere: quello che \u00e8 certo, \u00e8 che se non si prova con tenacia e costanza, nulla si riuscir\u00e0 a fare!<br \/>\nE, nel caso in cui, non si trover\u00e0 lo sbocco sul terreno di oggi, potrebbe comunque essere che queste persone, rinfrancate e, chiss\u00e0, rigenerate da questa esperienza, potranno trovare nuove soluzioni per il loro futuro.<br \/>\nI terreni su cui poter lavorare e le persone da poter aiutare, anche tenendo conto dei tanti migranti che la Citt\u00e0 accoglie, non mancano di certo, come non manca l&#8217;entusiasmo di chi si adopera nell&#8217;Associazione perch\u00e8 tutto questo possa diventare realt\u00e0.<\/p>\n","protected":false},"excerpt":{"rendered":"<p>L&#8217;Associazione Terre Nuove \u00e8 nata per dar seguito alla volont\u00e0 del Vescovo Ausiliario di Genova, Monsignor Nicol\u00f2 Anselmi, ed ha l\u2019obiettivo di recuperare terreni abbandonati della Curia genovese oltre a quelli di cittadini privati che si trovano in difficolt\u00e0 per la gestione degli stessi. L\u2019Associazione vuole fare da catalizzatore dell\u2019iniziativa al fine di poter offrire [&hellip;]<\/p>\n","protected":false},"author":21,"featured_media":0,"parent":0,"menu_order":5,"comment_status":"closed","ping_status":"closed","template":"","meta":{"footnotes":""},"class_list":["post-716","page","type-page","status-publish","hentry"],"_links":{"self":[{"href":"https:\/\/ucid.it\/sezionegenova\/wp-json\/wp\/v2\/pages\/716","targetHints":{"allow":["GET"]}}],"collection":[{"href":"https:\/\/ucid.it\/sezionegenova\/wp-json\/wp\/v2\/pages"}],"about":[{"href":"https:\/\/ucid.it\/sezionegenova\/wp-json\/wp\/v2\/types\/page"}],"author":[{"embeddable":true,"href":"https:\/\/ucid.it\/sezionegenova\/wp-json\/wp\/v2\/users\/21"}],"replies":[{"embeddable":true,"href":"https:\/\/ucid.it\/sezionegenova\/wp-json\/wp\/v2\/comments?post=716"}],"version-history":[{"count":0,"href":"https:\/\/ucid.it\/sezionegenova\/wp-json\/wp\/v2\/pages\/716\/revisions"}],"wp:attachment":[{"href":"https:\/\/ucid.it\/sezionegenova\/wp-json\/wp\/v2\/media?parent=716"}],"curies":[{"name":"wp","href":"https:\/\/api.w.org\/{rel}","templated":true}]}}

<p style="text-align: justify">L&#8217;Associazione Terre Nuove è nata per dar seguito alla volontà del Vescovo Ausiliario di Genova, Monsignor Nicolò Anselmi, ed ha l’obiettivo di recuperare terreni abbandonati della Curia genovese oltre a quelli di cittadini privati che si trovano in difficoltà per la gestione degli stessi.<br />
L’Associazione vuole fare da catalizzatore dell’iniziativa al fine di poter offrire un’opportunità di lavoro che possa servire a ridare dignità e speranza alle tante persone che oggi si trovano in situazioni di difficoltà, quali disoccupati, senza fissa dimora e migranti, non solo in attesa del permesso di soggiorno, ma soprattutto dopo l’ottenimento o meno dello stesso che li accomuna nel trovarsi in mezzo alla strada.<br />
L&#8217;obiettivo è quello di poter riavviarli in qualche modo al lavoro per poterli guidare, speriamo, ad un’attività più stabile e di sostentamento.<br />
Nell’ambito della sua missione, l&#8217;Associazione ha dato il via ai primi due progetti: un terreno di proprietà dell’Istituto Sostentamento del Clero di circa 2.000 mq ad Apparizione ed uno più grande, di quasi un ettaro, messo a disposizione da un privato a Valleregia, sopra a Serra Riccò.<br />
Questo ha permesso di poter aiutare alcune persone, segnalate dalla Parrocchia delle Vigne di Don Nicolò e dalla Comunità di Sant’Egidio, che versano in una situazione economica molto delicata e fragile. Persone che, a fronte di un adeguato compenso, hanno prestato, e stanno prestando, la loro opera, recuperando così, in un certo senso, la loro dignità e la speranza di poter ripensare a progetti per il futuro.<br />
Con molta onestà, l&#8217;Associazione non è ancora in grado di capire se e come qualcuno di loro, non certo tutti, potranno trovare un sostentamento sufficiente da vivere: quello che è certo, è che se non si prova con tenacia e costanza, nulla si riuscirà a fare!<br />
E, nel caso in cui, non si troverà lo sbocco sul terreno di oggi, potrebbe comunque essere che queste persone, rinfrancate e, chissà, rigenerate da questa esperienza, potranno trovare nuove soluzioni per il loro futuro.<br />
I terreni su cui poter lavorare e le persone da poter aiutare, anche tenendo conto dei tanti migranti che la Città accoglie, non mancano di certo, come non manca l&#8217;entusiasmo di chi si adopera nell&#8217;Associazione perchè tutto questo possa diventare realtà.</p>

<p>L&#8217;Associazione Terre Nuove è nata per dar seguito alla volontà del Vescovo Ausiliario di Genova, Monsignor Nicolò Anselmi, ed ha l’obiettivo di recuperare terreni abbandonati della Curia genovese oltre a quelli di cittadini privati che si trovano in difficoltà per la gestione degli stessi. L’Associazione vuole fare da catalizzatore dell’iniziativa al fine di poter offrire [&hellip;]</p>
