{"id":726,"date":"2016-11-08T17:00:35","date_gmt":"2016-11-08T16:00:35","guid":{"rendered":"http:\/\/ucid.it\/sezionegenova\/?page_id=726"},"modified":"2016-11-08T17:19:57","modified_gmt":"2016-11-08T16:19:57","slug":"statuto","status":"publish","type":"page","link":"https:\/\/ucid.it\/sezionegenova\/statuto\/","title":{"rendered":"Statuto"},"content":{"rendered":"<p style=\"text-align: center\"><strong>ART. 1<\/strong><br \/>\n<strong>(Denominazione e sede)<\/strong><\/p>\n<p style=\"text-align: justify\">L\u2019organizzazione di volontariato, denominata \u201cTerre Nuove\u201d assume la forma giuridica di associazione apartitica e aconfessionale.<br \/>\nL\u2019organizzazione ha sede legale in Genova, Via XX Settembre 18\/5.<br \/>\nIl trasferimento della sede legale non comporta modifica statutaria, ma l\u2019obbligo di comunicazione agli uffici competenti.<\/p>\n<p style=\"text-align: center\"><strong>ART. 2<\/strong><br \/>\n<strong>(Statuto)<\/strong><\/p>\n<p>L\u2019organizzazione di volontariato \u201cTerre Nuove\u201d \u00e8 disciplinata dal presente statuto, ed agisce nei limiti della legge 11 agosto 1991, n. 266, delle leggi regionali di attuazione e dei principi generali dell\u2019ordinamento giuridico.<br \/>\nL\u2019assemblea delibera l\u2019eventuale regolamento di esecuzione dello statuto per la disciplina degli aspetti organizzativi pi\u00f9 particolari.<\/p>\n<p style=\"text-align: center\"><strong>ART. 3<\/strong><br \/>\n<strong>(Efficacia dello statuto)<\/strong><\/p>\n<p style=\"text-align: justify\">Lo statuto vincola alla sua osservanza gli aderenti alla organizzazione; esso costituisce la regola fondamentale di comportamento dell\u2019attivit\u00e0 della organizzazione stessa.<\/p>\n<p style=\"text-align: center\"><strong>ART. 4<\/strong><br \/>\n<strong>(Finalit\u00e0)<\/strong><\/p>\n<p style=\"text-align: justify\">L\u2019associazione non ha scopo di lucro e persegue esclusivamente finalit\u00e0 di solidariet\u00e0 sociale.<br \/>\nL\u2019associazione si propone, pertanto, di svolgere le seguenti attivit\u00e0:<br \/>\n\u00d8 Interventi diretti a tutelare l\u2019ambiente mediante attivit\u00e0 di manutenzione di terreni incolti e\/o abbandonati di propriet\u00e0 e\/o di terzi, idonei a renderli e mantenerli produttivi;<br \/>\n\u00d8 Interventi diretti al ripristino e alla manutenzione di immobili fatiscenti ubicati nei predetti terreni;<br \/>\n\u00d8 Interventi diretti alla difesa e alla preservazione del territorio;<br \/>\n\u00d8 Interventi diretti alla conservazione e salvaguardia dell\u2019ambiente e dei relativi processi ecologici a garanzia dell\u2019equilibrio naturale;<br \/>\n\u00d8 Opere finalizzate a rilanciare il lavoro nel settore agricolo e agroalimentare;<br \/>\n\u00d8 Interventi diretti alla valorizzazione del territorio e dell\u2019identit\u00e0 della comunit\u00e0, anche cercando di attrarre nuovi investimenti;<br \/>\n\u00d8 Interventi finalizzati a contribuire ad alimentare i sistemi locali di produzione agricola;<br \/>\n\u00d8 Interventi diretti a salvaguardare e proteggere specie in via di estinzione;<br \/>\n\u00d8 Opere e attivit\u00e0 finalizzate al reinserimento oltrech\u00e9 nel mondo produttivo anche sociale degli aderenti all\u2019associazione a principale tutela della loro dignit\u00e0;<br \/>\n\u00d8 Ogni altra attivit\u00e0 non specificata in quanto correlata e strumentale al perseguimento delle attivit\u00e0 sopra descritte.<br \/>\nL\u2019associazione si avvale in modo determinante e prevalente delle prestazioni personali, volontarie e gratuite dei propri aderenti.<br \/>\nL\u2019organizzazione di volontariato opera nel territorio della Regione Liguria.<\/p>\n<p style=\"text-align: center\"><strong>ART. 5<\/strong><br \/>\n<strong>(Ammissione)<\/strong><\/p>\n<p style=\"text-align: justify\">Sono aderenti dell\u2019organizzazione tutte le persone fisiche ed enti che ne condividono le finalit\u00e0 e, mosse da spirito di solidariet\u00e0, si impegnano concretamente per realizzarle.<br \/>\nL\u2019ammissione all\u2019organizzazione \u00e8 deliberata dal Consiglio Direttivo.<br \/>\nL\u2019ammissione a socio \u00e8 a tempo indeterminato, fermo restando il diritto di recesso.<br \/>\nSono previste tre categorie di soci: a) Soci fondatori che versano il Fondo di dotazione iniziale; b) Soci ordinari che versano la quota di iscrizione annualmente stabilita dall\u2019Assemblea; c) Soci sostenitori che oltre la quota ordinaria, erogano contribuzioni volontarie straordinarie.<br \/>\nSono soci fondatori i soggetti indicati nell\u2019atto costitutivo e coloro che risulteranno aver aderito all&#8217;associazione entro sei mesi dalla data di costituzione.<\/p>\n<p style=\"text-align: center\"><strong>ART. 6<\/strong><br \/>\n<strong>(Diritti e doveri degli aderenti)<\/strong><\/p>\n<p>&nbsp;<\/p>\n<p style=\"text-align: justify\">Gli aderenti all\u2019organizzazione hanno il diritto di:<br \/>\neleggere gli organi sociali\u00a0 e di essere eletti negli stessi;<br \/>\nessere informati sulle attivit\u00e0 dell\u2019associazione e controllarne l\u2019andamento;<br \/>\nessere rimborsati dalle spese effettivamente sostenute per l\u2019attivit\u00e0 prestata, ai sensi di legge;<br \/>\nprendere atto dell\u2019ordine del giorno delle assemblee, prendere visione del rendiconto economico \u2013 finanziario, consultare i verbali.<br \/>\nGli aderenti all\u2019organizzazione hanno il dovere di:<br \/>\nrispettare il presente statuto e l\u2019eventuale regolamento interno;<br \/>\nsvolgere la propria attivit\u00e0 verso gli altri in modo personale, spontaneo e gratuito, senza fini di lucro;<br \/>\nversare la quota associativa secondo l\u2019importo annualmente stabilito.<br \/>\nLa quota sociale \u00e8 intrasmissibile e non rivalutabile.<\/p>\n<p style=\"text-align: center\"><strong>ART. 7<br \/>\n(Perdita della qualifica di socio)<\/strong><\/p>\n<p style=\"text-align: justify\">La qualit\u00e0 di socio si perde:<br \/>\na) \u00a0per morte;<br \/>\nb) \u00a0per morosit\u00e0 nel pagamento della quota associativa;<br \/>\nc) \u00a0dietro presentazione di dimissioni scritte;<br \/>\nd) \u00a0per esclusione.<br \/>\nPerdono la qualit\u00e0 di socio per esclusione coloro che si rendono colpevoli di atti di indisciplina e\/o comportamenti scorretti ripetuti che costituiscono violazione di norme statutarie e\/o regolamenti interni; oppure che senza adeguata ragione si mettano in condizione di inattivit\u00e0 prolungata.<br \/>\nLa perdita di qualit\u00e0 dei soci nei casi a), b) e c) \u00e8 deliberata dal Consiglio Direttivo, mentre in caso di esclusione, la delibera del Consiglio Direttivo deve essere ratificata da parte della prima Assemblea utile. Contro il provvedimento di esclusione il socio escluso ha 30 giorni di tempo per\u00a0 fare ricorso all\u2019Assemblea.<\/p>\n<p style=\"text-align: center\"><strong>ART. 8<\/strong><br \/>\n<strong>(Gli organi sociali)<\/strong><\/p>\n<p style=\"text-align: justify\">Sono organi dell\u2019organizzazione:<br \/>\nAssemblea dei soci<br \/>\nConsiglio direttivo<br \/>\nPresidente<br \/>\nVice Presidente<br \/>\nAi sensi di legge si precisa che tutte le cariche sociali sono gratuite.<\/p>\n<p style=\"text-align: center\"><strong>ART. 9 <\/strong><br \/>\n<strong>(L\u2019assemblea)<\/strong><\/p>\n<p style=\"text-align: justify\">L\u2019assemblea \u00e8 composta da tutti gli aderenti all\u2019organizzazione ed \u00e8 l\u2019organo sovrano.<br \/>\nL\u2019assemblea \u00e8 presieduta dal Presidente dell\u2019associazione o, in sua assenza, dal Vicepresidente.<\/p>\n<p>Gli aderenti possono farsi rappresentare in assemblea solo da altri aderenti, conferendo delega scritta. Delle riunioni dell\u2019assemblea \u00e8 redatto il verbale, sottoscritto dal Presidente e dal verbalizzante e conservato presso la sede dell\u2019associazione, in libera visione a tutti i soci.<br \/>\nL\u2019assemblea deve:<br \/>\napprovare il conto consuntivo;<br \/>\nfissare l\u2019importo della quota sociale annuale;<br \/>\ndeterminare le linee generali programmatiche dell\u2019attivit\u00e0 dell\u2019associazione;<br \/>\napprovare l\u2019eventuale regolamento interno;<br \/>\neleggere e revocare il Presidente e il Consiglio Direttivo;<br \/>\ndeliberare su quant\u2019altro demandatole per legge o per statuto, o sottoposto al suo esame dal Consiglio direttivo.<\/p>\n<p style=\"text-align: center\"><strong>ART. 10<\/strong><br \/>\n<strong>(Convocazione)<\/strong><\/p>\n<p style=\"text-align: justify\">L\u2019assemblea si riunisce almeno una volta all\u2019anno per l\u2019approvazione del bilancio. Negli altri casi su convocazione del Presidente, anche su domanda motivata e altres\u00ec su richiesta firmata da almeno un decimo degli aderenti o quando il Consiglio direttivo lo ritiene necessario.<br \/>\nLa convocazione avviene mediante comunicazione scritta anche per via telematica, contenente l\u2019ordine del giorno, spedita almeno 8 giorni prima della data fissata per l\u2019assemblea all\u2019indirizzo risultante dal libro dei soci oppure mediante avviso affisso nella sede dell\u2019associazione. La convocazione potr\u00e0 avvenire anche tramite comunicazione telematica all\u2019indirizzo fornito dai soci con garanzia di ricevimento.<\/p>\n<p style=\"text-align: center\"><strong>ART. 11<br \/>\n(Assemblea ordinaria)<\/strong><\/p>\n<p style=\"text-align: justify\">L\u2019assemblea ordinaria \u00e8 regolarmente costituita in prima convocazione con la presenza della met\u00e0 pi\u00f9 uno degli aderenti, presenti in proprio o per delega, e in seconda convocazione qualunque sia il numero degli aderenti presenti, in proprio o in delega.<br \/>\nL\u2019assemblea delibera a maggioranza dei voti dei presenti.<br \/>\nNelle deliberazioni di approvazione del bilancio e in quelle che riguardano la loro responsabilit\u00e0, gli amministratori non hanno diritto di voto.<\/p>\n<p style=\"text-align: center\"><strong>ART. 12<br \/>\n(Assemblea straordinaria)<\/strong><\/p>\n<p style=\"text-align: justify\">L\u2019assemblea straordinaria modifica lo statuto dell\u2019associazione con la presenza di almeno la met\u00e0 pi\u00f9 uno degli associati e il voto favorevole della maggioranza dei presenti e delibera lo scioglimento e la liquidazione nonch\u00e9 la devoluzione del patrimonio con il voto favorevole di almeno tre quarti degli associati.<\/p>\n<p style=\"text-align: center\"><strong>ART. 13<\/strong><br \/>\n<strong>(Consiglio Direttivo)<\/strong><\/p>\n<p style=\"text-align: justify\">Il consiglio direttivo \u00e8 l\u2019organo di governo e di amministrazione dell\u2019associazione ed opera in attuazione delle volont\u00e0 e degli indirizzi generali dell\u2019assemblea alla quale risponde direttamente e dalla quale pu\u00f2 essere revocato.<br \/>\nIl consiglio direttivo \u00e8 formato da un numero dispari di n. 3 a n. 15 componenti, eletti dall\u2019assemblea tra gli aderenti, per la durata di anni tre.<br \/>\nIl consiglio direttivo \u00e8 validamente costituito quando \u00e8 presente la maggioranza dei componenti. Nel caso in cui il consiglio direttivo \u00e8 composto da soli tre membri esso \u00e8 validamente costituito e delibera quando sono presenti tutti. Le deliberazioni sono assunte a maggioranza dei presenti.<br \/>\nIl presidente dell\u2019organizzazione \u00e8 il presidente del Consiglio Direttivo e, unitamente al vicepresidente sono nominati dall\u2019assemblea assieme agli altri componenti il Consiglio.<\/p>\n<p style=\"text-align: center\"><strong>ART. 14<\/strong><br \/>\n<strong>(Il Presidente)<\/strong><\/p>\n<p style=\"text-align: justify\">Il presidente rappresenta legalmente l\u2019associazione e compie tutti gli atti che la impegnano verso l\u2019esterno.<br \/>\nIl presidente \u00e8 eletto dall\u2019assemblea tra i propri componenti a maggioranza dei presenti.<br \/>\nIl presidente dura in carica quanto il consiglio direttivo e cessa per scadenza del mandato, per dimissioni volontarie o per eventuale revoca decisa dall\u2019 assemblea, con la maggioranza dei presenti.<br \/>\nAlmeno un mese prima della scadenza del mandato del Consiglio Direttivo, il presidente convoca l\u2019assemblea per la elezione del nuovo presidente e del Consiglio Direttivo.<br \/>\nIl presidente convoca e presiede l\u2019Assemblea e il Consiglio Direttivo, svolge l\u2019ordinaria amministrazione sulla base delle direttive di tali organi, riferendo al Consiglio Direttivo in merito all\u2019attivit\u00e0 compiuta.<br \/>\nIl Vicepresidente sostituisce il Presidente in ogni sua attribuzione ogniqualvolta questi sia impossibilitato nell\u2019esercizio delle sue funzioni.<\/p>\n<p style=\"text-align: center\"><strong>Articolo 15<\/strong><br \/>\n<strong>(Patrimonio)<\/strong><\/p>\n<p style=\"text-align: justify\">Il patrimonio dell\u2019Associazione \u00e8 indivisibile, sia durante la vita dell\u2019Associazione che in caso di suo scioglimento, ed \u00e8 costituito:<br \/>\n1. dal Fondo di dotazione costituito dai conferimenti in denaro versati dai soci fondatori all\u2019atto di costituzione dell\u2019Associazione;<br \/>\n2. dai beni mobili e immobili di propriet\u00e0 dell\u2019Associazione o che potranno essere acquistati e\/o acquisiti da lasciti e donazioni;<br \/>\n3. da contributi, erogazioni, lasciti e donazioni di enti e soggetti pubblici e privati;<br \/>\n4. da eventuali fondi di riserva costituiti con le eccedenze di bilancio.<\/p>\n<p style=\"text-align: center\"><strong>ART. 16<\/strong><br \/>\n<strong>(Risorse economiche)<\/strong><\/p>\n<p style=\"text-align: justify\">Le risorse economiche necessarie per il funzionamento e lo svolgimento dell\u2019attivit\u00e0 dell\u2019organizzazione sono costituite da:<br \/>\na) contributi degli aderenti;<br \/>\nb) contributi di privati;<br \/>\nc) contributi dello Stato, di enti o di istituzioni pubbliche finalizzati esclusivamente a sostegno di specifiche e documentate attivit\u00e0 o progetti;<br \/>\nd) contributi di organismi internazionali;<br \/>\ne) donazioni e lasciti testamentari;<br \/>\nf) rimborsi derivanti da convenzioni con lo Stato, le regioni, le province autonome, gli enti locali e gli altri enti pubblici, ai sensi dell\u2019articolo 7 della l. 266\/1991 e successive modificazioni ed integrazioni;<br \/>\ng) entrate derivanti da attivit\u00e0 commerciali e produttive marginali.<\/p>\n<p style=\"text-align: center\"><strong>ART. 17<\/strong><br \/>\n<strong>(Divieto di distribuzione degli utili)<\/strong><\/p>\n<p style=\"text-align: justify\">L\u2019associazione ha il divieto di distribuire, anche in modo indiretto, utili e avanzi di gestione nonch\u00e9 fondi, riserve o capitale durante la propria vita, a meno che la destinazione o la distribuzione non siano imposte per legge. L\u2019associazione ha l\u2019obbligo di impiegare gli eventuali utili o avanzi di gestione per la realizzazione delle attivit\u00e0 istituzionali.<\/p>\n<p style=\"text-align: center\"><strong>ART. 18<\/strong><br \/>\n<strong>(Proventi derivanti da attivit\u00e0 marginali)<\/strong><\/p>\n<p style=\"text-align: justify\">I proventi derivanti da attivit\u00e0 commerciali o produttive marginali sono inseriti in apposita voce del bilancio dell\u2019organizzazione;<br \/>\nL\u2019assemblea delibera sulla utilizzazione dei proventi, che deve essere comunque in armonia con le finalit\u00e0 statutarie dell\u2019organizzazione e con i principi della L. 266\/91.<\/p>\n<p style=\"text-align: center\"><strong>ART. 19<\/strong><br \/>\n<strong> (Bilancio)<\/strong><\/p>\n<p style=\"text-align: justify\">Il bilancio o rendiconto \u00e8 predisposto dal Consiglio Direttivo e viene approvato dall\u2019assemblea ordinaria entro 6 mesi dalla chiusura dell\u2019esercizio cui si riferisce il consuntivo.<br \/>\nIl bilancio o rendiconto della organizzazione si riferisce al singolo esercizio di durata annua decorrente dal primo gennaio di ogni anno. Il primo esercizio si chiuder\u00e0 il 31 dicembre 2016.<br \/>\nIl Bilancio o rendiconto contiene tutte le entrate intervenute, nonch\u00e9 le spese sostenute relative all\u2019anno trascorso dando evidenza dei beni, dei contributi e dei lasciti ricevuti.<\/p>\n<p style=\"text-align: center\"><strong>ART. 20<\/strong><br \/>\n<strong>(Convenzioni)<\/strong><\/p>\n<p style=\"text-align: justify\">Le convenzioni tra l\u2019organizzazione di volontariato ed altri enti e soggetti sono deliberate dal Consiglio Direttivo che ne determina anche le modalit\u00e0 di attuazione, e sono stipulate dal Presidente dell\u2019associazione, quale suo legale rappresentante.<\/p>\n<p style=\"text-align: center\"><strong>ART. 21<\/strong><br \/>\n<strong>(Responsabilit\u00e0 ed assicurazione degli aderenti)<\/strong><\/p>\n<p style=\"text-align: justify\">Gli aderenti che prestano attivit\u00e0 di volontariato sono assicurati per malattie, infortunio, e per la responsabilit\u00e0 civile verso i terzi ai sensi dell\u2019art. 4 della L. 266\/91.<\/p>\n<p style=\"text-align: center\"><strong>ART. 22<\/strong><br \/>\n<strong>(Responsabilit\u00e0 della organizzazione)<\/strong><\/p>\n<p style=\"text-align: justify\">L\u2019organizzazione di volontariato risponde, con le proprie risorse economiche, dei danni causati per inosservanza delle convenzioni e dei contratti stipulati.<\/p>\n<p style=\"text-align: center\"><strong>ART. 23<\/strong><br \/>\n<strong>(Assicurazione dell\u2019organizzazione)<\/strong><\/p>\n<p style=\"text-align: justify\">L\u2019organizzazione di volontariato pu\u00f2 assicurarsi per i danni derivanti da responsabilit\u00e0 contrattuale ed extra contrattuale della organizzazione stessa.<\/p>\n<p style=\"text-align: center\"><strong>ART. 24<\/strong><br \/>\n<strong>(Devoluzione del patrimonio)<\/strong><\/p>\n<p style=\"text-align: justify\">In caso di scioglimento, cessazione ovvero estinzione dell\u2019organizzazione, i beni che residuano dopo l\u2019esaurimento della liquidazione saranno devoluti ad altre organizzazioni di volontariato operanti in identico o analogo settore, sentito l\u2019organismo di controllo di cui all\u2019articolo 3, comma 190, della legge 23 dicembre 1996, n. 662, e salvo diversa destinazione imposta dalla legge.<\/p>\n<p style=\"text-align: center\"><strong>ART. 25<\/strong><br \/>\n<strong>(Disposizioni finali)<\/strong><\/p>\n<p style=\"text-align: justify\">Per quanto non \u00e8 previsto dal presente statuto, si fa riferimento alle normative vigenti in materia ed ai principi generali dell\u2019ordinamento giuridico.<\/p>\n<p>Genova, li 07 aprile 2016<\/p>\n<p>Francesco Zucchi<br \/>\nGiorgio Mosci<br \/>\nMaria Cristina Palladini<br \/>\nGiambattista Poggi<\/p>\n","protected":false},"excerpt":{"rendered":"<p>ART. 1 (Denominazione e sede) L\u2019organizzazione di volontariato, denominata \u201cTerre Nuove\u201d assume la forma giuridica di associazione apartitica e aconfessionale. L\u2019organizzazione ha sede legale in Genova, Via XX Settembre 18\/5. Il trasferimento della sede legale non comporta modifica statutaria, ma l\u2019obbligo di comunicazione agli uffici competenti. ART. 2 (Statuto) L\u2019organizzazione di volontariato \u201cTerre Nuove\u201d \u00e8 [&hellip;]<\/p>\n","protected":false},"author":21,"featured_media":0,"parent":0,"menu_order":0,"comment_status":"closed","ping_status":"closed","template":"","meta":{"footnotes":""},"class_list":["post-726","page","type-page","status-publish","hentry"],"_links":{"self":[{"href":"https:\/\/ucid.it\/sezionegenova\/wp-json\/wp\/v2\/pages\/726","targetHints":{"allow":["GET"]}}],"collection":[{"href":"https:\/\/ucid.it\/sezionegenova\/wp-json\/wp\/v2\/pages"}],"about":[{"href":"https:\/\/ucid.it\/sezionegenova\/wp-json\/wp\/v2\/types\/page"}],"author":[{"embeddable":true,"href":"https:\/\/ucid.it\/sezionegenova\/wp-json\/wp\/v2\/users\/21"}],"replies":[{"embeddable":true,"href":"https:\/\/ucid.it\/sezionegenova\/wp-json\/wp\/v2\/comments?post=726"}],"version-history":[{"count":0,"href":"https:\/\/ucid.it\/sezionegenova\/wp-json\/wp\/v2\/pages\/726\/revisions"}],"wp:attachment":[{"href":"https:\/\/ucid.it\/sezionegenova\/wp-json\/wp\/v2\/media?parent=726"}],"curies":[{"name":"wp","href":"https:\/\/api.w.org\/{rel}","templated":true}]}}