{"id":844,"date":"2018-05-17T10:07:16","date_gmt":"2018-05-17T08:07:16","guid":{"rendered":"http:\/\/ucid.it\/sezionegenova\/?page_id=844"},"modified":"2018-06-06T08:59:14","modified_gmt":"2018-06-06T06:59:14","slug":"il-laico-e-la-sua-identita","status":"publish","type":"page","link":"https:\/\/ucid.it\/sezionegenova\/eventi-2\/2018-2\/il-laico-e-la-sua-identita\/","title":{"rendered":"Il laico e la sua identit\u00e0"},"content":{"rendered":"<p><img loading=\"lazy\" decoding=\"async\" class=\"aligncenter wp-image-840 \" src=\"http:\/\/ucid.it\/sezionegenova\/wp-content\/uploads\/sites\/58\/2018\/05\/3_bozza_Il-laico-e-la-sua-identit\u00e0_21x10-1024x488.jpg\" alt=\"\" width=\"777\" height=\"370\" srcset=\"https:\/\/ucid.it\/sezionegenova\/wp-content\/uploads\/sites\/58\/2018\/05\/3_bozza_Il-laico-e-la-sua-identit\u00e0_21x10-1024x488.jpg 1024w, https:\/\/ucid.it\/sezionegenova\/wp-content\/uploads\/sites\/58\/2018\/05\/3_bozza_Il-laico-e-la-sua-identit\u00e0_21x10-300x143.jpg 300w, https:\/\/ucid.it\/sezionegenova\/wp-content\/uploads\/sites\/58\/2018\/05\/3_bozza_Il-laico-e-la-sua-identit\u00e0_21x10-768x366.jpg 768w, https:\/\/ucid.it\/sezionegenova\/wp-content\/uploads\/sites\/58\/2018\/05\/3_bozza_Il-laico-e-la-sua-identit\u00e0_21x10.jpg 1240w\" sizes=\"auto, (max-width: 777px) 100vw, 777px\" \/><\/p>\n<p>Venerd\u00ec 25 Maggio alle ore 18,15 presso la Sala del Capitano di Palazzo San Giorgio, si \u00e8 tenuto l&#8217;incontro &#8220;Il laico e la sua identit\u00e0. Ruolo e funzione dei laici nella Chiesa e nella Societ\u00e0&#8221; organizzato da UCID Genova, AMCI Genova e UGCI Genova.<\/p>\n<p>All&#8217;incontro sono intervenuti S.Em. il Cardinale Arcivescovo di Genova Angelo Bagnascoe Giorgio Mosci, Presidente UCID Genova.<\/p>\n\n\t\t<style type=\"text\/css\">\n\t\t\t#gallery-1 {\n\t\t\t\tmargin: auto;\n\t\t\t}\n\t\t\t#gallery-1 .gallery-item {\n\t\t\t\tfloat: left;\n\t\t\t\tmargin-top: 10px;\n\t\t\t\ttext-align: center;\n\t\t\t\twidth: 33%;\n\t\t\t}\n\t\t\t#gallery-1 img {\n\t\t\t\tborder: 2px solid #cfcfcf;\n\t\t\t}\n\t\t\t#gallery-1 .gallery-caption {\n\t\t\t\tmargin-left: 0;\n\t\t\t}\n\t\t\t\/* see gallery_shortcode() in wp-includes\/media.php *\/\n\t\t<\/style>\n\t\t<div id='gallery-1' class='gallery galleryid-844 gallery-columns-3 gallery-size-medium'><dl class='gallery-item'>\n\t\t\t<dt class='gallery-icon landscape'>\n\t\t\t\t<a href='https:\/\/ucid.it\/sezionegenova\/wp-content\/uploads\/sites\/58\/2018\/05\/DSC02662.jpg'><img loading=\"lazy\" decoding=\"async\" width=\"300\" height=\"200\" src=\"https:\/\/ucid.it\/sezionegenova\/wp-content\/uploads\/sites\/58\/2018\/05\/DSC02662-300x200.jpg\" class=\"attachment-medium size-medium\" alt=\"\" srcset=\"https:\/\/ucid.it\/sezionegenova\/wp-content\/uploads\/sites\/58\/2018\/05\/DSC02662-300x200.jpg 300w, https:\/\/ucid.it\/sezionegenova\/wp-content\/uploads\/sites\/58\/2018\/05\/DSC02662-768x512.jpg 768w, https:\/\/ucid.it\/sezionegenova\/wp-content\/uploads\/sites\/58\/2018\/05\/DSC02662-1024x683.jpg 1024w\" sizes=\"auto, (max-width: 300px) 100vw, 300px\" \/><\/a>\n\t\t\t<\/dt><\/dl><dl class='gallery-item'>\n\t\t\t<dt class='gallery-icon landscape'>\n\t\t\t\t<a href='https:\/\/ucid.it\/sezionegenova\/wp-content\/uploads\/sites\/58\/2018\/05\/DSC02660.jpg'><img loading=\"lazy\" decoding=\"async\" width=\"300\" height=\"200\" src=\"https:\/\/ucid.it\/sezionegenova\/wp-content\/uploads\/sites\/58\/2018\/05\/DSC02660-300x200.jpg\" class=\"attachment-medium size-medium\" alt=\"\" srcset=\"https:\/\/ucid.it\/sezionegenova\/wp-content\/uploads\/sites\/58\/2018\/05\/DSC02660-300x200.jpg 300w, https:\/\/ucid.it\/sezionegenova\/wp-content\/uploads\/sites\/58\/2018\/05\/DSC02660-768x512.jpg 768w, https:\/\/ucid.it\/sezionegenova\/wp-content\/uploads\/sites\/58\/2018\/05\/DSC02660-1024x683.jpg 1024w\" sizes=\"auto, (max-width: 300px) 100vw, 300px\" \/><\/a>\n\t\t\t<\/dt><\/dl><dl class='gallery-item'>\n\t\t\t<dt class='gallery-icon landscape'>\n\t\t\t\t<a href='https:\/\/ucid.it\/sezionegenova\/wp-content\/uploads\/sites\/58\/2018\/05\/DSC02653.jpg'><img loading=\"lazy\" decoding=\"async\" width=\"300\" height=\"200\" src=\"https:\/\/ucid.it\/sezionegenova\/wp-content\/uploads\/sites\/58\/2018\/05\/DSC02653-300x200.jpg\" class=\"attachment-medium size-medium\" alt=\"\" srcset=\"https:\/\/ucid.it\/sezionegenova\/wp-content\/uploads\/sites\/58\/2018\/05\/DSC02653-300x200.jpg 300w, https:\/\/ucid.it\/sezionegenova\/wp-content\/uploads\/sites\/58\/2018\/05\/DSC02653-768x512.jpg 768w, https:\/\/ucid.it\/sezionegenova\/wp-content\/uploads\/sites\/58\/2018\/05\/DSC02653-1024x683.jpg 1024w\" sizes=\"auto, (max-width: 300px) 100vw, 300px\" \/><\/a>\n\t\t\t<\/dt><\/dl><br style=\"clear: both\" \/><dl class='gallery-item'>\n\t\t\t<dt class='gallery-icon landscape'>\n\t\t\t\t<a href='https:\/\/ucid.it\/sezionegenova\/wp-content\/uploads\/sites\/58\/2018\/05\/DSC02652.jpg'><img loading=\"lazy\" decoding=\"async\" width=\"300\" height=\"200\" src=\"https:\/\/ucid.it\/sezionegenova\/wp-content\/uploads\/sites\/58\/2018\/05\/DSC02652-300x200.jpg\" class=\"attachment-medium size-medium\" alt=\"\" srcset=\"https:\/\/ucid.it\/sezionegenova\/wp-content\/uploads\/sites\/58\/2018\/05\/DSC02652-300x200.jpg 300w, https:\/\/ucid.it\/sezionegenova\/wp-content\/uploads\/sites\/58\/2018\/05\/DSC02652-768x512.jpg 768w, https:\/\/ucid.it\/sezionegenova\/wp-content\/uploads\/sites\/58\/2018\/05\/DSC02652-1024x683.jpg 1024w\" sizes=\"auto, (max-width: 300px) 100vw, 300px\" \/><\/a>\n\t\t\t<\/dt><\/dl><dl class='gallery-item'>\n\t\t\t<dt class='gallery-icon landscape'>\n\t\t\t\t<a href='https:\/\/ucid.it\/sezionegenova\/wp-content\/uploads\/sites\/58\/2018\/05\/DSC02651.jpg'><img loading=\"lazy\" decoding=\"async\" width=\"300\" height=\"200\" src=\"https:\/\/ucid.it\/sezionegenova\/wp-content\/uploads\/sites\/58\/2018\/05\/DSC02651-300x200.jpg\" class=\"attachment-medium size-medium\" alt=\"\" srcset=\"https:\/\/ucid.it\/sezionegenova\/wp-content\/uploads\/sites\/58\/2018\/05\/DSC02651-300x200.jpg 300w, https:\/\/ucid.it\/sezionegenova\/wp-content\/uploads\/sites\/58\/2018\/05\/DSC02651-768x512.jpg 768w, https:\/\/ucid.it\/sezionegenova\/wp-content\/uploads\/sites\/58\/2018\/05\/DSC02651-1024x683.jpg 1024w\" sizes=\"auto, (max-width: 300px) 100vw, 300px\" \/><\/a>\n\t\t\t<\/dt><\/dl>\n\t\t\t<br style='clear: both' \/>\n\t\t<\/div>\n\n","protected":false},"excerpt":{"rendered":"<p>Venerd\u00ec 25 Maggio alle ore 18,15 presso la Sala del Capitano di Palazzo San Giorgio, si \u00e8 tenuto l&#8217;incontro &#8220;Il laico e la sua identit\u00e0. Ruolo e funzione dei laici nella Chiesa e nella Societ\u00e0&#8221; organizzato da UCID Genova, AMCI Genova e UGCI Genova. All&#8217;incontro sono intervenuti S.Em. il Cardinale Arcivescovo di Genova Angelo Bagnascoe [&hellip;]<\/p>\n","protected":false},"author":21,"featured_media":0,"parent":842,"menu_order":0,"comment_status":"closed","ping_status":"closed","template":"","meta":{"footnotes":""},"class_list":["post-844","page","type-page","status-publish","hentry"],"_links":{"self":[{"href":"https:\/\/ucid.it\/sezionegenova\/wp-json\/wp\/v2\/pages\/844","targetHints":{"allow":["GET"]}}],"collection":[{"href":"https:\/\/ucid.it\/sezionegenova\/wp-json\/wp\/v2\/pages"}],"about":[{"href":"https:\/\/ucid.it\/sezionegenova\/wp-json\/wp\/v2\/types\/page"}],"author":[{"embeddable":true,"href":"https:\/\/ucid.it\/sezionegenova\/wp-json\/wp\/v2\/users\/21"}],"replies":[{"embeddable":true,"href":"https:\/\/ucid.it\/sezionegenova\/wp-json\/wp\/v2\/comments?post=844"}],"version-history":[{"count":0,"href":"https:\/\/ucid.it\/sezionegenova\/wp-json\/wp\/v2\/pages\/844\/revisions"}],"up":[{"embeddable":true,"href":"https:\/\/ucid.it\/sezionegenova\/wp-json\/wp\/v2\/pages\/842"}],"wp:attachment":[{"href":"https:\/\/ucid.it\/sezionegenova\/wp-json\/wp\/v2\/media?parent=844"}],"curies":[{"name":"wp","href":"https:\/\/api.w.org\/{rel}","templated":true}]}}

Il laico e la sua identità

<p><img loading="lazy" decoding="async" class="aligncenter wp-image-840 " src="http://ucid.it/sezionegenova/wp-content/uploads/sites/58/2018/05/3_bozza_Il-laico-e-la-sua-identità_21x10-1024x488.jpg" alt="" width="777" height="370" srcset="https://ucid.it/sezionegenova/wp-content/uploads/sites/58/2018/05/3_bozza_Il-laico-e-la-sua-identità_21x10-1024x488.jpg 1024w, https://ucid.it/sezionegenova/wp-content/uploads/sites/58/2018/05/3_bozza_Il-laico-e-la-sua-identità_21x10-300x143.jpg 300w, https://ucid.it/sezionegenova/wp-content/uploads/sites/58/2018/05/3_bozza_Il-laico-e-la-sua-identità_21x10-768x366.jpg 768w, https://ucid.it/sezionegenova/wp-content/uploads/sites/58/2018/05/3_bozza_Il-laico-e-la-sua-identità_21x10.jpg 1240w" sizes="auto, (max-width: 777px) 100vw, 777px" /></p>
<p>Venerdì 25 Maggio alle ore 18,15 presso la Sala del Capitano di Palazzo San Giorgio, si è tenuto l&#8217;incontro &#8220;Il laico e la sua identità. Ruolo e funzione dei laici nella Chiesa e nella Società&#8221; organizzato da UCID Genova, AMCI Genova e UGCI Genova.</p>
<p>All&#8217;incontro sono intervenuti S.Em. il Cardinale Arcivescovo di Genova Angelo Bagnascoe Giorgio Mosci, Presidente UCID Genova.</p>

		<style type="text/css">
			#gallery-1 {
				margin: auto;
			}
			#gallery-1 .gallery-item {
				float: left;
				margin-top: 10px;
				text-align: center;
				width: 33%;
			}
			#gallery-1 img {
				border: 2px solid #cfcfcf;
			}
			#gallery-1 .gallery-caption {
				margin-left: 0;
			}
			/* see gallery_shortcode() in wp-includes/media.php */
		</style>
		<div id='gallery-1' class='gallery galleryid-844 gallery-columns-3 gallery-size-medium'><dl class='gallery-item'>
			<dt class='gallery-icon landscape'>
				<a href='https://ucid.it/sezionegenova/wp-content/uploads/sites/58/2018/05/DSC02662.jpg'><img loading="lazy" decoding="async" width="300" height="200" src="https://ucid.it/sezionegenova/wp-content/uploads/sites/58/2018/05/DSC02662-300x200.jpg" class="attachment-medium size-medium" alt="" srcset="https://ucid.it/sezionegenova/wp-content/uploads/sites/58/2018/05/DSC02662-300x200.jpg 300w, https://ucid.it/sezionegenova/wp-content/uploads/sites/58/2018/05/DSC02662-768x512.jpg 768w, https://ucid.it/sezionegenova/wp-content/uploads/sites/58/2018/05/DSC02662-1024x683.jpg 1024w" sizes="auto, (max-width: 300px) 100vw, 300px" /></a>
			</dt></dl><dl class='gallery-item'>
			<dt class='gallery-icon landscape'>
				<a href='https://ucid.it/sezionegenova/wp-content/uploads/sites/58/2018/05/DSC02660.jpg'><img loading="lazy" decoding="async" width="300" height="200" src="https://ucid.it/sezionegenova/wp-content/uploads/sites/58/2018/05/DSC02660-300x200.jpg" class="attachment-medium size-medium" alt="" srcset="https://ucid.it/sezionegenova/wp-content/uploads/sites/58/2018/05/DSC02660-300x200.jpg 300w, https://ucid.it/sezionegenova/wp-content/uploads/sites/58/2018/05/DSC02660-768x512.jpg 768w, https://ucid.it/sezionegenova/wp-content/uploads/sites/58/2018/05/DSC02660-1024x683.jpg 1024w" sizes="auto, (max-width: 300px) 100vw, 300px" /></a>
			</dt></dl><dl class='gallery-item'>
			<dt class='gallery-icon landscape'>
				<a href='https://ucid.it/sezionegenova/wp-content/uploads/sites/58/2018/05/DSC02653.jpg'><img loading="lazy" decoding="async" width="300" height="200" src="https://ucid.it/sezionegenova/wp-content/uploads/sites/58/2018/05/DSC02653-300x200.jpg" class="attachment-medium size-medium" alt="" srcset="https://ucid.it/sezionegenova/wp-content/uploads/sites/58/2018/05/DSC02653-300x200.jpg 300w, https://ucid.it/sezionegenova/wp-content/uploads/sites/58/2018/05/DSC02653-768x512.jpg 768w, https://ucid.it/sezionegenova/wp-content/uploads/sites/58/2018/05/DSC02653-1024x683.jpg 1024w" sizes="auto, (max-width: 300px) 100vw, 300px" /></a>
			</dt></dl><br style="clear: both" /><dl class='gallery-item'>
			<dt class='gallery-icon landscape'>
				<a href='https://ucid.it/sezionegenova/wp-content/uploads/sites/58/2018/05/DSC02652.jpg'><img loading="lazy" decoding="async" width="300" height="200" src="https://ucid.it/sezionegenova/wp-content/uploads/sites/58/2018/05/DSC02652-300x200.jpg" class="attachment-medium size-medium" alt="" srcset="https://ucid.it/sezionegenova/wp-content/uploads/sites/58/2018/05/DSC02652-300x200.jpg 300w, https://ucid.it/sezionegenova/wp-content/uploads/sites/58/2018/05/DSC02652-768x512.jpg 768w, https://ucid.it/sezionegenova/wp-content/uploads/sites/58/2018/05/DSC02652-1024x683.jpg 1024w" sizes="auto, (max-width: 300px) 100vw, 300px" /></a>
			</dt></dl><dl class='gallery-item'>
			<dt class='gallery-icon landscape'>
				<a href='https://ucid.it/sezionegenova/wp-content/uploads/sites/58/2018/05/DSC02651.jpg'><img loading="lazy" decoding="async" width="300" height="200" src="https://ucid.it/sezionegenova/wp-content/uploads/sites/58/2018/05/DSC02651-300x200.jpg" class="attachment-medium size-medium" alt="" srcset="https://ucid.it/sezionegenova/wp-content/uploads/sites/58/2018/05/DSC02651-300x200.jpg 300w, https://ucid.it/sezionegenova/wp-content/uploads/sites/58/2018/05/DSC02651-768x512.jpg 768w, https://ucid.it/sezionegenova/wp-content/uploads/sites/58/2018/05/DSC02651-1024x683.jpg 1024w" sizes="auto, (max-width: 300px) 100vw, 300px" /></a>
			</dt></dl>
			<br style='clear: both' />
		</div>

<p>Venerdì 25 Maggio alle ore 18,15 presso la Sala del Capitano di Palazzo San Giorgio, si è tenuto l&#8217;incontro &#8220;Il laico e la sua identità. Ruolo e funzione dei laici nella Chiesa e nella Società&#8221; organizzato da UCID Genova, AMCI Genova e UGCI Genova. All&#8217;incontro sono intervenuti S.Em. il Cardinale Arcivescovo di Genova Angelo Bagnascoe [&hellip;]</p>
