{"id":41,"date":"2012-10-15T10:58:16","date_gmt":"2012-10-15T08:58:16","guid":{"rendered":"http:\/\/test.ucid.it\/gruppolazio\/?page_id=6"},"modified":"2015-04-27T15:10:34","modified_gmt":"2015-04-27T15:10:34","slug":"il-gruppo","status":"publish","type":"page","link":"https:\/\/ucid.it\/sezionepadova\/il-gruppo\/","title":{"rendered":"La Sezione"},"content":{"rendered":"<p>Pubblichiamo qui di seguito un&#8217;interessante intervista al cardinale Siri, che ripercorre la genesi dell&#8217;Ucid nazionale.<\/p>\n<p><strong>LA NASCITA DELL\u2019UCID<br \/>\nda un\u2019intervista al Card. Giuseppe Siri<\/strong><\/p>\n<p>Nei primi mesi del 1945 avemmo, con monsignor Torrazza dell&#8217;Onarmo la prima idea di raccogliere in <strong>un&#8217;associazione gli imprenditori che avessimo potuto convincere. <\/strong>. Ecco il corso dei nostri pensieri. Per avviare a soluzione ed equilibrare giustamente la questione sociale bisognava indurre la classe dirigente a ragionare in termini cristiani e morali. Sapevamo bene che per rendere pi\u00f9 facile la vita ai lavoratori era necessario tra l&#8217;altro far riflettere seriamente quelli che li guidavano. Io avevo sempre davanti l&#8217;esempio di Scipione, il pi\u00f9 grande generale della storia. Per liberare Roma, mentre Annibale era alle porte, lui asseriva che si doveva portare il teatro delle operazioni a Cartagine. L\u2019arditezza confinava con l&#8217;inverosimiglianza, ma il grande romano attu\u00f2 il piano e chiuse per sempre la questione cartaginese.<\/p>\n<p>Abbiamo detto: vogliamo aiutare la posizione dei lavoratori. <strong>Andiamo a ragionare di verit\u00e0 e di giustizia con quelli che li governano.<\/strong> Se cos\u00ec a Genova nel 1945 si cominci\u00f2 a tessere la tela, sapemmo che a Milano era sorta un&#8217;iniziativa analoga. Perch\u00e9 non metterei in contatto e vedere di marciare insieme? Un&#8217;associazione di imprenditori, questo ci era ben chiaro, non avrebbe avuto una reale influenza se non fosse divenuta &#8216;nazionale&#8217;.<br \/>\nSi profilava, dunque, il primo passo. L\u2019incontro avvenne e l&#8217;unione, per il momento solo morale, ci fu. Ma si dovette appianare una difficolt\u00e0 nella differenza di impostazione. A Genova si era ben con vinti di fare un\u2019associazione di chiaro e netto indirizzo cristiano, di sicura dottrina cristiana anche in campo sociale, ma che non fosse di Azione Cattolica. <\/p>\n<p>Sono sempre stato e rimango fervido assertore della necessit\u00e0 dell&#8217;Azione Cattolica; ero e sono altrettanto convinto che un&#8217;associazione di imprenditori non possa essere di Azione Cattolica. Dire che questa \u00e8 necessaria non significa davvero affermare, ad esempio, che le monache di clausura debbano farne parte. E\u2019 necessario che tutte le cose stiano al loro posto. E ad uomini abituati al comando, provenienti spesso da un ambiente di mondo che non ha offuscato la loro onest\u00e0, usi a decidere dei fatti loro in modo indipendente, non si poteva imporre e sarebbe stato nefasto imporre, la disciplina dell&#8217;Azione Cattolica. Ci voleva la forma del tutto democratica, le briglie dovevano restare nelle loro mani diversamente il carro non si sarebbe mosso. Restammo sempre fermi su queste posizioni con gli amici che si aggiunsero. A Milano invece si pensava con simpatia a fare un quadro dell&#8217;Azione Cattolica. Avvertimmo i nostri amici di Milano che in quel l&#8217;orientamento l&#8217;associazione non si sarebbe mai mossa. lo non so pronunciare la parola \u201cprevalere\u201d, ma il fatto, <em>sensim sine sensu<\/em>, fu che l&#8217;associazione ritenne giusta la impostazione fatta a Genova. Oggi con la saggezza del poi possiamo confermare: con diverso orientamento l&#8217;Ucid sarebbe rimasta una piccola e forse insignificante cosa.<\/p>\n","protected":false},"excerpt":{"rendered":"<p>Pubblichiamo qui di seguito un&#8217;interessante intervista al cardinale Siri, che ripercorre la genesi dell&#8217;Ucid nazionale. LA NASCITA DELL\u2019UCID da un\u2019intervista al Card. Giuseppe Siri Nei primi mesi del 1945 avemmo, con monsignor Torrazza dell&#8217;Onarmo la prima idea di raccogliere in un&#8217;associazione gli imprenditori che avessimo potuto convincere. . Ecco il corso dei nostri pensieri. Per [&hellip;]<\/p>\n","protected":false},"author":1,"featured_media":0,"parent":0,"menu_order":0,"comment_status":"closed","ping_status":"closed","template":"","meta":{"footnotes":""},"class_list":["post-41","page","type-page","status-publish","hentry"],"_links":{"self":[{"href":"https:\/\/ucid.it\/sezionepadova\/wp-json\/wp\/v2\/pages\/41","targetHints":{"allow":["GET"]}}],"collection":[{"href":"https:\/\/ucid.it\/sezionepadova\/wp-json\/wp\/v2\/pages"}],"about":[{"href":"https:\/\/ucid.it\/sezionepadova\/wp-json\/wp\/v2\/types\/page"}],"author":[{"embeddable":true,"href":"https:\/\/ucid.it\/sezionepadova\/wp-json\/wp\/v2\/users\/1"}],"replies":[{"embeddable":true,"href":"https:\/\/ucid.it\/sezionepadova\/wp-json\/wp\/v2\/comments?post=41"}],"version-history":[{"count":0,"href":"https:\/\/ucid.it\/sezionepadova\/wp-json\/wp\/v2\/pages\/41\/revisions"}],"wp:attachment":[{"href":"https:\/\/ucid.it\/sezionepadova\/wp-json\/wp\/v2\/media?parent=41"}],"curies":[{"name":"wp","href":"https:\/\/api.w.org\/{rel}","templated":true}]}}

<p>Pubblichiamo qui di seguito un&#8217;interessante intervista al cardinale Siri, che ripercorre la genesi dell&#8217;Ucid nazionale.</p>
<p><strong>LA NASCITA DELL’UCID<br />
da un’intervista al Card. Giuseppe Siri</strong></p>
<p>Nei primi mesi del 1945 avemmo, con monsignor Torrazza dell&#8217;Onarmo la prima idea di raccogliere in <strong>un&#8217;associazione gli imprenditori che avessimo potuto convincere. </strong>. Ecco il corso dei nostri pensieri. Per avviare a soluzione ed equilibrare giustamente la questione sociale bisognava indurre la classe dirigente a ragionare in termini cristiani e morali. Sapevamo bene che per rendere più facile la vita ai lavoratori era necessario tra l&#8217;altro far riflettere seriamente quelli che li guidavano. Io avevo sempre davanti l&#8217;esempio di Scipione, il più grande generale della storia. Per liberare Roma, mentre Annibale era alle porte, lui asseriva che si doveva portare il teatro delle operazioni a Cartagine. L’arditezza confinava con l&#8217;inverosimiglianza, ma il grande romano attuò il piano e chiuse per sempre la questione cartaginese.</p>
<p>Abbiamo detto: vogliamo aiutare la posizione dei lavoratori. <strong>Andiamo a ragionare di verità e di giustizia con quelli che li governano.</strong> Se così a Genova nel 1945 si cominciò a tessere la tela, sapemmo che a Milano era sorta un&#8217;iniziativa analoga. Perché non metterei in contatto e vedere di marciare insieme? Un&#8217;associazione di imprenditori, questo ci era ben chiaro, non avrebbe avuto una reale influenza se non fosse divenuta &#8216;nazionale&#8217;.<br />
Si profilava, dunque, il primo passo. L’incontro avvenne e l&#8217;unione, per il momento solo morale, ci fu. Ma si dovette appianare una difficoltà nella differenza di impostazione. A Genova si era ben con vinti di fare un’associazione di chiaro e netto indirizzo cristiano, di sicura dottrina cristiana anche in campo sociale, ma che non fosse di Azione Cattolica. </p>
<p>Sono sempre stato e rimango fervido assertore della necessità dell&#8217;Azione Cattolica; ero e sono altrettanto convinto che un&#8217;associazione di imprenditori non possa essere di Azione Cattolica. Dire che questa è necessaria non significa davvero affermare, ad esempio, che le monache di clausura debbano farne parte. E’ necessario che tutte le cose stiano al loro posto. E ad uomini abituati al comando, provenienti spesso da un ambiente di mondo che non ha offuscato la loro onestà, usi a decidere dei fatti loro in modo indipendente, non si poteva imporre e sarebbe stato nefasto imporre, la disciplina dell&#8217;Azione Cattolica. Ci voleva la forma del tutto democratica, le briglie dovevano restare nelle loro mani diversamente il carro non si sarebbe mosso. Restammo sempre fermi su queste posizioni con gli amici che si aggiunsero. A Milano invece si pensava con simpatia a fare un quadro dell&#8217;Azione Cattolica. Avvertimmo i nostri amici di Milano che in quel l&#8217;orientamento l&#8217;associazione non si sarebbe mai mossa. lo non so pronunciare la parola “prevalere”, ma il fatto, <em>sensim sine sensu</em>, fu che l&#8217;associazione ritenne giusta la impostazione fatta a Genova. Oggi con la saggezza del poi possiamo confermare: con diverso orientamento l&#8217;Ucid sarebbe rimasta una piccola e forse insignificante cosa.</p>
