{"id":151,"date":"2019-08-03T07:41:45","date_gmt":"2019-08-03T05:41:45","guid":{"rendered":"http:\/\/ucid.it\/sezionepordenone\/?page_id=151"},"modified":"2019-11-07T00:20:03","modified_gmt":"2019-11-06T23:20:03","slug":"presidente-giovanni-gabelli","status":"publish","type":"page","link":"https:\/\/ucid.it\/sezionepordenone\/presidente-giovanni-gabelli\/","title":{"rendered":"Presidente &#8211; Giovanni Gabelli"},"content":{"rendered":"<p><a href=\"http:\/\/ucid.it\/sezionepordenone\/wp-content\/uploads\/sites\/79\/2019\/08\/Giovanni_03.jpg\"><img loading=\"lazy\" decoding=\"async\" class=\"alignnone size-medium wp-image-152\" src=\"http:\/\/ucid.it\/sezionepordenone\/wp-content\/uploads\/sites\/79\/2019\/08\/Giovanni_03-300x229.jpg\" alt=\"\" width=\"300\" height=\"229\" srcset=\"https:\/\/ucid.it\/sezionepordenone\/wp-content\/uploads\/sites\/79\/2019\/08\/Giovanni_03-300x229.jpg 300w, https:\/\/ucid.it\/sezionepordenone\/wp-content\/uploads\/sites\/79\/2019\/08\/Giovanni_03-768x587.jpg 768w, https:\/\/ucid.it\/sezionepordenone\/wp-content\/uploads\/sites\/79\/2019\/08\/Giovanni_03-1024x782.jpg 1024w, https:\/\/ucid.it\/sezionepordenone\/wp-content\/uploads\/sites\/79\/2019\/08\/Giovanni_03.jpg 1414w\" sizes=\"auto, (max-width: 300px) 100vw, 300px\" \/><\/a><\/p>\n<p>Sono Giovanni Gabelli (1965), nato e residente ad Aviano, sposato con Stefania. Abbiamo 5 figli Francesco (22), Aurora (20), Alice (18), Silvia (12) ed Enrico (6).<\/p>\n<p>Dal 1997 sono titolare della Nuova Contec, un\u2019azienda specializzata nella produzione e vendita di attrezzature per la manutenzione di reti fognarie e acquedottistiche. Pur essendo una piccola realt\u00e0 ci impegniamo in continuazione per essere i migliori nel nostro campo fornendo un prodotto e servizio di qualit\u00e0 attento alle necessit\u00e0 del cliente e dell\u2019innovazione tecnologica e che produca valore nelle mani dei nostri clienti. In questi anni siamo cresciuti anche grazie a preziose collaborazioni con partner internazionali e la partecipazione a fiere internazionali di settore.<\/p>\n<p>La nostra forza \u00e8 la passione in quello che facciamo e la rete di relazioni e il desiderio di non fermarsi mai guardando il futuro con positivit\u00e0 ed ottimismo.<\/p>\n<p>Ho partecipato attivamente ai lavori di gruppi tecnici della Commissione Europea per la stesura di norme tecniche e investiamo nella formazione di noi stessi e dei nostri collaboratori.<\/p>\n<p>Insieme a mia moglie crediamo nel servizio sociale al territorio soprattutto nell\u2019ambito della famiglia e quindi, nonostante la fatica del lavoro e di una famiglia numerosa, siamo attivamente impegnati nell\u2019Associazione Nazionale famiglie Numerose come Coordinatori Regionali del Friuli Venezia Giulia. Ho inoltre accettato come una chiamata la proposta di diventare Presidente della Sezione UCID DI Pordenone.<\/p>\n<p>Mi sono spesso chiesto \u201cperch\u00e9 sono entrato in Ucid?\u201d La risposta pi\u00f9 sincera \u00e8 \u201cper seguire l\u2019esempio di mio padre\u201d. A lui devo la mia formazione e la grazia di trovarmi dove sono. La seconda risposta, pi\u00f9 elaborata, \u00e8 che ciascuno di noi, a partire dalla propria storia personale e familiare, non possa trattenere i talenti posseduti e pu\u00f2 dare tanto alla crescita del bene comune nella propria azienda e nel proprio vissuto. In Ucid ho trovato il luogo dove formarmi per attingere agli ideali di bene comune, solidariet\u00e0 e sussidiariet\u00e0 che costituiscono la bussola del nostro agire per favorire la creazione di ricchezza dalle nostre imprese.<\/p>\n\n\t\t<style type=\"text\/css\">\n\t\t\t#gallery-1 {\n\t\t\t\tmargin: auto;\n\t\t\t}\n\t\t\t#gallery-1 .gallery-item {\n\t\t\t\tfloat: left;\n\t\t\t\tmargin-top: 10px;\n\t\t\t\ttext-align: center;\n\t\t\t\twidth: 33%;\n\t\t\t}\n\t\t\t#gallery-1 img {\n\t\t\t\tborder: 2px solid #cfcfcf;\n\t\t\t}\n\t\t\t#gallery-1 .gallery-caption {\n\t\t\t\tmargin-left: 0;\n\t\t\t}\n\t\t\t\/* see gallery_shortcode() in wp-includes\/media.php *\/\n\t\t<\/style>\n\t\t<div id='gallery-1' class='gallery galleryid-151 gallery-columns-3 gallery-size-thumbnail'><dl class='gallery-item'>\n\t\t\t<dt class='gallery-icon landscape'>\n\t\t\t\t<a href='https:\/\/ucid.it\/sezionepordenone\/presidente-giovanni-gabelli\/sede-email\/'><img loading=\"lazy\" decoding=\"async\" width=\"150\" height=\"150\" src=\"https:\/\/ucid.it\/sezionepordenone\/wp-content\/uploads\/sites\/79\/2019\/08\/sede-email-150x150.jpg\" class=\"attachment-thumbnail size-thumbnail\" alt=\"\" \/><\/a>\n\t\t\t<\/dt><\/dl>\n\t\t\t<br style='clear: both' \/>\n\t\t<\/div>\n\n","protected":false},"excerpt":{"rendered":"<p>Sono Giovanni Gabelli (1965), nato e residente ad Aviano, sposato con Stefania. Abbiamo 5 figli Francesco (22), Aurora (20), Alice (18), Silvia (12) ed Enrico (6). Dal 1997 sono titolare della Nuova Contec, un\u2019azienda specializzata nella produzione e vendita di attrezzature per la manutenzione di reti fognarie e acquedottistiche. Pur essendo una piccola realt\u00e0 ci [&hellip;]<\/p>\n","protected":false},"author":199,"featured_media":152,"parent":0,"menu_order":0,"comment_status":"closed","ping_status":"closed","template":"","meta":{"footnotes":""},"class_list":["post-151","page","type-page","status-publish","has-post-thumbnail","hentry"],"_links":{"self":[{"href":"https:\/\/ucid.it\/sezionepordenone\/wp-json\/wp\/v2\/pages\/151","targetHints":{"allow":["GET"]}}],"collection":[{"href":"https:\/\/ucid.it\/sezionepordenone\/wp-json\/wp\/v2\/pages"}],"about":[{"href":"https:\/\/ucid.it\/sezionepordenone\/wp-json\/wp\/v2\/types\/page"}],"author":[{"embeddable":true,"href":"https:\/\/ucid.it\/sezionepordenone\/wp-json\/wp\/v2\/users\/199"}],"replies":[{"embeddable":true,"href":"https:\/\/ucid.it\/sezionepordenone\/wp-json\/wp\/v2\/comments?post=151"}],"version-history":[{"count":0,"href":"https:\/\/ucid.it\/sezionepordenone\/wp-json\/wp\/v2\/pages\/151\/revisions"}],"wp:featuredmedia":[{"embeddable":true,"href":"https:\/\/ucid.it\/sezionepordenone\/wp-json\/wp\/v2\/media\/152"}],"wp:attachment":[{"href":"https:\/\/ucid.it\/sezionepordenone\/wp-json\/wp\/v2\/media?parent=151"}],"curies":[{"name":"wp","href":"https:\/\/api.w.org\/{rel}","templated":true}]}}

<p><a href="http://ucid.it/sezionepordenone/wp-content/uploads/sites/79/2019/08/Giovanni_03.jpg"><img loading="lazy" decoding="async" class="alignnone size-medium wp-image-152" src="http://ucid.it/sezionepordenone/wp-content/uploads/sites/79/2019/08/Giovanni_03-300x229.jpg" alt="" width="300" height="229" srcset="https://ucid.it/sezionepordenone/wp-content/uploads/sites/79/2019/08/Giovanni_03-300x229.jpg 300w, https://ucid.it/sezionepordenone/wp-content/uploads/sites/79/2019/08/Giovanni_03-768x587.jpg 768w, https://ucid.it/sezionepordenone/wp-content/uploads/sites/79/2019/08/Giovanni_03-1024x782.jpg 1024w, https://ucid.it/sezionepordenone/wp-content/uploads/sites/79/2019/08/Giovanni_03.jpg 1414w" sizes="auto, (max-width: 300px) 100vw, 300px" /></a></p>
<p>Sono Giovanni Gabelli (1965), nato e residente ad Aviano, sposato con Stefania. Abbiamo 5 figli Francesco (22), Aurora (20), Alice (18), Silvia (12) ed Enrico (6).</p>
<p>Dal 1997 sono titolare della Nuova Contec, un’azienda specializzata nella produzione e vendita di attrezzature per la manutenzione di reti fognarie e acquedottistiche. Pur essendo una piccola realtà ci impegniamo in continuazione per essere i migliori nel nostro campo fornendo un prodotto e servizio di qualità attento alle necessità del cliente e dell’innovazione tecnologica e che produca valore nelle mani dei nostri clienti. In questi anni siamo cresciuti anche grazie a preziose collaborazioni con partner internazionali e la partecipazione a fiere internazionali di settore.</p>
<p>La nostra forza è la passione in quello che facciamo e la rete di relazioni e il desiderio di non fermarsi mai guardando il futuro con positività ed ottimismo.</p>
<p>Ho partecipato attivamente ai lavori di gruppi tecnici della Commissione Europea per la stesura di norme tecniche e investiamo nella formazione di noi stessi e dei nostri collaboratori.</p>
<p>Insieme a mia moglie crediamo nel servizio sociale al territorio soprattutto nell’ambito della famiglia e quindi, nonostante la fatica del lavoro e di una famiglia numerosa, siamo attivamente impegnati nell’Associazione Nazionale famiglie Numerose come Coordinatori Regionali del Friuli Venezia Giulia. Ho inoltre accettato come una chiamata la proposta di diventare Presidente della Sezione UCID DI Pordenone.</p>
<p>Mi sono spesso chiesto “perché sono entrato in Ucid?” La risposta più sincera è “per seguire l’esempio di mio padre”. A lui devo la mia formazione e la grazia di trovarmi dove sono. La seconda risposta, più elaborata, è che ciascuno di noi, a partire dalla propria storia personale e familiare, non possa trattenere i talenti posseduti e può dare tanto alla crescita del bene comune nella propria azienda e nel proprio vissuto. In Ucid ho trovato il luogo dove formarmi per attingere agli ideali di bene comune, solidarietà e sussidiarietà che costituiscono la bussola del nostro agire per favorire la creazione di ricchezza dalle nostre imprese.</p>

		<style type="text/css">
			#gallery-1 {
				margin: auto;
			}
			#gallery-1 .gallery-item {
				float: left;
				margin-top: 10px;
				text-align: center;
				width: 33%;
			}
			#gallery-1 img {
				border: 2px solid #cfcfcf;
			}
			#gallery-1 .gallery-caption {
				margin-left: 0;
			}
			/* see gallery_shortcode() in wp-includes/media.php */
		</style>
		<div id='gallery-1' class='gallery galleryid-151 gallery-columns-3 gallery-size-thumbnail'><dl class='gallery-item'>
			<dt class='gallery-icon landscape'>
				<a href='https://ucid.it/sezionepordenone/presidente-giovanni-gabelli/sede-email/'><img loading="lazy" decoding="async" width="150" height="150" src="https://ucid.it/sezionepordenone/wp-content/uploads/sites/79/2019/08/sede-email-150x150.jpg" class="attachment-thumbnail size-thumbnail" alt="" /></a>
			</dt></dl>
			<br style='clear: both' />
		</div>

<p>Sono Giovanni Gabelli (1965), nato e residente ad Aviano, sposato con Stefania. Abbiamo 5 figli Francesco (22), Aurora (20), Alice (18), Silvia (12) ed Enrico (6). Dal 1997 sono titolare della Nuova Contec, un’azienda specializzata nella produzione e vendita di attrezzature per la manutenzione di reti fognarie e acquedottistiche. Pur essendo una piccola realtà ci [&hellip;]</p>
