{"id":42,"date":"2012-10-15T10:58:36","date_gmt":"2012-10-15T08:58:36","guid":{"rendered":"http:\/\/test.ucid.it\/gruppolazio\/?page_id=8"},"modified":"2021-03-12T09:19:10","modified_gmt":"2021-03-12T08:19:10","slug":"statuto","status":"publish","type":"page","link":"https:\/\/ucid.it\/sezionepordenone\/statuto\/","title":{"rendered":"Statuto"},"content":{"rendered":"<h1 style=\"text-align: center\">UCID<\/h1>\n<h2 style=\"text-align: center\">UNIONE CRISTIANA IMPRENDITORI DIRIGENTI<\/h2>\n<h2 style=\"text-align: center\">SEZIONE DI PORDENONE<\/h2>\n<p style=\"text-align: center\">Via Revedole, 1 -33170 PORDENONE<\/p>\n<p>&nbsp;<\/p>\n<h3 style=\"text-align: center\">REGOLAMENTO<\/h3>\n<p style=\"text-align: center\">Della Sezione UCID di Pordenone<\/p>\n<h2><\/h2>\n<h3>Art.1 \u2013 COSTITUZIONE<\/h3>\n<p>E&#8217; costituita la Sezione provinciale di Pordenone dell&#8217;U.C.I.D Unione Cristiana lmprenditori Dirigenti &#8211; con sede a Pordenone in Via Revedole n.1.<\/p>\n<p>La Sezione fa parte del Gruppo Regionale del Friuli-Venezia-Giulia.<\/p>\n<p>&nbsp;<\/p>\n<h3>Art 2 &#8211; SCOPI<\/h3>\n<p>La Sezione si propone di realizzare, nell&#8217;ambito della sua competenza, i fini e gli scopi dell U.C.I.D. Unione\u00a0 Cristiana Imprenditori Dirigenti secondo l&#8217;art. 2 dello Statuto Nazionale e precisamente:<\/p>\n<ol>\n<li>la conoscenza, l&#8217;attuazione e la diffusione della dottrina sociale della Chiesa;<\/li>\n<li>la formazione cristiana dei suoi iscritti e lo sviluppo di una moralit\u00e0 professionale alla luce dei principi cristiani della morale cattolica;<\/li>\n<li>lo studio e l&#8217;attuazione di iniziative svolte a conformare l&#8217;attivit\u00e0 delle imprese ai principi della Dottrina Sociale della Chiesa e ad assicurare una efficace ed equa collaborazione fra i soggetti dell&#8217;impresa, ponendo la persona al centro dell&#8217;attivit\u00e0 economica e favorendo la solidariet\u00e0 contro ogni discriminazione.<br \/>\nln tale ambito la Sezione non potr\u00e0 svolgere attivit\u00e0 diverse da quelle sopra indicate, ad eccezione di quelle ad esse direttamente connesse.<br \/>\nLa sua attivit\u00e0 non ha fini di lucro.<\/li>\n<\/ol>\n<h2><\/h2>\n<h3>Art. 3 &#8211; SOCI<\/h3>\n<p>I Soci si dividono in Effettivi ed Onorari.<\/p>\n<p>Possono essere Soci Effettivi lmprenditori e Dirigenti d&#8217;impresa.<\/p>\n<p>Possono altres\u00ec essere Soci i dirigenti delle amministrazioni pubbliche e di associazioni senza fii di lucro, nonch\u00e9 liberi professionisti e docenti universitari, che a diverso titolo contribuiscano all&#8217;attivit\u00e0 dell&#8217;impresa.<\/p>\n<p>Gli aspiranti Soci faranno domanda per essere\u00a0 ammessi; spetta al Consiglio Direttivo<\/p>\n<p>accogliere o meno, insindacabilmente, la loro domanda.<\/p>\n<p>I Soci si impegnano a versare alla Sezione un contributo in misura non inferiore a quanto attualmente stabilito dal Consiglio Direttivo.<\/p>\n<p>I Soci cessano di appartenere alla Sezione per dimissioni o in seguito a decisione motivata del Consiglio Direttivo o per morosit\u00e0 nel pagamento delle quote sociali.<\/p>\n<p>Sono Soci Onorari coloro che, anche indipendentemente dalla professione svolta, abbiano acquisito particolari benemerenze nei riguardi della Sezione.<\/p>\n<p>Essi sono nominati dal Consiglio Direttivo, non sono tenuti al pagamento delle quote e non hanno diritto al voto.<\/p>\n<p>&nbsp;<\/p>\n<h3>Art. 4 &#8211; ASSEMBLEA<\/h3>\n<p>L Assemblea, \u00e8 costituita dai Soci in regola con il pagamento delle quote.<\/p>\n<p>Le Assemblee, tanto ordinarie che straordinarie, sono valide in prima convocazione con la presenza di almeno la met\u00e0 pi\u00f9 uno dei Soci.<\/p>\n<p>In seconda convocazione sono valide con la presenza di un quinto dei Soci. Sono ammesse le deleghe in numero non superiore a due per ciascun Socio.<\/p>\n<p>L&#8217;Assemblea delibera a maggioranza assoluta dei votanti.<\/p>\n<p>Quando le deliberazioni riguardano persone la votazione avviene di norma a schede segrete.<\/p>\n<p>Sar\u00e0 tuttavia valida la votazione per acclamazione.<\/p>\n<p>Delle delibere assembleari si rediger\u00e0 verbale.<\/p>\n<p>&nbsp;<\/p>\n<p>L Assemblea Ordinaria \u00e8 convocata dal Presidente del Consiglio mediante avviso spedito ai Soci, almeno 10 giorni prima con l&#8217;indicazione del giorno, dell&#8217;ora e del luogo della convocazione e con l&#8217;elenco delle materie da trattare. L&#8217;avviso deve fissare anche la seconda convocazione, distanziata almeno un&#8217;ora dalla prima.<\/p>\n<p>L&#8217;Assemblea Ordinaria:<\/p>\n<ol>\n<li>approva la relazione morale del Presidente e quella finanziaria presentata dal Consiglio, sull&#8217;attivit\u00e0 annuale svolta dalla Sezione;<\/li>\n<li>nomina i Consiglieri ed i Revisori dei Conti,<\/li>\n<li>delibera su ogni argomento che viene sottoposto dal Consiglio.<\/li>\n<\/ol>\n<p>&nbsp;<\/p>\n<p>L Assemblea Straordinaria \u00e8 convocata dal Presidente del Consiglio ogni qualvolta sar\u00e0 da questo ritenuto necessario, o quando almeno i 2\/5 dei Soci Effettivi ne facciano richiesta firmata.<\/p>\n<p>Essa:<\/p>\n<ol>\n<li>approva il Regolamento della Sezione e le sue successive modifiche;<\/li>\n<li>delibera lo scioglimento della Sezione e ne nomina i liquidatori;<\/li>\n<li>delibera tutti gli argomenti di carattere straordinario.<\/li>\n<\/ol>\n<p>&nbsp;<\/p>\n<h3>Art. 5 &#8211; ORGANI DIRETTIVI<\/h3>\n<p>Organi della Sezione sono:<\/p>\n<ol>\n<li>il Consiglio Direttivo della Sezione;<\/li>\n<li>il Comitato di Presidenza;<\/li>\n<li>il Presidente;<\/li>\n<li>il Segretario;<\/li>\n<li>il Tesoriere,<\/li>\n<\/ol>\n<p>&nbsp;<\/p>\n<h3>Art. 6 &#8211; CONSIGLIO DIRETTIVO DI SEZlONE<\/h3>\n<p>La Sezione \u00e8 retta da un Consiglio Direttivo composto da:<\/p>\n<ul>\n<li>un minimo di tre ad un massimo di undici membri, secondo le deliberazioni e determinazioni dell&#8217;Assemblea che procede alla nomina;<\/li>\n<li>da altri membri eventualmente cooptati dai Consiglieri eletti, fino ad un massimo di quattro con il criterio di assicurare al Consiglio la massima rappresentativit\u00e0 per settori operativi e per zone territoriali.<\/li>\n<\/ul>\n<p>&nbsp;<\/p>\n<p>Tutti i Consiglieri devono essere Soci Effettivi.<\/p>\n<p>Il Consiglio nomina fra i suoi componenti: il Presidente della Sezione, un massimo di due VicePresidenti, il Segretario ed il Tesoriere.<\/p>\n<p>Per la validit\u00e0 delle deliberazioni occorre la presenza di almeno la met\u00e0 pi\u00f9 uno dei Consiglieri.<\/p>\n<p>Le deliberazioni sono prese a maggioranza; in caso di parit\u00e0 prevale il voto di chi presiede. Venendo a mancare qualche Consigliere eletto il Consiglio provvede alla cooptazione. In tal caso il nuovo Consigliere cessa alla scadenza del mandato conferito al suo predecessore.<\/p>\n<p>Il Consiglio dura in carica tre anni. Tutti i Soci componenti sono rieleggibili .<\/p>\n<h2><\/h2>\n<h3>Art. 7 &#8211;\u00a0 COMPITI DEL CONSIGLIO<\/h3>\n<p>Al Consiglio spetta:<\/p>\n<ol>\n<li>la realizzazione dei fini e degli scopi della Sezione;<\/li>\n<li>l&#8217;organizzazione della Sezione;<\/li>\n<li>l&#8217;adozione dei provvedimenti, economici;<\/li>\n<li>l&#8217;esame e l&#8217;approvazione o l&#8217;eventuale ratifica dei programmi operativi;<\/li>\n<li>tutte le iniziative che siano nell&#8217;interesse della Sezione e quanto non sia specificatamente compito dell&#8217;Assemblea.<\/li>\n<\/ol>\n<p>&nbsp;<\/p>\n<h3>Art. 8 &#8211;\u00a0 COMITATO DI PRESIDENZA<\/h3>\n<p>Il Presidente, i Vice Presidenti, il Segretario ed il Tesoriere costituiscono il Comitato di Presidenza.<\/p>\n<p>Al Comitato di Presidenza spetta:<\/p>\n<ol>\n<li>l&#8217;attuazione dei deliberati del Consiglio;<\/li>\n<li>la facolt\u00e0 di prendere eventuali deliberazioni di urgenza da sottoporre alla ratifica del Consiglio nella prima riunione.<\/li>\n<\/ol>\n<h2><\/h2>\n<h3>Art. 9 &#8211;\u00a0 PRESIDENTE DELLA SEZIONE<\/h3>\n<p>Il Presidente:<\/p>\n<ol>\n<li>convoca e presiede l&#8221;Assemblea, il Consiglio Direttivo ed il Comitato di Presidenza;<\/li>\n<li>ha la rappresentanza della Sezione;<\/li>\n<li>ha la firma sociale ad ogni effetto.<\/li>\n<\/ol>\n<p>&nbsp;<\/p>\n<p>ll Vice Presidente pi\u00f9 anziano o in sua assenza l&#8217;altro Vice Presidente, sostituiscono il Presidente in caso di assenza o impedimento, con stessi poteri.<\/p>\n<p>&nbsp;<\/p>\n<h3>Art.10 &#8211;\u00a0 SEGRETARIO DELLA SEZIONE<\/h3>\n<p>Al Segretario della Sezione compete:<\/p>\n<ol>\n<li>la promozione, lo sviluppo ed il coordinamento delle iniziative sociali, nonch\u00e9 tutto ci\u00f2 che \u00e8 volto alla realizzazione dei fini statutari della Sezione.<\/li>\n<\/ol>\n<p>Il Segretario della Sezione \u00e8 anche Segretario del Consiglio Direttivo e dell&#8217;Assemblea, quando questa non provveda diversamente.<\/p>\n<h2><\/h2>\n<h3>Art.11 &#8211;\u00a0 TESORIERE<\/h3>\n<p>Al Tesoriere della Sezione compete:<\/p>\n<ol>\n<li>a) compiere gli atti relativi alla contabilit\u00e0 della Sezione, ai pagamenti ed alle riscossioni regolarmente deliberate.<\/li>\n<li>b) il reperimento dei mezzi finanziari ed il loro pi\u00f9 opportuno impiego secondo le esigenze operative della Sezione.<\/li>\n<\/ol>\n<p>&nbsp;<\/p>\n<h3>Art.12 &#8211;\u00a0 REVISORl DEI CONTI<\/h3>\n<p>I Revisori dei Conti sono nominati tra i Soci effettivi dall&#8217;Assemblea in numero di due.<\/p>\n<p>Essi durano in carica tre anni e comunque sino all&#8217;approvazione del bilancio dell&#8217;esercizio trascorso.<\/p>\n<p>I Revisori controllano individualmente e collegialmente la contabilit\u00e0 e gli atti della Sezione riferendone al Consiglio ed all&#8217;Assemblea e redigendo verbale.<\/p>\n<p>&nbsp;<\/p>\n<h3>Art. 13 &#8211;\u00a0 CONSULENTE ECCLESIASTICO<\/h3>\n<p>La Sezione ha un Consulente Ecclesiastico, nominato ai sensi dell&#8217;art. 12 dello Statuto Nazionale dell&#8217;U.C.I.D. con compiti di assistenza e consulenza in materia religiosa e morale nei confronti dei Soci e per tutte le iniziative della Sezione; assiste alle Assemblee, alle sedute del Consiglio e del Comitato di Presidenza.<\/p>\n<p>&nbsp;<\/p>\n<h3>Art. 14\u00a0 &#8211; CARICHE SOCIALI<\/h3>\n<p>Tutte le cariche sociali sono gratuite.<\/p>\n<p>E&#8217; parimenti vietato distribuire, anche in modo indiretto, utili o avanzi di gestione, fondi o riserve, salvo quanto imposto per legge o venga effettuato a favore di altre Organizzazioni\u00a0 cui la Sezione sia tenuta per legge, statuto o regolamento.<\/p>\n<p>&nbsp;<\/p>\n<h3>Art.15 &#8211;\u00a0 SCIOGLIMENTO E LIQUlDAZIONE<\/h3>\n<p>In caso di scioglimento della Sezione per qualunque causa, i liquidatori nominati ai sensi dell&#8217;art. 4, dovranno devolvere il patrimonio della Sezione ad una o pi\u00f9 organizzazioni non lucrative o di utilit\u00e0\u00a0 sociale od a fini di pubblica utilit\u00e0, secondo le norme di legge.<\/p>\n<p>&nbsp;<\/p>\n<h3>Art. 16 &#8211; CLAUSOLA COMPROMISSORIA<\/h3>\n<p>Per l&#8221;interpretazione del presente Regolamento e per la composizione di qualsivoglia divergenza saranno nominati due arbitri, designati dalle parti in contrasto, che nomineranno un terzo arbitro con funzioni di Presidente; in difetto di accordo il terzo arbitro sar\u00e0 nominato dal Presidente della Sezione.<\/p>\n","protected":false},"excerpt":{"rendered":"<p>UCID UNIONE CRISTIANA IMPRENDITORI DIRIGENTI SEZIONE DI PORDENONE Via Revedole, 1 -33170 PORDENONE &nbsp; REGOLAMENTO Della Sezione UCID di Pordenone Art.1 \u2013 COSTITUZIONE E&#8217; costituita la Sezione provinciale di Pordenone dell&#8217;U.C.I.D Unione Cristiana lmprenditori Dirigenti &#8211; con sede a Pordenone in Via Revedole n.1. La Sezione fa parte del Gruppo Regionale del Friuli-Venezia-Giulia. &nbsp; Art [&hellip;]<\/p>\n","protected":false},"author":1,"featured_media":0,"parent":0,"menu_order":0,"comment_status":"open","ping_status":"open","template":"","meta":{"footnotes":""},"class_list":["post-42","page","type-page","status-publish","hentry"],"_links":{"self":[{"href":"https:\/\/ucid.it\/sezionepordenone\/wp-json\/wp\/v2\/pages\/42","targetHints":{"allow":["GET"]}}],"collection":[{"href":"https:\/\/ucid.it\/sezionepordenone\/wp-json\/wp\/v2\/pages"}],"about":[{"href":"https:\/\/ucid.it\/sezionepordenone\/wp-json\/wp\/v2\/types\/page"}],"author":[{"embeddable":true,"href":"https:\/\/ucid.it\/sezionepordenone\/wp-json\/wp\/v2\/users\/1"}],"replies":[{"embeddable":true,"href":"https:\/\/ucid.it\/sezionepordenone\/wp-json\/wp\/v2\/comments?post=42"}],"version-history":[{"count":0,"href":"https:\/\/ucid.it\/sezionepordenone\/wp-json\/wp\/v2\/pages\/42\/revisions"}],"wp:attachment":[{"href":"https:\/\/ucid.it\/sezionepordenone\/wp-json\/wp\/v2\/media?parent=42"}],"curies":[{"name":"wp","href":"https:\/\/api.w.org\/{rel}","templated":true}]}}

<h1 style="text-align: center">UCID</h1>
<h2 style="text-align: center">UNIONE CRISTIANA IMPRENDITORI DIRIGENTI</h2>
<h2 style="text-align: center">SEZIONE DI PORDENONE</h2>
<p style="text-align: center">Via Revedole, 1 -33170 PORDENONE</p>
<p>&nbsp;</p>
<h3 style="text-align: center">REGOLAMENTO</h3>
<p style="text-align: center">Della Sezione UCID di Pordenone</p>
<h2></h2>
<h3>Art.1 – COSTITUZIONE</h3>
<p>E&#8217; costituita la Sezione provinciale di Pordenone dell&#8217;U.C.I.D Unione Cristiana lmprenditori Dirigenti &#8211; con sede a Pordenone in Via Revedole n.1.</p>
<p>La Sezione fa parte del Gruppo Regionale del Friuli-Venezia-Giulia.</p>
<p>&nbsp;</p>
<h3>Art 2 &#8211; SCOPI</h3>
<p>La Sezione si propone di realizzare, nell&#8217;ambito della sua competenza, i fini e gli scopi dell U.C.I.D. Unione  Cristiana Imprenditori Dirigenti secondo l&#8217;art. 2 dello Statuto Nazionale e precisamente:</p>
<ol>
<li>la conoscenza, l&#8217;attuazione e la diffusione della dottrina sociale della Chiesa;</li>
<li>la formazione cristiana dei suoi iscritti e lo sviluppo di una moralità professionale alla luce dei principi cristiani della morale cattolica;</li>
<li>lo studio e l&#8217;attuazione di iniziative svolte a conformare l&#8217;attività delle imprese ai principi della Dottrina Sociale della Chiesa e ad assicurare una efficace ed equa collaborazione fra i soggetti dell&#8217;impresa, ponendo la persona al centro dell&#8217;attività economica e favorendo la solidarietà contro ogni discriminazione.<br />
ln tale ambito la Sezione non potrà svolgere attività diverse da quelle sopra indicate, ad eccezione di quelle ad esse direttamente connesse.<br />
La sua attività non ha fini di lucro.</li>
</ol>
<h2></h2>
<h3>Art. 3 &#8211; SOCI</h3>
<p>I Soci si dividono in Effettivi ed Onorari.</p>
<p>Possono essere Soci Effettivi lmprenditori e Dirigenti d&#8217;impresa.</p>
<p>Possono altresì essere Soci i dirigenti delle amministrazioni pubbliche e di associazioni senza fii di lucro, nonché liberi professionisti e docenti universitari, che a diverso titolo contribuiscano all&#8217;attività dell&#8217;impresa.</p>
<p>Gli aspiranti Soci faranno domanda per essere  ammessi; spetta al Consiglio Direttivo</p>
<p>accogliere o meno, insindacabilmente, la loro domanda.</p>
<p>I Soci si impegnano a versare alla Sezione un contributo in misura non inferiore a quanto attualmente stabilito dal Consiglio Direttivo.</p>
<p>I Soci cessano di appartenere alla Sezione per dimissioni o in seguito a decisione motivata del Consiglio Direttivo o per morosità nel pagamento delle quote sociali.</p>
<p>Sono Soci Onorari coloro che, anche indipendentemente dalla professione svolta, abbiano acquisito particolari benemerenze nei riguardi della Sezione.</p>
<p>Essi sono nominati dal Consiglio Direttivo, non sono tenuti al pagamento delle quote e non hanno diritto al voto.</p>
<p>&nbsp;</p>
<h3>Art. 4 &#8211; ASSEMBLEA</h3>
<p>L Assemblea, è costituita dai Soci in regola con il pagamento delle quote.</p>
<p>Le Assemblee, tanto ordinarie che straordinarie, sono valide in prima convocazione con la presenza di almeno la metà più uno dei Soci.</p>
<p>In seconda convocazione sono valide con la presenza di un quinto dei Soci. Sono ammesse le deleghe in numero non superiore a due per ciascun Socio.</p>
<p>L&#8217;Assemblea delibera a maggioranza assoluta dei votanti.</p>
<p>Quando le deliberazioni riguardano persone la votazione avviene di norma a schede segrete.</p>
<p>Sarà tuttavia valida la votazione per acclamazione.</p>
<p>Delle delibere assembleari si redigerà verbale.</p>
<p>&nbsp;</p>
<p>L Assemblea Ordinaria è convocata dal Presidente del Consiglio mediante avviso spedito ai Soci, almeno 10 giorni prima con l&#8217;indicazione del giorno, dell&#8217;ora e del luogo della convocazione e con l&#8217;elenco delle materie da trattare. L&#8217;avviso deve fissare anche la seconda convocazione, distanziata almeno un&#8217;ora dalla prima.</p>
<p>L&#8217;Assemblea Ordinaria:</p>
<ol>
<li>approva la relazione morale del Presidente e quella finanziaria presentata dal Consiglio, sull&#8217;attività annuale svolta dalla Sezione;</li>
<li>nomina i Consiglieri ed i Revisori dei Conti,</li>
<li>delibera su ogni argomento che viene sottoposto dal Consiglio.</li>
</ol>
<p>&nbsp;</p>
<p>L Assemblea Straordinaria è convocata dal Presidente del Consiglio ogni qualvolta sarà da questo ritenuto necessario, o quando almeno i 2/5 dei Soci Effettivi ne facciano richiesta firmata.</p>
<p>Essa:</p>
<ol>
<li>approva il Regolamento della Sezione e le sue successive modifiche;</li>
<li>delibera lo scioglimento della Sezione e ne nomina i liquidatori;</li>
<li>delibera tutti gli argomenti di carattere straordinario.</li>
</ol>
<p>&nbsp;</p>
<h3>Art. 5 &#8211; ORGANI DIRETTIVI</h3>
<p>Organi della Sezione sono:</p>
<ol>
<li>il Consiglio Direttivo della Sezione;</li>
<li>il Comitato di Presidenza;</li>
<li>il Presidente;</li>
<li>il Segretario;</li>
<li>il Tesoriere,</li>
</ol>
<p>&nbsp;</p>
<h3>Art. 6 &#8211; CONSIGLIO DIRETTIVO DI SEZlONE</h3>
<p>La Sezione è retta da un Consiglio Direttivo composto da:</p>
<ul>
<li>un minimo di tre ad un massimo di undici membri, secondo le deliberazioni e determinazioni dell&#8217;Assemblea che procede alla nomina;</li>
<li>da altri membri eventualmente cooptati dai Consiglieri eletti, fino ad un massimo di quattro con il criterio di assicurare al Consiglio la massima rappresentatività per settori operativi e per zone territoriali.</li>
</ul>
<p>&nbsp;</p>
<p>Tutti i Consiglieri devono essere Soci Effettivi.</p>
<p>Il Consiglio nomina fra i suoi componenti: il Presidente della Sezione, un massimo di due VicePresidenti, il Segretario ed il Tesoriere.</p>
<p>Per la validità delle deliberazioni occorre la presenza di almeno la metà più uno dei Consiglieri.</p>
<p>Le deliberazioni sono prese a maggioranza; in caso di parità prevale il voto di chi presiede. Venendo a mancare qualche Consigliere eletto il Consiglio provvede alla cooptazione. In tal caso il nuovo Consigliere cessa alla scadenza del mandato conferito al suo predecessore.</p>
<p>Il Consiglio dura in carica tre anni. Tutti i Soci componenti sono rieleggibili .</p>
<h2></h2>
<h3>Art. 7 &#8211;  COMPITI DEL CONSIGLIO</h3>
<p>Al Consiglio spetta:</p>
<ol>
<li>la realizzazione dei fini e degli scopi della Sezione;</li>
<li>l&#8217;organizzazione della Sezione;</li>
<li>l&#8217;adozione dei provvedimenti, economici;</li>
<li>l&#8217;esame e l&#8217;approvazione o l&#8217;eventuale ratifica dei programmi operativi;</li>
<li>tutte le iniziative che siano nell&#8217;interesse della Sezione e quanto non sia specificatamente compito dell&#8217;Assemblea.</li>
</ol>
<p>&nbsp;</p>
<h3>Art. 8 &#8211;  COMITATO DI PRESIDENZA</h3>
<p>Il Presidente, i Vice Presidenti, il Segretario ed il Tesoriere costituiscono il Comitato di Presidenza.</p>
<p>Al Comitato di Presidenza spetta:</p>
<ol>
<li>l&#8217;attuazione dei deliberati del Consiglio;</li>
<li>la facoltà di prendere eventuali deliberazioni di urgenza da sottoporre alla ratifica del Consiglio nella prima riunione.</li>
</ol>
<h2></h2>
<h3>Art. 9 &#8211;  PRESIDENTE DELLA SEZIONE</h3>
<p>Il Presidente:</p>
<ol>
<li>convoca e presiede l&#8221;Assemblea, il Consiglio Direttivo ed il Comitato di Presidenza;</li>
<li>ha la rappresentanza della Sezione;</li>
<li>ha la firma sociale ad ogni effetto.</li>
</ol>
<p>&nbsp;</p>
<p>ll Vice Presidente più anziano o in sua assenza l&#8217;altro Vice Presidente, sostituiscono il Presidente in caso di assenza o impedimento, con stessi poteri.</p>
<p>&nbsp;</p>
<h3>Art.10 &#8211;  SEGRETARIO DELLA SEZIONE</h3>
<p>Al Segretario della Sezione compete:</p>
<ol>
<li>la promozione, lo sviluppo ed il coordinamento delle iniziative sociali, nonché tutto ciò che è volto alla realizzazione dei fini statutari della Sezione.</li>
</ol>
<p>Il Segretario della Sezione è anche Segretario del Consiglio Direttivo e dell&#8217;Assemblea, quando questa non provveda diversamente.</p>
<h2></h2>
<h3>Art.11 &#8211;  TESORIERE</h3>
<p>Al Tesoriere della Sezione compete:</p>
<ol>
<li>a) compiere gli atti relativi alla contabilità della Sezione, ai pagamenti ed alle riscossioni regolarmente deliberate.</li>
<li>b) il reperimento dei mezzi finanziari ed il loro più opportuno impiego secondo le esigenze operative della Sezione.</li>
</ol>
<p>&nbsp;</p>
<h3>Art.12 &#8211;  REVISORl DEI CONTI</h3>
<p>I Revisori dei Conti sono nominati tra i Soci effettivi dall&#8217;Assemblea in numero di due.</p>
<p>Essi durano in carica tre anni e comunque sino all&#8217;approvazione del bilancio dell&#8217;esercizio trascorso.</p>
<p>I Revisori controllano individualmente e collegialmente la contabilità e gli atti della Sezione riferendone al Consiglio ed all&#8217;Assemblea e redigendo verbale.</p>
<p>&nbsp;</p>
<h3>Art. 13 &#8211;  CONSULENTE ECCLESIASTICO</h3>
<p>La Sezione ha un Consulente Ecclesiastico, nominato ai sensi dell&#8217;art. 12 dello Statuto Nazionale dell&#8217;U.C.I.D. con compiti di assistenza e consulenza in materia religiosa e morale nei confronti dei Soci e per tutte le iniziative della Sezione; assiste alle Assemblee, alle sedute del Consiglio e del Comitato di Presidenza.</p>
<p>&nbsp;</p>
<h3>Art. 14  &#8211; CARICHE SOCIALI</h3>
<p>Tutte le cariche sociali sono gratuite.</p>
<p>E&#8217; parimenti vietato distribuire, anche in modo indiretto, utili o avanzi di gestione, fondi o riserve, salvo quanto imposto per legge o venga effettuato a favore di altre Organizzazioni  cui la Sezione sia tenuta per legge, statuto o regolamento.</p>
<p>&nbsp;</p>
<h3>Art.15 &#8211;  SCIOGLIMENTO E LIQUlDAZIONE</h3>
<p>In caso di scioglimento della Sezione per qualunque causa, i liquidatori nominati ai sensi dell&#8217;art. 4, dovranno devolvere il patrimonio della Sezione ad una o più organizzazioni non lucrative o di utilità  sociale od a fini di pubblica utilità, secondo le norme di legge.</p>
<p>&nbsp;</p>
<h3>Art. 16 &#8211; CLAUSOLA COMPROMISSORIA</h3>
<p>Per l&#8221;interpretazione del presente Regolamento e per la composizione di qualsivoglia divergenza saranno nominati due arbitri, designati dalle parti in contrasto, che nomineranno un terzo arbitro con funzioni di Presidente; in difetto di accordo il terzo arbitro sarà nominato dal Presidente della Sezione.</p>
