{"id":41,"date":"2012-10-15T10:58:16","date_gmt":"2012-10-15T08:58:16","guid":{"rendered":"http:\/\/test.ucid.it\/gruppolazio\/?page_id=6"},"modified":"2023-05-29T22:54:50","modified_gmt":"2023-05-29T20:54:50","slug":"il-gruppo","status":"publish","type":"page","link":"https:\/\/ucid.it\/sezionereggioemilia\/il-gruppo\/","title":{"rendered":"La Sezione"},"content":{"rendered":"<p><strong>Chi siamo<br \/>\n<\/strong><\/p>\n<p>L&#8217;Associazione UCID Reggio Emilia \u00e8 una sezione locale dell&#8217;Unione Cristiana Imprenditori Dirigenti (UCID), organizzazione nazionale che riunisce imprenditori, dirigenti e professionisti impegnati nella promozione di etica, solidariet\u00e0 e sviluppo sostenibile nel mondo del lavoro secondo le linee della Dottrina Sociale della Chiesa Cattolica.<\/p>\n<p><strong>La nostra storia<\/strong><\/p>\n<p>La sezione locale di Reggio Emilia \u00e8 stata fondata l&#8217;11 giugno 1954 da un gruppo di imprenditori e professionisti che condividevano la visione e i valori dell&#8217;UCID a livello nazionale. Da allora, la nostra sezione ha lavorato attivamente per diffondere questi principi nella comunit\u00e0 imprenditoriale e professionale della nostra citt\u00e0 e dei suoi dintorni.<\/p>\n<p><strong>Le nostre attivit\u00e0<\/strong><\/p>\n<p>La sezione locale UCID Reggio Emilia organizza e promuove iniziative ed eventi, tra cui:<\/p>\n<ol>\n<li>Formazione e networking: annualmente organizziamo seminari, workshop e incontri tra imprenditori per favorire la crescita professionale, il confronto e la collaborazione tra i nostri soci. Anche durante la pandemia non ci siamo mai fermati, passando al formato &#8220;online&#8221; i nostri eventi associativi.<\/li>\n<li>Responsabilit\u00e0 sociale: UCID Reggio Emilia sostiene attivamente iniziative di solidariet\u00e0 e progetti di responsabilit\u00e0 sociale d&#8217;impresa, promuovendo l&#8217;etica nella conduzione degli affari e l&#8217;attenzione per le esigenze della comunit\u00e0.<\/li>\n<li>Collaborazione con le istituzioni: abbiamo instaurato rapporti di collaborazione con enti pubblici e privati, partecipando attivamente al dialogo e al confronto sulle politiche economiche e sociali a livello locale e regionale.<\/li>\n<li>Cultura e spiritualit\u00e0: l&#8217;associazione promuove la diffusione della cultura e dei valori cattolici tra gli imprenditori, organizzando eventi culturali, momenti di riflessione e ritiri spirituali.<\/li>\n<\/ol>\n<p>E&#8217; sempre vivo il rapporto con la Diocesi di Reggio Emilia e Guastalla, anche tramite il nostro consulente spirituale. Attualmente Mons. Alberto Nicelli.<\/p>\n<p><strong>Il nostro impegno<\/strong><\/p>\n<p>La sezione locale UCID Reggio Emilia \u00e8 profondamente impegnata nel contribuire al miglioramento della qualit\u00e0 della vita e al progresso sociale ed economico della nostra comunit\u00e0. Siamo orgogliosi del lavoro svolto fino ad oggi e continueremo a promuovere i valori dell&#8217;etica, della solidariet\u00e0 e della Dottrina Sociale della Chiesa, secondo i principi contenuti nella Carta dei Valori UCID nel mondo imprenditoriale e professionale della provincia di Reggio Emilia.<\/p>\n<p><strong>Vuoi unirti a noi?<\/strong><\/p>\n<p>Se condividi la nostra visione e desideri unirti alla sezione UCID Reggio Emilia, visita la pagina &#8220;Diventare Socio&#8221; per scoprire come fare.<\/p>\n<p>Per ulteriori informazioni sulle nostre attivit\u00e0 e iniziative, non esitare a contattarci tramite la nostra pagina &#8220;Contatti&#8221;.<\/p>\n","protected":false},"excerpt":{"rendered":"<p>Chi siamo L&#8217;Associazione UCID Reggio Emilia \u00e8 una sezione locale dell&#8217;Unione Cristiana Imprenditori Dirigenti (UCID), organizzazione nazionale che riunisce imprenditori, dirigenti e professionisti impegnati nella promozione di etica, solidariet\u00e0 e sviluppo sostenibile nel mondo del lavoro secondo le linee della Dottrina Sociale della Chiesa Cattolica. La nostra storia La sezione locale di Reggio Emilia \u00e8 &hellip; <a href=\"https:\/\/ucid.it\/sezionereggioemilia\/il-gruppo\/\" class=\"more-link\">Continua a leggere <span class=\"screen-reader-text\">La Sezione<\/span><\/a><\/p>\n","protected":false},"author":1,"featured_media":0,"parent":0,"menu_order":0,"comment_status":"open","ping_status":"open","template":"","meta":{"footnotes":""},"class_list":["post-41","page","type-page","status-publish","hentry"],"_links":{"self":[{"href":"https:\/\/ucid.it\/sezionereggioemilia\/wp-json\/wp\/v2\/pages\/41","targetHints":{"allow":["GET"]}}],"collection":[{"href":"https:\/\/ucid.it\/sezionereggioemilia\/wp-json\/wp\/v2\/pages"}],"about":[{"href":"https:\/\/ucid.it\/sezionereggioemilia\/wp-json\/wp\/v2\/types\/page"}],"author":[{"embeddable":true,"href":"https:\/\/ucid.it\/sezionereggioemilia\/wp-json\/wp\/v2\/users\/1"}],"replies":[{"embeddable":true,"href":"https:\/\/ucid.it\/sezionereggioemilia\/wp-json\/wp\/v2\/comments?post=41"}],"version-history":[{"count":0,"href":"https:\/\/ucid.it\/sezionereggioemilia\/wp-json\/wp\/v2\/pages\/41\/revisions"}],"wp:attachment":[{"href":"https:\/\/ucid.it\/sezionereggioemilia\/wp-json\/wp\/v2\/media?parent=41"}],"curies":[{"name":"wp","href":"https:\/\/api.w.org\/{rel}","templated":true}]}}

<p><strong>Chi siamo<br />
</strong></p>
<p>L&#8217;Associazione UCID Reggio Emilia è una sezione locale dell&#8217;Unione Cristiana Imprenditori Dirigenti (UCID), organizzazione nazionale che riunisce imprenditori, dirigenti e professionisti impegnati nella promozione di etica, solidarietà e sviluppo sostenibile nel mondo del lavoro secondo le linee della Dottrina Sociale della Chiesa Cattolica.</p>
<p><strong>La nostra storia</strong></p>
<p>La sezione locale di Reggio Emilia è stata fondata l&#8217;11 giugno 1954 da un gruppo di imprenditori e professionisti che condividevano la visione e i valori dell&#8217;UCID a livello nazionale. Da allora, la nostra sezione ha lavorato attivamente per diffondere questi principi nella comunità imprenditoriale e professionale della nostra città e dei suoi dintorni.</p>
<p><strong>Le nostre attività</strong></p>
<p>La sezione locale UCID Reggio Emilia organizza e promuove iniziative ed eventi, tra cui:</p>
<ol>
<li>Formazione e networking: annualmente organizziamo seminari, workshop e incontri tra imprenditori per favorire la crescita professionale, il confronto e la collaborazione tra i nostri soci. Anche durante la pandemia non ci siamo mai fermati, passando al formato &#8220;online&#8221; i nostri eventi associativi.</li>
<li>Responsabilità sociale: UCID Reggio Emilia sostiene attivamente iniziative di solidarietà e progetti di responsabilità sociale d&#8217;impresa, promuovendo l&#8217;etica nella conduzione degli affari e l&#8217;attenzione per le esigenze della comunità.</li>
<li>Collaborazione con le istituzioni: abbiamo instaurato rapporti di collaborazione con enti pubblici e privati, partecipando attivamente al dialogo e al confronto sulle politiche economiche e sociali a livello locale e regionale.</li>
<li>Cultura e spiritualità: l&#8217;associazione promuove la diffusione della cultura e dei valori cattolici tra gli imprenditori, organizzando eventi culturali, momenti di riflessione e ritiri spirituali.</li>
</ol>
<p>E&#8217; sempre vivo il rapporto con la Diocesi di Reggio Emilia e Guastalla, anche tramite il nostro consulente spirituale. Attualmente Mons. Alberto Nicelli.</p>
<p><strong>Il nostro impegno</strong></p>
<p>La sezione locale UCID Reggio Emilia è profondamente impegnata nel contribuire al miglioramento della qualità della vita e al progresso sociale ed economico della nostra comunità. Siamo orgogliosi del lavoro svolto fino ad oggi e continueremo a promuovere i valori dell&#8217;etica, della solidarietà e della Dottrina Sociale della Chiesa, secondo i principi contenuti nella Carta dei Valori UCID nel mondo imprenditoriale e professionale della provincia di Reggio Emilia.</p>
<p><strong>Vuoi unirti a noi?</strong></p>
<p>Se condividi la nostra visione e desideri unirti alla sezione UCID Reggio Emilia, visita la pagina &#8220;Diventare Socio&#8221; per scoprire come fare.</p>
<p>Per ulteriori informazioni sulle nostre attività e iniziative, non esitare a contattarci tramite la nostra pagina &#8220;Contatti&#8221;.</p>

<p>Chi siamo L&#8217;Associazione UCID Reggio Emilia è una sezione locale dell&#8217;Unione Cristiana Imprenditori Dirigenti (UCID), organizzazione nazionale che riunisce imprenditori, dirigenti e professionisti impegnati nella promozione di etica, solidarietà e sviluppo sostenibile nel mondo del lavoro secondo le linee della Dottrina Sociale della Chiesa Cattolica. La nostra storia La sezione locale di Reggio Emilia è &hellip; <a href="https://ucid.it/sezionereggioemilia/il-gruppo/" class="more-link">Continua a leggere <span class="screen-reader-text">La Sezione</span></a></p>
