{"id":42,"date":"2012-10-15T10:58:36","date_gmt":"2012-10-15T08:58:36","guid":{"rendered":"http:\/\/test.ucid.it\/gruppolazio\/?page_id=8"},"modified":"2023-05-09T01:36:56","modified_gmt":"2023-05-08T23:36:56","slug":"statuto","status":"publish","type":"page","link":"https:\/\/ucid.it\/sezionereggioemilia\/statuto\/","title":{"rendered":"Statuto"},"content":{"rendered":"<p>Lo Statuto dell&#8217;Associazione UCID Reggio Emilia \u00e8 il documento fondamentale che stabilisce la natura, gli scopi, le attivit\u00e0 e le modalit\u00e0 di funzionamento dell&#8217;associazione. Esso \u00e8 stato redatto in conformit\u00e0 con la legislazione italiana vigente e i principi dell&#8217;Unione Cristiana Imprenditori Dirigenti (UCID) a livello nazionale.<\/p>\n<p><strong>Scarica lo Statuto:<\/strong><\/p>\n<p>Per consultare l&#8217;intero Statuto dell&#8217;Associazione UCID Reggio Emilia, scarica il documento in formato PDF cliccando sul seguente link:<\/p>\n<p><a href=\"http:\/\/ucid.it\/sezionereggioemilia\/wp-content\/uploads\/sites\/84\/2023\/04\/Statuto-UCID-Reggio-Emilia.pdf\">Statuto UCID Reggio Emilia<\/a><\/p>\n<p>Se hai domande sullo Statuto o desideri ulteriori informazioni, non esitare a contattarci tramite la nostra pagina <strong>Contatti<\/strong>.<\/p>\n","protected":false},"excerpt":{"rendered":"<p>Lo Statuto dell&#8217;Associazione UCID Reggio Emilia \u00e8 il documento fondamentale che stabilisce la natura, gli scopi, le attivit\u00e0 e le modalit\u00e0 di funzionamento dell&#8217;associazione. Esso \u00e8 stato redatto in conformit\u00e0 con la legislazione italiana vigente e i principi dell&#8217;Unione Cristiana Imprenditori Dirigenti (UCID) a livello nazionale. Scarica lo Statuto: Per consultare l&#8217;intero Statuto dell&#8217;Associazione UCID &hellip; <a href=\"https:\/\/ucid.it\/sezionereggioemilia\/statuto\/\" class=\"more-link\">Continua a leggere <span class=\"screen-reader-text\">Statuto<\/span><\/a><\/p>\n","protected":false},"author":1,"featured_media":0,"parent":0,"menu_order":0,"comment_status":"open","ping_status":"open","template":"","meta":{"footnotes":""},"class_list":["post-42","page","type-page","status-publish","hentry"],"_links":{"self":[{"href":"https:\/\/ucid.it\/sezionereggioemilia\/wp-json\/wp\/v2\/pages\/42","targetHints":{"allow":["GET"]}}],"collection":[{"href":"https:\/\/ucid.it\/sezionereggioemilia\/wp-json\/wp\/v2\/pages"}],"about":[{"href":"https:\/\/ucid.it\/sezionereggioemilia\/wp-json\/wp\/v2\/types\/page"}],"author":[{"embeddable":true,"href":"https:\/\/ucid.it\/sezionereggioemilia\/wp-json\/wp\/v2\/users\/1"}],"replies":[{"embeddable":true,"href":"https:\/\/ucid.it\/sezionereggioemilia\/wp-json\/wp\/v2\/comments?post=42"}],"version-history":[{"count":0,"href":"https:\/\/ucid.it\/sezionereggioemilia\/wp-json\/wp\/v2\/pages\/42\/revisions"}],"wp:attachment":[{"href":"https:\/\/ucid.it\/sezionereggioemilia\/wp-json\/wp\/v2\/media?parent=42"}],"curies":[{"name":"wp","href":"https:\/\/api.w.org\/{rel}","templated":true}]}}

<p>Lo Statuto dell&#8217;Associazione UCID Reggio Emilia è il documento fondamentale che stabilisce la natura, gli scopi, le attività e le modalità di funzionamento dell&#8217;associazione. Esso è stato redatto in conformità con la legislazione italiana vigente e i principi dell&#8217;Unione Cristiana Imprenditori Dirigenti (UCID) a livello nazionale.</p>
<p><strong>Scarica lo Statuto:</strong></p>
<p>Per consultare l&#8217;intero Statuto dell&#8217;Associazione UCID Reggio Emilia, scarica il documento in formato PDF cliccando sul seguente link:</p>
<p><a href="http://ucid.it/sezionereggioemilia/wp-content/uploads/sites/84/2023/04/Statuto-UCID-Reggio-Emilia.pdf">Statuto UCID Reggio Emilia</a></p>
<p>Se hai domande sullo Statuto o desideri ulteriori informazioni, non esitare a contattarci tramite la nostra pagina <strong>Contatti</strong>.</p>

<p>Lo Statuto dell&#8217;Associazione UCID Reggio Emilia è il documento fondamentale che stabilisce la natura, gli scopi, le attività e le modalità di funzionamento dell&#8217;associazione. Esso è stato redatto in conformità con la legislazione italiana vigente e i principi dell&#8217;Unione Cristiana Imprenditori Dirigenti (UCID) a livello nazionale. Scarica lo Statuto: Per consultare l&#8217;intero Statuto dell&#8217;Associazione UCID &hellip; <a href="https://ucid.it/sezionereggioemilia/statuto/" class="more-link">Continua a leggere <span class="screen-reader-text">Statuto</span></a></p>
