{"id":43,"date":"2012-10-15T10:59:15","date_gmt":"2012-10-15T08:59:15","guid":{"rendered":"http:\/\/test.ucid.it\/gruppolazio\/?page_id=10"},"modified":"2024-03-12T09:37:55","modified_gmt":"2024-03-12T08:37:55","slug":"diventare-socio","status":"publish","type":"page","link":"https:\/\/ucid.it\/sezionereggioemilia\/diventare-socio\/","title":{"rendered":"Diventare Socio"},"content":{"rendered":"<p>Unisciti all&#8217;Associazione UCID di Reggio Emilia e fai parte di una rete di imprenditori, manager e professionisti che condividono i valori di etica, solidariet\u00e0 e sviluppo sostenibile nel mondo del lavoro. Diventare socio ti permetter\u00e0 di partecipare attivamente alle attivit\u00e0 dell&#8217;associazione, tra cui convegni, momenti di formazione e preghiera, confronto fra i membri dell&#8217;associazione.<\/p>\n<p><strong>Come diventare socio:<\/strong><\/p>\n<ol>\n<li><strong>Compila il modulo di iscrizione:<\/strong> Troverai il modulo di iscrizione in formato editabile [qui] <a href=\"https:\/\/forms.gle\/Kj3j2PFzYeypxjXQ9\">link al modulo<\/a>. Compila tutti i campi richiesti e sottoscrivi il modulo.<\/li>\n<li><strong>Invia il modulo compilato:<\/strong> Invia il modulo di iscrizione compilato e sottoscritto. Se sei presentato da un socio, riporta il suo nome nel modulo.<\/li>\n<li><strong>Effettua il pagamento della quota associativa:<\/strong> Potrai effettuare il pagamento della quota annuale che ti verr\u00e0 comunicata a seguito dell&#8217;ammissione all&#8217;associazione, tramite bonifico bancario alle coordinate IBAN o PayPal che trovi nel modulo.<\/li>\n<li><strong>Ammissione<\/strong> Dopo aver proceduto all&#8217;analisi della richiesta, e alla verifica della documentazione necessaria, sarai ammesso tra i soci e ti verr\u00e0 dato il benvenuto nella nostra associazione.<\/li>\n<\/ol>\n<p><strong>Vantaggi di essere socio UCID Reggio Emilia:<\/strong><\/p>\n<ul>\n<li>Accesso a incontri conviviali, seminari e convegni organizzati dall&#8217;UCID a livello provinciale, regionale, nazionale<\/li>\n<li>Accesso a percorsi formativi ed iniziative specifiche per il settore imprenditoriale e professionale sui temi della Dottrina Sociale della Chiesa, della Responsabilit\u00e0 Sociale d&#8217;Impresa, dell&#8217;Economia Civile.<\/li>\n<li>Possibilit\u00e0 di partecipare a progetti di solidariet\u00e0 e sviluppo sostenibile a favore del territorio, rispondendo ai bisogni locali e alle sollecitazioni della Diocesi di Reggio Emilia e Guastalla<\/li>\n<\/ul>\n<p>Se hai domande sul processo di iscrizione o desideri ulteriori informazioni, non esitare a contattarci a reggioemilia@ucid.it.<\/p>\n<p>Ti aspettiamo!<\/p>\n","protected":false},"excerpt":{"rendered":"<p>Unisciti all&#8217;Associazione UCID di Reggio Emilia e fai parte di una rete di imprenditori, manager e professionisti che condividono i valori di etica, solidariet\u00e0 e sviluppo sostenibile nel mondo del lavoro. Diventare socio ti permetter\u00e0 di partecipare attivamente alle attivit\u00e0 dell&#8217;associazione, tra cui convegni, momenti di formazione e preghiera, confronto fra i membri dell&#8217;associazione. Come &hellip; <a href=\"https:\/\/ucid.it\/sezionereggioemilia\/diventare-socio\/\" class=\"more-link\">Continua a leggere <span class=\"screen-reader-text\">Diventare Socio<\/span><\/a><\/p>\n","protected":false},"author":1,"featured_media":0,"parent":0,"menu_order":0,"comment_status":"open","ping_status":"open","template":"","meta":{"footnotes":""},"class_list":["post-43","page","type-page","status-publish","hentry"],"_links":{"self":[{"href":"https:\/\/ucid.it\/sezionereggioemilia\/wp-json\/wp\/v2\/pages\/43","targetHints":{"allow":["GET"]}}],"collection":[{"href":"https:\/\/ucid.it\/sezionereggioemilia\/wp-json\/wp\/v2\/pages"}],"about":[{"href":"https:\/\/ucid.it\/sezionereggioemilia\/wp-json\/wp\/v2\/types\/page"}],"author":[{"embeddable":true,"href":"https:\/\/ucid.it\/sezionereggioemilia\/wp-json\/wp\/v2\/users\/1"}],"replies":[{"embeddable":true,"href":"https:\/\/ucid.it\/sezionereggioemilia\/wp-json\/wp\/v2\/comments?post=43"}],"version-history":[{"count":0,"href":"https:\/\/ucid.it\/sezionereggioemilia\/wp-json\/wp\/v2\/pages\/43\/revisions"}],"wp:attachment":[{"href":"https:\/\/ucid.it\/sezionereggioemilia\/wp-json\/wp\/v2\/media?parent=43"}],"curies":[{"name":"wp","href":"https:\/\/api.w.org\/{rel}","templated":true}]}}

<p>Unisciti all&#8217;Associazione UCID di Reggio Emilia e fai parte di una rete di imprenditori, manager e professionisti che condividono i valori di etica, solidarietà e sviluppo sostenibile nel mondo del lavoro. Diventare socio ti permetterà di partecipare attivamente alle attività dell&#8217;associazione, tra cui convegni, momenti di formazione e preghiera, confronto fra i membri dell&#8217;associazione.</p>
<p><strong>Come diventare socio:</strong></p>
<ol>
<li><strong>Compila il modulo di iscrizione:</strong> Troverai il modulo di iscrizione in formato editabile [qui] <a href="https://forms.gle/Kj3j2PFzYeypxjXQ9">link al modulo</a>. Compila tutti i campi richiesti e sottoscrivi il modulo.</li>
<li><strong>Invia il modulo compilato:</strong> Invia il modulo di iscrizione compilato e sottoscritto. Se sei presentato da un socio, riporta il suo nome nel modulo.</li>
<li><strong>Effettua il pagamento della quota associativa:</strong> Potrai effettuare il pagamento della quota annuale che ti verrà comunicata a seguito dell&#8217;ammissione all&#8217;associazione, tramite bonifico bancario alle coordinate IBAN o PayPal che trovi nel modulo.</li>
<li><strong>Ammissione</strong> Dopo aver proceduto all&#8217;analisi della richiesta, e alla verifica della documentazione necessaria, sarai ammesso tra i soci e ti verrà dato il benvenuto nella nostra associazione.</li>
</ol>
<p><strong>Vantaggi di essere socio UCID Reggio Emilia:</strong></p>
<ul>
<li>Accesso a incontri conviviali, seminari e convegni organizzati dall&#8217;UCID a livello provinciale, regionale, nazionale</li>
<li>Accesso a percorsi formativi ed iniziative specifiche per il settore imprenditoriale e professionale sui temi della Dottrina Sociale della Chiesa, della Responsabilità Sociale d&#8217;Impresa, dell&#8217;Economia Civile.</li>
<li>Possibilità di partecipare a progetti di solidarietà e sviluppo sostenibile a favore del territorio, rispondendo ai bisogni locali e alle sollecitazioni della Diocesi di Reggio Emilia e Guastalla</li>
</ul>
<p>Se hai domande sul processo di iscrizione o desideri ulteriori informazioni, non esitare a contattarci a reggioemilia@ucid.it.</p>
<p>Ti aspettiamo!</p>

<p>Unisciti all&#8217;Associazione UCID di Reggio Emilia e fai parte di una rete di imprenditori, manager e professionisti che condividono i valori di etica, solidarietà e sviluppo sostenibile nel mondo del lavoro. Diventare socio ti permetterà di partecipare attivamente alle attività dell&#8217;associazione, tra cui convegni, momenti di formazione e preghiera, confronto fra i membri dell&#8217;associazione. Come &hellip; <a href="https://ucid.it/sezionereggioemilia/diventare-socio/" class="more-link">Continua a leggere <span class="screen-reader-text">Diventare Socio</span></a></p>
