{"id":8774,"date":"2023-10-06T21:41:21","date_gmt":"2023-10-06T19:41:21","guid":{"rendered":"https:\/\/ucid.it\/sezioneroma\/?page_id=8774"},"modified":"2024-11-20T13:41:42","modified_gmt":"2024-11-20T12:41:42","slug":"storia-dellucid","status":"publish","type":"page","link":"https:\/\/ucid.it\/sezioneroma\/storia-dellucid\/","title":{"rendered":"Storia dell&#8217;UCID"},"content":{"rendered":"<p>[et_pb_section fb_built=&#8221;1&#8243; _builder_version=&#8221;4.22.2&#8243; use_background_color_gradient=&#8221;on&#8221; background_color_gradient_stops=&#8221;rgba(0,0,0,0.4) 0%|rgba(0,0,0,0.4) 100%&#8221; background_color_gradient_overlays_image=&#8221;on&#8221; background_color_gradient_start=&#8221;rgba(0,0,0,0.4)&#8221; background_color_gradient_end=&#8221;rgba(0,0,0,0.4)&#8221; background_image=&#8221;https:\/\/ucid.it\/sezioneroma\/wp-content\/uploads\/sites\/20\/2023\/10\/david-bruggink-5EFBQXVtNI0-unsplash-scaled.jpg&#8221; custom_margin=&#8221;|||&#8221; custom_padding=&#8221;||0px||false|false&#8221; global_colors_info=&#8221;{}&#8221;][et_pb_row _builder_version=&#8221;4.16&#8243; max_width=&#8221;80%&#8221; custom_margin=&#8221;|||&#8221; custom_padding=&#8221;125px||115px||false|false&#8221; use_custom_width=&#8221;on&#8221; width_unit=&#8221;off&#8221; global_colors_info=&#8221;{}&#8221;][et_pb_column type=&#8221;4_4&#8243; _builder_version=&#8221;4.16&#8243; custom_padding=&#8221;|||&#8221; global_colors_info=&#8221;{}&#8221; custom_padding__hover=&#8221;|||&#8221;][et_pb_text _builder_version=&#8221;4.16&#8243; header_font=&#8221;||||||||&#8221; header_text_align=&#8221;center&#8221; header_text_color=&#8221;#ffffff&#8221; header_font_size=&#8221;70px&#8221; max_width=&#8221;45%&#8221; max_width_tablet=&#8221;&#8221; max_width_phone=&#8221;&#8221; max_width_last_edited=&#8221;on|desktop&#8221; module_alignment=&#8221;center&#8221; header_font_size_tablet=&#8221;&#8221; header_font_size_phone=&#8221;48px&#8221; header_font_size_last_edited=&#8221;on|phone&#8221; header_text_shadow_style=&#8221;preset3&#8243; header_text_shadow_horizontal_length=&#8221;0.03em&#8221; header_text_shadow_vertical_length=&#8221;0.03em&#8221; header_text_shadow_blur_strength=&#8221;0.05em&#8221; global_colors_info=&#8221;{}&#8221;]<\/p>\n<h1>Storia dell&#8217;UCID<\/h1>\n<p>[\/et_pb_text][\/et_pb_column][\/et_pb_row][\/et_pb_section][et_pb_section fb_built=&#8221;1&#8243; _builder_version=&#8221;4.16&#8243; global_colors_info=&#8221;{}&#8221;][et_pb_row column_structure=&#8221;2_3,1_3&#8243; _builder_version=&#8221;4.16&#8243; global_colors_info=&#8221;{}&#8221;][et_pb_column type=&#8221;2_3&#8243; _builder_version=&#8221;4.16&#8243; custom_padding=&#8221;|||&#8221; global_colors_info=&#8221;{}&#8221; custom_padding__hover=&#8221;|||&#8221;][et_pb_text _builder_version=&#8221;4.16&#8243; header_font=&#8221;||||||||&#8221; header_2_font=&#8221;||||||||&#8221; custom_margin=&#8221;||10px|&#8221; header_2_font_size_tablet=&#8221;&#8221; header_2_font_size_phone=&#8221;41px&#8221; header_2_font_size_last_edited=&#8221;on|phone&#8221; global_colors_info=&#8221;{}&#8221;]<\/p>\n<h2>La nostra storia<\/h2>\n<p>[\/et_pb_text][et_pb_text _builder_version=&#8221;4.22.2&#8243; hover_enabled=&#8221;0&#8243; global_colors_info=&#8221;{}&#8221; custom_padding=&#8221;||0px|||&#8221; sticky_enabled=&#8221;0&#8243;]<\/p>\n<div style=\"text-align: justify\"><b><span class=\"fs16 cf1 ff1\">L&#8217;UCID, Unione Cristiana Imprenditori Dirigenti<\/span><\/b><span class=\"fs16 cf1 ff1\">, \u00e8 un&#8217;associazione di persone che dal 1947 accoglie quanti, con ruolo di responsabilit\u00e0, intendono impegnarsi a testimoniare con coerenza il messaggio evangelico e la\u00a0<\/span><b class=\"fs16 cf1 ff1\">Dottrina Sociale della Chiesa<\/b><span class=\"fs16 cf1 ff1\">.\u00a0I valori dell&#8217;imprenditorialit\u00e0 illuminata dalla Fede trovano nel contesto dell&#8217;UCID sia adeguati percorsi formativi: sulla centralit\u00e0 dell&#8217;impresa in funzione della centralit\u00e0 della persona, in funzione della centralit\u00e0 di Dio; sia qualificati e innovativi momenti applicativi per lo sviluppo e la costruzione del <i>Bene Comune<\/i>.<\/span><\/div>\n<div style=\"text-align: justify\"><span class=\"fs16 cf1 ff1\">\u00a0<\/span><\/div>\n<div style=\"text-align: justify\"><span class=\"fs16 cf1 ff1\"><b>UCID<\/b> raggruppa imprenditori, dirigenti e professionisti cristiani e\u00a0ha come finalit\u00e0:<\/span><\/div>\n<div style=\"text-align: justify\"><span class=\"fs16 cf1 ff1\">\u00a0<\/span><\/div>\n<div style=\"text-align: justify\"><\/div>\n<div style=\"text-align: justify\">\n<ul>\n<li><span class=\"fs16 cf1 ff1\"><span>\u00a0<\/span><span>la formazione cristiana dei suoi iscritti e lo sviluppo di un\u2019alta moralit\u00e0 professionale, alla luce dei principi cristiani e della morale cattolica;<\/span><br \/><\/span><\/li>\n<li><span class=\"fs16 cf1 ff1\"><span>\u00a0<\/span><span>la conoscenza, l\u2019attuazione e la diffusione della Dottrina Sociale della Chiesa;<\/span><br \/><\/span><\/li>\n<li><span class=\"fs16 cf1 ff1\"><span>\u00a0<\/span><span>lo studio e l\u2019attuazione di iniziative volte a conformare le opere e attivit\u00e0 dei soci ai principi della Dottrina Sociale della Chiesa;<\/span><br \/><\/span><\/li>\n<li><span class=\"fs16 cf1 ff1\"><span>\u00a0<\/span><span>lo sviluppo di una efficace ed equa collaborazione tra i soggetti dell\u2019impresa, ponendo la persona al centro dell\u2019attivit\u00e0 economica, favorendo la solidariet\u00e0 contro ogni discriminazione e la sussidiariet\u00e0;<\/span><br \/><\/span><\/li>\n<li><span class=\"fs16 cf1 ff1\"><span>\u00a0la testimonianza cristiana dei Soci nelle imprese, nelle organizzazioni e nel contesto sociale.<\/span><br \/><\/span><\/li>\n<\/ul>\n<\/div>\n<div style=\"text-align: justify\"><\/div>\n<div style=\"text-align: justify\"><\/div>\n<div style=\"text-align: justify\"><\/div>\n<div style=\"text-align: justify\"><\/div>\n<div style=\"text-align: justify\"><b><span class=\"fs16 cf1 ff1\">\u00a0<\/span><\/b><span class=\"fs16 cf1 ff1\">\u00a0<\/span><\/div>\n<div style=\"text-align: justify\"><span class=\"fs16 cf1 ff1\">La <b>struttura dell&#8217;UCID<\/b> \u00e8 di tipo federativo e si articola in Gruppi Regionali e Sezioni Provinciali. I Gruppi Regionali e le Sezioni assicurano sul territorio la realizzazione delle finalit\u00e0 dell&#8217;Unione. L&#8217;UCID Nazionale, i Gruppi e le Sezioni operano secondo propri Statuti coordinati tra loro. L&#8217;UCID Nazionale ha un Consulente Ecclesiastico Nazionale, nominato dalla Conferenza Episcopale Italiana. I Gruppi e le Sezioni sono seguiti da propri Consulenti Ecclesiastici nominati dalle Autorit\u00e0 Ecclesiastiche competenti.<\/span><\/div>\n<div style=\"text-align: justify\"><span class=\"fs16 cf1 ff1\">\u00a0<\/span><\/div>\n<div style=\"text-align: justify\"><span class=\"fs16 cf1 ff1\">Nell\u2019<b>UCID<\/b>\u00a0di\u00a0<b>Roma<\/b>\u00a0sono rappresentate tutte le diverse professionalit\u00e0 dell\u2019ambito produttivo, imprenditoriale e amministrativo della Capitale. Imprenditori puri, capi e vertici di aziende private e a partecipazione statale, partner e collaboratori di grossi studi professionali di notai, commercialisti ed avvocati, responsabili del mondo bancario e creditizio. Vi sono rappresentanti del mondo del commercio, della comunicazione, del giornalismo, operatori del settore no profit, liberi professionisti. Tutti concordi nel volere applicare al proprio contesto lavorativo, la Dottrina Sociale della Chiesa.<\/span><\/div>\n<p>[\/et_pb_text][\/et_pb_column][et_pb_column type=&#8221;1_3&#8243; _builder_version=&#8221;4.16&#8243; custom_padding=&#8221;|||&#8221; global_colors_info=&#8221;{}&#8221; custom_padding__hover=&#8221;|||&#8221;][et_pb_image src=&#8221;https:\/\/ucid.it\/sezioneroma\/wp-content\/uploads\/sites\/20\/2023\/10\/galen-crout-60lexb9rrOQ-unsplash-scaled.jpg&#8221; title_text=&#8221;storia ucid&#8221; align_tablet=&#8221;center&#8221; align_phone=&#8221;&#8221; align_last_edited=&#8221;on|desktop&#8221; _builder_version=&#8221;4.22.2&#8243; custom_padding=&#8221;190px|||&#8221; custom_padding_tablet=&#8221;0px|||&#8221; custom_padding_phone=&#8221;&#8221; custom_padding_last_edited=&#8221;on|tablet&#8221; box_shadow_style=&#8221;preset1&#8243; box_shadow_blur=&#8221;35px&#8221; box_shadow_spread=&#8221;2px&#8221; box_shadow_color=&#8221;rgba(0,0,0,0.1)&#8221; global_colors_info=&#8221;{}&#8221;][\/et_pb_image][\/et_pb_column][\/et_pb_row][\/et_pb_section]<\/p>\n","protected":false},"excerpt":{"rendered":"<p>Storia dell&#8217;UCIDLa nostra storiaL&#8217;UCID, Unione Cristiana Imprenditori Dirigenti, \u00e8 un&#8217;associazione di persone che dal 1947 accoglie quanti, con ruolo di responsabilit\u00e0, intendono impegnarsi a testimoniare con coerenza il messaggio evangelico e la\u00a0Dottrina Sociale della Chiesa.\u00a0I valori dell&#8217;imprenditorialit\u00e0 illuminata dalla Fede trovano nel contesto dell&#8217;UCID sia adeguati percorsi formativi: sulla centralit\u00e0 dell&#8217;impresa in funzione della centralit\u00e0 [&hellip;]<\/p>\n","protected":false},"author":217,"featured_media":0,"parent":0,"menu_order":0,"comment_status":"closed","ping_status":"closed","template":"","meta":{"_et_pb_use_builder":"on","_et_pb_old_content":"","_et_gb_content_width":"","footnotes":""},"class_list":["post-8774","page","type-page","status-publish","hentry"],"_links":{"self":[{"href":"https:\/\/ucid.it\/sezioneroma\/wp-json\/wp\/v2\/pages\/8774","targetHints":{"allow":["GET"]}}],"collection":[{"href":"https:\/\/ucid.it\/sezioneroma\/wp-json\/wp\/v2\/pages"}],"about":[{"href":"https:\/\/ucid.it\/sezioneroma\/wp-json\/wp\/v2\/types\/page"}],"author":[{"embeddable":true,"href":"https:\/\/ucid.it\/sezioneroma\/wp-json\/wp\/v2\/users\/217"}],"replies":[{"embeddable":true,"href":"https:\/\/ucid.it\/sezioneroma\/wp-json\/wp\/v2\/comments?post=8774"}],"version-history":[{"count":0,"href":"https:\/\/ucid.it\/sezioneroma\/wp-json\/wp\/v2\/pages\/8774\/revisions"}],"wp:attachment":[{"href":"https:\/\/ucid.it\/sezioneroma\/wp-json\/wp\/v2\/media?parent=8774"}],"curies":[{"name":"wp","href":"https:\/\/api.w.org\/{rel}","templated":true}]}}

<p>[et_pb_section fb_built=&#8221;1&#8243; _builder_version=&#8221;4.22.2&#8243; use_background_color_gradient=&#8221;on&#8221; background_color_gradient_stops=&#8221;rgba(0,0,0,0.4) 0%|rgba(0,0,0,0.4) 100%&#8221; background_color_gradient_overlays_image=&#8221;on&#8221; background_color_gradient_start=&#8221;rgba(0,0,0,0.4)&#8221; background_color_gradient_end=&#8221;rgba(0,0,0,0.4)&#8221; background_image=&#8221;https://ucid.it/sezioneroma/wp-content/uploads/sites/20/2023/10/david-bruggink-5EFBQXVtNI0-unsplash-scaled.jpg&#8221; custom_margin=&#8221;|||&#8221; custom_padding=&#8221;||0px||false|false&#8221; global_colors_info=&#8221;{}&#8221;][et_pb_row _builder_version=&#8221;4.16&#8243; max_width=&#8221;80%&#8221; custom_margin=&#8221;|||&#8221; custom_padding=&#8221;125px||115px||false|false&#8221; use_custom_width=&#8221;on&#8221; width_unit=&#8221;off&#8221; global_colors_info=&#8221;{}&#8221;][et_pb_column type=&#8221;4_4&#8243; _builder_version=&#8221;4.16&#8243; custom_padding=&#8221;|||&#8221; global_colors_info=&#8221;{}&#8221; custom_padding__hover=&#8221;|||&#8221;][et_pb_text _builder_version=&#8221;4.16&#8243; header_font=&#8221;||||||||&#8221; header_text_align=&#8221;center&#8221; header_text_color=&#8221;#ffffff&#8221; header_font_size=&#8221;70px&#8221; max_width=&#8221;45%&#8221; max_width_tablet=&#8221;&#8221; max_width_phone=&#8221;&#8221; max_width_last_edited=&#8221;on|desktop&#8221; module_alignment=&#8221;center&#8221; header_font_size_tablet=&#8221;&#8221; header_font_size_phone=&#8221;48px&#8221; header_font_size_last_edited=&#8221;on|phone&#8221; header_text_shadow_style=&#8221;preset3&#8243; header_text_shadow_horizontal_length=&#8221;0.03em&#8221; header_text_shadow_vertical_length=&#8221;0.03em&#8221; header_text_shadow_blur_strength=&#8221;0.05em&#8221; global_colors_info=&#8221;{}&#8221;]</p>
<h1>Storia dell&#8217;UCID</h1>
<p>[/et_pb_text][/et_pb_column][/et_pb_row][/et_pb_section][et_pb_section fb_built=&#8221;1&#8243; _builder_version=&#8221;4.16&#8243; global_colors_info=&#8221;{}&#8221;][et_pb_row column_structure=&#8221;2_3,1_3&#8243; _builder_version=&#8221;4.16&#8243; global_colors_info=&#8221;{}&#8221;][et_pb_column type=&#8221;2_3&#8243; _builder_version=&#8221;4.16&#8243; custom_padding=&#8221;|||&#8221; global_colors_info=&#8221;{}&#8221; custom_padding__hover=&#8221;|||&#8221;][et_pb_text _builder_version=&#8221;4.16&#8243; header_font=&#8221;||||||||&#8221; header_2_font=&#8221;||||||||&#8221; custom_margin=&#8221;||10px|&#8221; header_2_font_size_tablet=&#8221;&#8221; header_2_font_size_phone=&#8221;41px&#8221; header_2_font_size_last_edited=&#8221;on|phone&#8221; global_colors_info=&#8221;{}&#8221;]</p>
<h2>La nostra storia</h2>
<p>[/et_pb_text][et_pb_text _builder_version=&#8221;4.22.2&#8243; hover_enabled=&#8221;0&#8243; global_colors_info=&#8221;{}&#8221; custom_padding=&#8221;||0px|||&#8221; sticky_enabled=&#8221;0&#8243;]</p>
<div style="text-align: justify"><b><span class="fs16 cf1 ff1">L&#8217;UCID, Unione Cristiana Imprenditori Dirigenti</span></b><span class="fs16 cf1 ff1">, è un&#8217;associazione di persone che dal 1947 accoglie quanti, con ruolo di responsabilità, intendono impegnarsi a testimoniare con coerenza il messaggio evangelico e la </span><b class="fs16 cf1 ff1">Dottrina Sociale della Chiesa</b><span class="fs16 cf1 ff1">. I valori dell&#8217;imprenditorialità illuminata dalla Fede trovano nel contesto dell&#8217;UCID sia adeguati percorsi formativi: sulla centralità dell&#8217;impresa in funzione della centralità della persona, in funzione della centralità di Dio; sia qualificati e innovativi momenti applicativi per lo sviluppo e la costruzione del <i>Bene Comune</i>.</span></div>
<div style="text-align: justify"><span class="fs16 cf1 ff1"> </span></div>
<div style="text-align: justify"><span class="fs16 cf1 ff1"><b>UCID</b> raggruppa imprenditori, dirigenti e professionisti cristiani e ha come finalità:</span></div>
<div style="text-align: justify"><span class="fs16 cf1 ff1"> </span></div>
<div style="text-align: justify"></div>
<div style="text-align: justify">
<ul>
<li><span class="fs16 cf1 ff1"><span> </span><span>la formazione cristiana dei suoi iscritti e lo sviluppo di un’alta moralità professionale, alla luce dei principi cristiani e della morale cattolica;</span><br /></span></li>
<li><span class="fs16 cf1 ff1"><span> </span><span>la conoscenza, l’attuazione e la diffusione della Dottrina Sociale della Chiesa;</span><br /></span></li>
<li><span class="fs16 cf1 ff1"><span> </span><span>lo studio e l’attuazione di iniziative volte a conformare le opere e attività dei soci ai principi della Dottrina Sociale della Chiesa;</span><br /></span></li>
<li><span class="fs16 cf1 ff1"><span> </span><span>lo sviluppo di una efficace ed equa collaborazione tra i soggetti dell’impresa, ponendo la persona al centro dell’attività economica, favorendo la solidarietà contro ogni discriminazione e la sussidiarietà;</span><br /></span></li>
<li><span class="fs16 cf1 ff1"><span> la testimonianza cristiana dei Soci nelle imprese, nelle organizzazioni e nel contesto sociale.</span><br /></span></li>
</ul>
</div>
<div style="text-align: justify"></div>
<div style="text-align: justify"></div>
<div style="text-align: justify"></div>
<div style="text-align: justify"></div>
<div style="text-align: justify"><b><span class="fs16 cf1 ff1"> </span></b><span class="fs16 cf1 ff1"> </span></div>
<div style="text-align: justify"><span class="fs16 cf1 ff1">La <b>struttura dell&#8217;UCID</b> è di tipo federativo e si articola in Gruppi Regionali e Sezioni Provinciali. I Gruppi Regionali e le Sezioni assicurano sul territorio la realizzazione delle finalità dell&#8217;Unione. L&#8217;UCID Nazionale, i Gruppi e le Sezioni operano secondo propri Statuti coordinati tra loro. L&#8217;UCID Nazionale ha un Consulente Ecclesiastico Nazionale, nominato dalla Conferenza Episcopale Italiana. I Gruppi e le Sezioni sono seguiti da propri Consulenti Ecclesiastici nominati dalle Autorità Ecclesiastiche competenti.</span></div>
<div style="text-align: justify"><span class="fs16 cf1 ff1"> </span></div>
<div style="text-align: justify"><span class="fs16 cf1 ff1">Nell’<b>UCID</b> di <b>Roma</b> sono rappresentate tutte le diverse professionalità dell’ambito produttivo, imprenditoriale e amministrativo della Capitale. Imprenditori puri, capi e vertici di aziende private e a partecipazione statale, partner e collaboratori di grossi studi professionali di notai, commercialisti ed avvocati, responsabili del mondo bancario e creditizio. Vi sono rappresentanti del mondo del commercio, della comunicazione, del giornalismo, operatori del settore no profit, liberi professionisti. Tutti concordi nel volere applicare al proprio contesto lavorativo, la Dottrina Sociale della Chiesa.</span></div>
<p>[/et_pb_text][/et_pb_column][et_pb_column type=&#8221;1_3&#8243; _builder_version=&#8221;4.16&#8243; custom_padding=&#8221;|||&#8221; global_colors_info=&#8221;{}&#8221; custom_padding__hover=&#8221;|||&#8221;][et_pb_image src=&#8221;https://ucid.it/sezioneroma/wp-content/uploads/sites/20/2023/10/galen-crout-60lexb9rrOQ-unsplash-scaled.jpg&#8221; title_text=&#8221;storia ucid&#8221; align_tablet=&#8221;center&#8221; align_phone=&#8221;&#8221; align_last_edited=&#8221;on|desktop&#8221; _builder_version=&#8221;4.22.2&#8243; custom_padding=&#8221;190px|||&#8221; custom_padding_tablet=&#8221;0px|||&#8221; custom_padding_phone=&#8221;&#8221; custom_padding_last_edited=&#8221;on|tablet&#8221; box_shadow_style=&#8221;preset1&#8243; box_shadow_blur=&#8221;35px&#8221; box_shadow_spread=&#8221;2px&#8221; box_shadow_color=&#8221;rgba(0,0,0,0.1)&#8221; global_colors_info=&#8221;{}&#8221;][/et_pb_image][/et_pb_column][/et_pb_row][/et_pb_section]</p>

<p>Storia dell&#8217;UCIDLa nostra storiaL&#8217;UCID, Unione Cristiana Imprenditori Dirigenti, è un&#8217;associazione di persone che dal 1947 accoglie quanti, con ruolo di responsabilità, intendono impegnarsi a testimoniare con coerenza il messaggio evangelico e la Dottrina Sociale della Chiesa. I valori dell&#8217;imprenditorialità illuminata dalla Fede trovano nel contesto dell&#8217;UCID sia adeguati percorsi formativi: sulla centralità dell&#8217;impresa in funzione della centralità [&hellip;]</p>
